 {"id":512,"date":"2022-01-05T10:42:48","date_gmt":"2022-01-05T09:42:48","guid":{"rendered":"https:\/\/blogs.univ-tlse2.fr\/miroirsurlespyrenees\/?page_id=512"},"modified":"2026-03-15T19:23:39","modified_gmt":"2026-03-15T18:23:39","slug":"a-voir","status":"publish","type":"page","link":"https:\/\/blogs.univ-tlse2.fr\/miroirsurlespyrenees\/a-voir\/","title":{"rendered":"A voir"},"content":{"rendered":"\n<figure class=\"wp-block-embed alignleft is-type-video is-provider-youtube wp-block-embed-youtube wp-embed-aspect-16-9 wp-has-aspect-ratio\"><div class=\"wp-block-embed__wrapper\">\n<div class=\"video-container\"><iframe loading=\"lazy\" title=\"Dans les Pyr\u00e9n\u00e9es, un peuple de l\u00e9gendes | Invitation au voyage | ARTE\" width=\"500\" height=\"281\" src=\"https:\/\/www.youtube.com\/embed\/PR9-SSBgr_M?feature=oembed&#038;wmode=opaque\" frameborder=\"0\" allow=\"accelerometer; autoplay; clipboard-write; encrypted-media; gyroscope; picture-in-picture; web-share\" referrerpolicy=\"strict-origin-when-cross-origin\" allowfullscreen><\/iframe><\/div>\n<\/div><\/figure>\n\n\n\n<figure class=\"wp-block-embed alignleft is-type-video is-provider-youtube wp-block-embed-youtube wp-embed-aspect-16-9 wp-has-aspect-ratio\"><div class=\"wp-block-embed__wrapper\">\n<div class=\"video-container\"><iframe loading=\"lazy\" title=\"Les gardes du Gypa\u00e8te\" width=\"500\" height=\"375\" src=\"https:\/\/www.youtube.com\/embed\/SyOhxHNIPes?feature=oembed&#038;wmode=opaque\" frameborder=\"0\" allow=\"accelerometer; autoplay; clipboard-write; encrypted-media; gyroscope; picture-in-picture; web-share\" referrerpolicy=\"strict-origin-when-cross-origin\" allowfullscreen><\/iframe><\/div>\n<\/div><\/figure>\n\n\n\n<figure class=\"wp-block-embed alignleft is-type-video is-provider-youtube wp-block-embed-youtube wp-embed-aspect-16-9 wp-has-aspect-ratio\"><div class=\"wp-block-embed__wrapper\">\n<div class=\"video-container\"><iframe loading=\"lazy\" title=\"L\u2019extraordinaire photographe animalier Vincent Munier\" width=\"500\" height=\"281\" src=\"https:\/\/www.youtube.com\/embed\/lUJQRMeYFqM?feature=oembed&#038;wmode=opaque\" frameborder=\"0\" allow=\"accelerometer; autoplay; clipboard-write; encrypted-media; gyroscope; picture-in-picture; web-share\" referrerpolicy=\"strict-origin-when-cross-origin\" allowfullscreen><\/iframe><\/div>\n<\/div><\/figure>\n\n\n\n<figure class=\"wp-block-embed alignleft is-type-video is-provider-youtube wp-block-embed-youtube wp-embed-aspect-16-9 wp-has-aspect-ratio\"><div class=\"wp-block-embed__wrapper\">\n<div class=\"video-container\"><iframe loading=\"lazy\" title=\"BRICE, le vacher \u00e0 l&#039;assaut de Pyr\u00e9n\u00e9es\" width=\"500\" height=\"281\" src=\"https:\/\/www.youtube.com\/embed\/bDlbvWSax2w?feature=oembed&#038;wmode=opaque\" frameborder=\"0\" allow=\"accelerometer; autoplay; clipboard-write; encrypted-media; gyroscope; picture-in-picture; web-share\" referrerpolicy=\"strict-origin-when-cross-origin\" allowfullscreen><\/iframe><\/div>\n<\/div><\/figure>\n","protected":false},"excerpt":{"rendered":"","protected":false},"author":1080,"featured_media":0,"parent":0,"menu_order":0,"comment_status":"closed","ping_status":"closed","template":"","meta":{"_vp_format_video_url":"","_vp_image_focal_point":[],"footnotes":""},"class_list":["post-512","page","type-page","status-publish","hentry"],"_links":{"self":[{"href":"https:\/\/blogs.univ-tlse2.fr\/miroirsurlespyrenees\/wp-json\/wp\/v2\/pages\/512","targetHints":{"allow":["GET"]}}],"collection":[{"href":"https:\/\/blogs.univ-tlse2.fr\/miroirsurlespyrenees\/wp-json\/wp\/v2\/pages"}],"about":[{"href":"https:\/\/blogs.univ-tlse2.fr\/miroirsurlespyrenees\/wp-json\/wp\/v2\/types\/page"}],"author":[{"embeddable":true,"href":"https:\/\/blogs.univ-tlse2.fr\/miroirsurlespyrenees\/wp-json\/wp\/v2\/users\/1080"}],"replies":[{"embeddable":true,"href":"https:\/\/blogs.univ-tlse2.fr\/miroirsurlespyrenees\/wp-json\/wp\/v2\/comments?post=512"}],"version-history":[{"count":13,"href":"https:\/\/blogs.univ-tlse2.fr\/miroirsurlespyrenees\/wp-json\/wp\/v2\/pages\/512\/revisions"}],"predecessor-version":[{"id":2026,"href":"https:\/\/blogs.univ-tlse2.fr\/miroirsurlespyrenees\/wp-json\/wp\/v2\/pages\/512\/revisions\/2026"}],"wp:attachment":[{"href":"https:\/\/blogs.univ-tlse2.fr\/miroirsurlespyrenees\/wp-json\/wp\/v2\/media?parent=512"}],"curies":[{"name":"wp","href":"https:\/\/api.w.org\/{rel}","templated":true}]}}