 {"id":519,"date":"2022-01-05T11:23:52","date_gmt":"2022-01-05T10:23:52","guid":{"rendered":"https:\/\/blogs.univ-tlse2.fr\/miroirsurlespyrenees\/?page_id=519"},"modified":"2024-09-22T17:06:55","modified_gmt":"2024-09-22T15:06:55","slug":"a-lire","status":"publish","type":"page","link":"https:\/\/blogs.univ-tlse2.fr\/miroirsurlespyrenees\/a-lire\/","title":{"rendered":"A lire"},"content":{"rendered":"<div class=\"wp-block-image\">\n<figure class=\"alignleft size-full is-resized\"><a href=\"https:\/\/www.actes-sud.fr\/catalogue\/litterature-francophone\/et-vous-passerez-comme-des-vents-fous\"><img loading=\"lazy\" decoding=\"async\" width=\"400\" height=\"226\" src=\"https:\/\/blogs.univ-tlse2.fr\/miroirsurlespyrenees\/files\/2024\/09\/1200x680_sc_et-vous-paerez-comme-des-vents-fous.jpg\" alt=\"\" class=\"wp-image-1466\" style=\"aspect-ratio:1;width:150px\" srcset=\"https:\/\/blogs.univ-tlse2.fr\/miroirsurlespyrenees\/files\/2024\/09\/1200x680_sc_et-vous-paerez-comme-des-vents-fous.jpg 400w, https:\/\/blogs.univ-tlse2.fr\/miroirsurlespyrenees\/files\/2024\/09\/1200x680_sc_et-vous-paerez-comme-des-vents-fous-300x170.jpg 300w\" sizes=\"auto, (max-width: 400px) 100vw, 400px\" \/><\/a><\/figure>\n<\/div>\n\n\n<p><strong><em>Et vous passerez comme des vents fous<\/em><\/strong> &#8211; Gaspard, un berger pyr\u00e9n\u00e9en, s\u2019appr\u00eate \u00e0 remonter en estive avec ses brebis, hant\u00e9 par l\u2019accident tragique survenu la saison pr\u00e9c\u00e9dente. Dans le m\u00eame temps, Alma, une jeune \u00e9thologue, rejoint le Centre national pour la biodiversit\u00e9, avec le projet d\u2019\u00e9tudier le comportement des ours et d\u2019\u00e9laborer des r\u00e9ponses adapt\u00e9es \u00e0 la pr\u00e9dation. Interrogeant notre rapport au sauvage, Clara Arnaud offre une plong\u00e9e saisissante, minutieusement document\u00e9e, dans la vie pastorale moderne. Elle signe un roman sensuel, immersif et tellurique, c\u00e9l\u00e9brant la beaut\u00e9 de la montagne sans taire sa violence.<\/p>\n\n\n\n<hr class=\"wp-block-separator has-alpha-channel-opacity\" \/>\n\n\n<div class=\"wp-block-image\">\n<figure class=\"alignleft size-large is-resized\"><a href=\"https:\/\/jaumecabre.cat\/fr\/novella\/les-veus-del-pamano\/\"><img loading=\"lazy\" decoding=\"async\" width=\"1024\" height=\"640\" src=\"https:\/\/blogs.univ-tlse2.fr\/miroirsurlespyrenees\/files\/2022\/11\/Les-voix-du-pamano-1024x640.jpg\" alt=\"Les voix du pamano - Jaume cabr\u00e9\" class=\"wp-image-775\" style=\"width:150px;height:150px\" srcset=\"https:\/\/blogs.univ-tlse2.fr\/miroirsurlespyrenees\/files\/2022\/11\/Les-voix-du-pamano-1024x640.jpg 1024w, https:\/\/blogs.univ-tlse2.fr\/miroirsurlespyrenees\/files\/2022\/11\/Les-voix-du-pamano-300x188.jpg 300w, https:\/\/blogs.univ-tlse2.fr\/miroirsurlespyrenees\/files\/2022\/11\/Les-voix-du-pamano-768x480.jpg 768w, https:\/\/blogs.univ-tlse2.fr\/miroirsurlespyrenees\/files\/2022\/11\/Les-voix-du-pamano-500x313.jpg 500w, https:\/\/blogs.univ-tlse2.fr\/miroirsurlespyrenees\/files\/2022\/11\/Les-voix-du-pamano-800x500.jpg 800w, https:\/\/blogs.univ-tlse2.fr\/miroirsurlespyrenees\/files\/2022\/11\/Les-voix-du-pamano.jpg 1200w\" sizes=\"auto, (max-width: 1024px) 100vw, 1024px\" \/><\/a><\/figure>\n<\/div>\n\n\n<p><strong><em>Les voix du pamano de Jaum\u00e9 CABRE<\/em><\/strong> &#8211; Un des best sellers de Jaum\u00e9 Cabr\u00e9, auteur catalan incontournable. Le roman id\u00e9al \u00e0 amener avec vous pour une itin\u00e9rance sur le GR 11 ou la HRP si vous marchez dans le vall fererra, le pallars, ou le val d&rsquo;aneu. Sous fond de guerre civile, Jaum\u00e9 Cabr\u00e9 plonge le lecteur dans un village catalan ou les franqusites s\u00e9vissent. Mais les maquisards, souvent d&rsquo;anciens bergers et contrebandiers r\u00e9sistent. L&rsquo;occasion de d\u00e9couvrir le lien entre l&rsquo;ari\u00e8ge, la ville de toulouse et la lutte r\u00e9publicaine.<\/p>\n\n\n\n<hr class=\"wp-block-separator has-alpha-channel-opacity\" \/>\n\n\n<div class=\"wp-block-image\">\n<figure class=\"alignleft size-thumbnail\"><a href=\"https:\/\/maze.fr\/2021\/12\/aulus-de-zoe-cosson\/\"><img loading=\"lazy\" decoding=\"async\" width=\"150\" height=\"150\" src=\"https:\/\/blogs.univ-tlse2.fr\/miroirsurlespyrenees\/files\/2022\/01\/Auluszoecosson-150x150.png\" alt=\"\" class=\"wp-image-516\" srcset=\"https:\/\/blogs.univ-tlse2.fr\/miroirsurlespyrenees\/files\/2022\/01\/Auluszoecosson-150x150.png 150w, https:\/\/blogs.univ-tlse2.fr\/miroirsurlespyrenees\/files\/2022\/01\/Auluszoecosson-80x80.png 80w, https:\/\/blogs.univ-tlse2.fr\/miroirsurlespyrenees\/files\/2022\/01\/Auluszoecosson-320x320.png 320w\" sizes=\"auto, (max-width: 150px) 100vw, 150px\" \/><\/a><\/figure>\n<\/div>\n\n\n<p><em><strong>Aulus de Zo\u00e9 COSSON<\/strong><\/em> &#8211; Un premier roman sur le village d&rsquo;Aulus au coeur du Couserans. Zo\u00e9 COSSON nous immerge dans la vie quotidienne de ce village de l&rsquo;Ari\u00e8ge o\u00f9 son p\u00e8re vient de racheter un hotel abandonn\u00e9. Les sujets classiques de la vall\u00e9e sont bien \u00e9videmment au rendez vous: l&rsquo;ours, les mineraies,&#8230; L&rsquo;occasion pour le lecteur de se plonger dans l&rsquo;univers unique des villages recul\u00e9s du couserans.<\/p>\n\n\n\n<p><\/p>\n","protected":false},"excerpt":{"rendered":"<p>Et vous passerez comme des vents fous &#8211; Gaspard, un berger pyr\u00e9n\u00e9en, s\u2019appr\u00eate \u00e0 remonter en estive avec ses brebis, hant\u00e9 par l\u2019accident tragique survenu la saison pr\u00e9c\u00e9dente. Dans le m\u00eame temps, Alma, une&#46;&#46;&#46;<\/p>\n","protected":false},"author":1080,"featured_media":0,"parent":0,"menu_order":0,"comment_status":"closed","ping_status":"closed","template":"","meta":{"_vp_format_video_url":"","_vp_image_focal_point":[],"footnotes":""},"class_list":["post-519","page","type-page","status-publish","hentry"],"_links":{"self":[{"href":"https:\/\/blogs.univ-tlse2.fr\/miroirsurlespyrenees\/wp-json\/wp\/v2\/pages\/519","targetHints":{"allow":["GET"]}}],"collection":[{"href":"https:\/\/blogs.univ-tlse2.fr\/miroirsurlespyrenees\/wp-json\/wp\/v2\/pages"}],"about":[{"href":"https:\/\/blogs.univ-tlse2.fr\/miroirsurlespyrenees\/wp-json\/wp\/v2\/types\/page"}],"author":[{"embeddable":true,"href":"https:\/\/blogs.univ-tlse2.fr\/miroirsurlespyrenees\/wp-json\/wp\/v2\/users\/1080"}],"replies":[{"embeddable":true,"href":"https:\/\/blogs.univ-tlse2.fr\/miroirsurlespyrenees\/wp-json\/wp\/v2\/comments?post=519"}],"version-history":[{"count":11,"href":"https:\/\/blogs.univ-tlse2.fr\/miroirsurlespyrenees\/wp-json\/wp\/v2\/pages\/519\/revisions"}],"predecessor-version":[{"id":1469,"href":"https:\/\/blogs.univ-tlse2.fr\/miroirsurlespyrenees\/wp-json\/wp\/v2\/pages\/519\/revisions\/1469"}],"wp:attachment":[{"href":"https:\/\/blogs.univ-tlse2.fr\/miroirsurlespyrenees\/wp-json\/wp\/v2\/media?parent=519"}],"curies":[{"name":"wp","href":"https:\/\/api.w.org\/{rel}","templated":true}]}}