 {"id":2,"date":"2024-04-04T12:05:36","date_gmt":"2024-04-04T10:05:36","guid":{"rendered":"https:\/\/blogs.univ-tlse2.fr\/moco\/?page_id=2"},"modified":"2024-05-15T11:17:29","modified_gmt":"2024-05-15T09:17:29","slug":"page-d-exemple","status":"publish","type":"page","link":"https:\/\/blogs.univ-tlse2.fr\/moco\/page-d-exemple\/","title":{"rendered":"Description"},"content":{"rendered":"\n<p>This workshop brings together French and foreign multidisciplinary scientific teams \u2013 linguists, experts in language acquisition, in didactics, translators, physiotherapists, neurophysiologists and neurologists about language and spatial cognition relation. The goal is to establish a state of art about how research on motion has been carried out up to now, namely in different languages presenting a variable degree of similarity and\/or difference in coding motion but especially by different populations (native speakers with or without language or motor disorders, non-native speakers in second or third languages, henceforth L2 or L3 respectively). Motion is particularly favourable to the study of the relation between language and cognition, since world languages greatly vary in the semantic encoding of its components. As such, in collaboration with experts and professionals, this workshop aims at creating new synergies about cognitive processes involved during the realisation and the expression of motion events by different types of populations. Afterwards, il will be pertinent to discuss the teachability of this domain in language and translation classrooms as well as to consider motion body practices during rehabilitation sessions with language or motor disorder patients.<\/p>\n\n\n\n<hr class=\"wp-block-separator has-alpha-channel-opacity is-style-dots\" \/>\n\n\n\n<p>Le workshop MOCO traite de la repr\u00e9sentation linguistique et cognitive du mouvement. Il rassemble jeunes chercheurs et chercheurs plus exp\u00e9riment\u00e9s issus de diff\u00e9rentes disciplines et s\u2019int\u00e9ressant au mouvement. Il sera question de faire un premier \u00e9tat des lieux des recherches sur cette th\u00e9matique et d\u2019identifier des questions \u00e0 d\u00e9velopper selon une perspective pluridisciplinaire. MOCO servira de pr\u00e9lude \u00e0 la mise en place d\u2019un r\u00e9seau international et d\u2019un projet pluridisciplinaire sur la cognition spatiale humaine plus ambitieux.<\/p>\n","protected":false},"excerpt":{"rendered":"<p>This workshop brings together French and foreign multidisciplinary scientific teams \u2013 linguists, experts in language acquisition, in didactics, translators, physiotherapists, neurophysiologists and neurologists about language and spatial cognition relation. The goal is to establish a state of art about how research on motion has been carried out up to now, namely in different languages presenting [&hellip;]<\/p>\n","protected":false},"author":310,"featured_media":0,"parent":0,"menu_order":0,"comment_status":"closed","ping_status":"open","template":"","meta":{"footnotes":""},"class_list":["post-2","page","type-page","status-publish","hentry"],"_links":{"self":[{"href":"https:\/\/blogs.univ-tlse2.fr\/moco\/wp-json\/wp\/v2\/pages\/2","targetHints":{"allow":["GET"]}}],"collection":[{"href":"https:\/\/blogs.univ-tlse2.fr\/moco\/wp-json\/wp\/v2\/pages"}],"about":[{"href":"https:\/\/blogs.univ-tlse2.fr\/moco\/wp-json\/wp\/v2\/types\/page"}],"author":[{"embeddable":true,"href":"https:\/\/blogs.univ-tlse2.fr\/moco\/wp-json\/wp\/v2\/users\/310"}],"replies":[{"embeddable":true,"href":"https:\/\/blogs.univ-tlse2.fr\/moco\/wp-json\/wp\/v2\/comments?post=2"}],"version-history":[{"count":5,"href":"https:\/\/blogs.univ-tlse2.fr\/moco\/wp-json\/wp\/v2\/pages\/2\/revisions"}],"predecessor-version":[{"id":111,"href":"https:\/\/blogs.univ-tlse2.fr\/moco\/wp-json\/wp\/v2\/pages\/2\/revisions\/111"}],"wp:attachment":[{"href":"https:\/\/blogs.univ-tlse2.fr\/moco\/wp-json\/wp\/v2\/media?parent=2"}],"curies":[{"name":"wp","href":"https:\/\/api.w.org\/{rel}","templated":true}]}}