 {"id":108,"date":"2021-01-21T10:49:42","date_gmt":"2021-01-21T09:49:42","guid":{"rendered":"https:\/\/blogs.univ-tlse2.fr\/mp2i\/?page_id=108"},"modified":"2021-01-21T11:00:42","modified_gmt":"2021-01-21T10:00:42","slug":"presentation","status":"publish","type":"page","link":"https:\/\/blogs.univ-tlse2.fr\/mp2i\/presentation\/","title":{"rendered":"Pr\u00e9sentation"},"content":{"rendered":"\n<p>Le Master Management de Projets Industriels et Innovation propose un parcours de formation sur deux ann\u00e9es (M1 &amp; M2) organis\u00e9 autour d&rsquo;enseignements dans le domaine de la gestion de projets industriels et innovants. <\/p>\n\n\n\n<p>Elle permet aux \u00e9tudiants d\u2019occuper des postes de cadre dans l\u2019industrie (a\u00e9ronautique, automobile, BTP, agroalimentaire, services\u2026), de consultant ou d\u2019expert dans l\u2019appui \u00e0 l\u2019innovation. L\u2019enseignement et l\u2019insertion professionnelle sont encadr\u00e9s par une \u00e9quipe pluridisciplinaire compos\u00e9e d\u2019universitaires et de professionnels sp\u00e9cialistes du domaine.<\/p>\n\n\n\n<hr class=\"wp-block-separator\" \/>\n\n\n\n<h2 class=\"wp-block-heading\">Philosophie p\u00e9dagogique<\/h2>\n\n\n\n<p>La formation est articul\u00e9e autour de trois principes fondamentaux:<\/p>\n\n\n\n<ul class=\"wp-block-list\"><li>Des enseignements appliqu\u00e9s en gestion de projet (con\u00e7us et assur\u00e9s par des professionnels reconnus pour leur expertise dans le domaine),<\/li><\/ul>\n\n\n\n<ul class=\"wp-block-list\"><li>Le d\u00e9veloppement de la capacit\u00e9 d&rsquo;analyse et de l&rsquo;esprit critique de l&rsquo;\u00e9tudiant \u00e0 travers un programme sp\u00e9cifique d&rsquo;apprentissage par la recherche<\/li><\/ul>\n\n\n\n<ul class=\"wp-block-list\"><li>Un accompagnement \u00e0 l&rsquo;insertion professionnelle r\u00e9alis\u00e9e par des sp\u00e9cialistes.<\/li><\/ul>\n\n\n\n<hr class=\"wp-block-separator\" \/>\n\n\n\n<h2 class=\"wp-block-heading\">Comp\u00e9tences vis\u00e9es<\/h2>\n\n\n\n<ul class=\"wp-block-list\"><li>Conduire un projet (conception, pilotage, coordination d\u2019\u00e9quipe, mise en \u0153uvre et gestion, \u00e9valuation, diffusion) pouvant mobiliser des comp\u00e9tences pluridisciplinaires dans un cadre collaboratif et en assumer les responsabilit\u00e9s <\/li><\/ul>\n\n\n\n<ul class=\"wp-block-list\"><li>Conduire le changement, adopter des m\u00e9thodologies agiles <\/li><\/ul>\n\n\n\n<ul class=\"wp-block-list\"><li>Identifier, s\u00e9lectionner et mobiliser des ressources sp\u00e9cialis\u00e9es pour s\u2019adapter aux diff\u00e9rents domaines industriels, aux politiques publiques et aux dispositifs d\u2019appui \u00e0 l\u2019innovation <\/li><\/ul>\n\n\n\n<ul class=\"wp-block-list\"><li>\u00c9valuer et s\u2019auto-\u00e9valuer dans une d\u00e9marche qualit\u00e9 <\/li><\/ul>\n\n\n\n<ul class=\"wp-block-list\"><li>S\u2019adapter \u00e0 diff\u00e9rents contextes interculturels, nationaux et internationaux <\/li><\/ul>\n\n\n\n<ul class=\"wp-block-list\"><li>D\u00e9velopper une d\u00e9marche de recherche scientifique sur un sujet donn\u00e9<\/li><\/ul>\n","protected":false},"excerpt":{"rendered":"<p>Le Master Management de Projets Industriels et Innovation propose un parcours de formation sur deux ann\u00e9es (M1 &amp; M2) organis\u00e9 autour d&rsquo;enseignements dans le domaine de la gestion de projets industriels et innovants. Elle permet aux \u00e9tudiants d\u2019occuper des postes de cadre dans l\u2019industrie (a\u00e9ronautique, automobile, BTP, agroalimentaire, services\u2026), de consultant ou d\u2019expert dans l\u2019appui [&hellip;]<\/p>\n","protected":false},"author":883,"featured_media":0,"parent":0,"menu_order":0,"comment_status":"closed","ping_status":"closed","template":"","meta":{"footnotes":""},"class_list":["post-108","page","type-page","status-publish","hentry","post-preview"],"_links":{"self":[{"href":"https:\/\/blogs.univ-tlse2.fr\/mp2i\/wp-json\/wp\/v2\/pages\/108","targetHints":{"allow":["GET"]}}],"collection":[{"href":"https:\/\/blogs.univ-tlse2.fr\/mp2i\/wp-json\/wp\/v2\/pages"}],"about":[{"href":"https:\/\/blogs.univ-tlse2.fr\/mp2i\/wp-json\/wp\/v2\/types\/page"}],"author":[{"embeddable":true,"href":"https:\/\/blogs.univ-tlse2.fr\/mp2i\/wp-json\/wp\/v2\/users\/883"}],"replies":[{"embeddable":true,"href":"https:\/\/blogs.univ-tlse2.fr\/mp2i\/wp-json\/wp\/v2\/comments?post=108"}],"version-history":[{"count":2,"href":"https:\/\/blogs.univ-tlse2.fr\/mp2i\/wp-json\/wp\/v2\/pages\/108\/revisions"}],"predecessor-version":[{"id":113,"href":"https:\/\/blogs.univ-tlse2.fr\/mp2i\/wp-json\/wp\/v2\/pages\/108\/revisions\/113"}],"wp:attachment":[{"href":"https:\/\/blogs.univ-tlse2.fr\/mp2i\/wp-json\/wp\/v2\/media?parent=108"}],"curies":[{"name":"wp","href":"https:\/\/api.w.org\/{rel}","templated":true}]}}