 {"id":137,"date":"2013-10-19T11:34:25","date_gmt":"2013-10-19T09:34:25","guid":{"rendered":"https:\/\/blogs.univ-tlse2.fr\/musique-renaissance\/?page_id=137"},"modified":"2025-03-12T17:24:13","modified_gmt":"2025-03-12T16:24:13","slug":"introduction","status":"publish","type":"page","link":"https:\/\/blogs.univ-tlse2.fr\/musique-renaissance\/la-chanson-francaise-1520-1580\/introduction\/","title":{"rendered":"Introduction"},"content":{"rendered":"<p><!--\nP { margin-bottom: 0.21cm; }A:link {  }\n-->La <span style=\"color: #ffa500\">chanson fran\u00e7aise<\/span> est un genre majeur en Europe, \u00e9crite g\u00e9n\u00e9ralement \u00e0 4 voix, avec des imitations, cadences tr\u00e8s bien marqu\u00e9es (voire exag\u00e9r\u00e9es pour se faire vraiment entendre)<br \/>\nLes compositeurs se servait de po\u00e8mes, utilis\u00e9s en fonction des possibilit\u00e9s d&rsquo;illustration du texte en musique afin d&rsquo;illustrer la beaut\u00e9 litt\u00e9raire en musique.<br \/>\nLes \u00e9diteurs commercialisent \u00e9norm\u00e9ment la chanson.<br \/>\nLes 4 voix sont essentielles et ont d\u00e9sormais toutes la m\u00eame importance. (Dans les styles suivant (Baroque, Classique&#8230;), la m\u00e9lodie et la basse sont mis en avant par rapport aux voix interm\u00e9diaires.<br \/>\nParmi les compositeurs de chansons fran\u00e7aises, on trouve <span style=\"color: #ffa500\">Gombert, Arcadet, Roland de Lassus<\/span>, et le plus c\u00e9l\u00e8bre <span style=\"color: #ffa500\">Cl\u00e9ment Jannequin<\/span>.<\/p>\n<p><!--\nP { margin-bottom: 0.21cm; }A:link {  }\n--><span style=\"text-decoration: underline\">On peut constater \u00e0 partir des ann\u00e9es 1520 : <\/span><br \/>\n-Les techniques de compositions se simplifient par rapport \u00e0 celles compos\u00e9es du temps d&rsquo;Ockeghem<br \/>\n-Il n&rsquo;y a plus de cantus firmus utilis\u00e9 pour la composition des messes.<br \/>\n-Il y a un d\u00e9veloppement des messes d&rsquo;imitation<br \/>\n-Il y a un d\u00e9veloppement de la musique instrumentale.<\/p>\n","protected":false},"excerpt":{"rendered":"<p>La chanson fran\u00e7aise est un genre majeur en Europe, \u00e9crite g\u00e9n\u00e9ralement \u00e0 4 voix, avec des imitations, cadences tr\u00e8s bien marqu\u00e9es (voire exag\u00e9r\u00e9es pour se faire vraiment entendre) [..]<\/p>\n","protected":false},"author":208,"featured_media":0,"parent":7,"menu_order":0,"comment_status":"closed","ping_status":"closed","template":"","meta":{"footnotes":""},"class_list":["post-137","page","type-page","status-publish","hentry"],"_links":{"self":[{"href":"https:\/\/blogs.univ-tlse2.fr\/musique-renaissance\/wp-json\/wp\/v2\/pages\/137","targetHints":{"allow":["GET"]}}],"collection":[{"href":"https:\/\/blogs.univ-tlse2.fr\/musique-renaissance\/wp-json\/wp\/v2\/pages"}],"about":[{"href":"https:\/\/blogs.univ-tlse2.fr\/musique-renaissance\/wp-json\/wp\/v2\/types\/page"}],"author":[{"embeddable":true,"href":"https:\/\/blogs.univ-tlse2.fr\/musique-renaissance\/wp-json\/wp\/v2\/users\/208"}],"replies":[{"embeddable":true,"href":"https:\/\/blogs.univ-tlse2.fr\/musique-renaissance\/wp-json\/wp\/v2\/comments?post=137"}],"version-history":[{"count":5,"href":"https:\/\/blogs.univ-tlse2.fr\/musique-renaissance\/wp-json\/wp\/v2\/pages\/137\/revisions"}],"predecessor-version":[{"id":745,"href":"https:\/\/blogs.univ-tlse2.fr\/musique-renaissance\/wp-json\/wp\/v2\/pages\/137\/revisions\/745"}],"up":[{"embeddable":true,"href":"https:\/\/blogs.univ-tlse2.fr\/musique-renaissance\/wp-json\/wp\/v2\/pages\/7"}],"wp:attachment":[{"href":"https:\/\/blogs.univ-tlse2.fr\/musique-renaissance\/wp-json\/wp\/v2\/media?parent=137"}],"curies":[{"name":"wp","href":"https:\/\/api.w.org\/{rel}","templated":true}]}}