 {"id":220,"date":"2013-11-05T01:23:06","date_gmt":"2013-11-04T23:23:06","guid":{"rendered":"https:\/\/blogs.univ-tlse2.fr\/musique-renaissance\/?page_id=220"},"modified":"2025-03-12T17:24:34","modified_gmt":"2025-03-12T16:24:34","slug":"la-solmisation","status":"publish","type":"page","link":"https:\/\/blogs.univ-tlse2.fr\/musique-renaissance\/theorie-pratique\/terminologie-definitions\/la-solmisation\/","title":{"rendered":"La solmisation et la main guidonienne"},"content":{"rendered":"<p>Au Moyen-\u00e2ge et \u00e0 la Renaissance, <span style=\"color: #ffcc00\">la solmisation<\/span> \u00e9tait un proc\u00e9d\u00e9 pour faciliter l&rsquo;apprentissage de la\u00a0musique. Son\u00a0invention est attribu\u00e9e \u00e0 <span style=\"color: #339966\">Gui d&rsquo;Arezzo<\/span> (<small>xi<\/small><sup>e<\/sup>\u00a0s.). Le nom des notes \u00e9tait issue du syst\u00e8me grec, les sons \u00e9taient d\u00e9sign\u00e9s par des lettres ou\u00a0<i>clefs (claves)\u00a0<\/i>de A \u00e0 G dont A correspondait \u00e0 notre\u00a0<i>la\u00a0<\/i>actuel. Mais il pouvait y avoir deux sortes de B\u00a0: l&rsquo;un bas ou \u00ab\u00a0mou\u00a0\u00bb\u00a0<i>(<span style=\"color: #ffcc00\">b\u00e9mol<\/span>),\u00a0<\/i>l&rsquo;autre haut ou \u00ab\u00a0dur\u00a0\u00bb, \u00e9crit carr\u00e9\u00a0<i>(<span style=\"color: #ffcc00\">b\u00e9carre<\/span>).\u00a0<\/i>La <span style=\"color: #ffcc00\">solmisation<\/span> a pour but de d\u00e9terminer lequel des deux B devait \u00eatre choisi.<\/p>\n<p>Pour cela <span style=\"color: #339966\">Gui d&rsquo;Arezzo<\/span> imagine de d\u00e9signer par des syllabes (au lieu des lettres) les 6 notes de l&rsquo;hexacorde.<span style=\"color: #ffcc00\"> L\u2019hexacorde<\/span> est une s\u00e9rie de six notes formant des intervalles bien d\u00e9termin\u00e9s : 2 tons, 1\/2 ton, 2 tons. Ses syllabes sont emprunt\u00e9es \u00e0 un hymne de <span style=\"color: #339966\">St Jean<\/span> du VIII\u00e8me si\u00e8cle : <a href=\"https:\/\/blogs.univ-tlse2.fr\/musique-renaissance\/files\/2013\/11\/hymne.jpg\"><img loading=\"lazy\" decoding=\"async\" class=\"aligncenter size-full wp-image-230\" alt=\"hymne\" src=\"https:\/\/blogs.univ-tlse2.fr\/musique-renaissance\/files\/2013\/11\/hymne.jpg\" width=\"550\" height=\"303\" srcset=\"https:\/\/blogs.univ-tlse2.fr\/musique-renaissance\/files\/2013\/11\/hymne.jpg 550w, https:\/\/blogs.univ-tlse2.fr\/musique-renaissance\/files\/2013\/11\/hymne-300x165.jpg 300w\" sizes=\"auto, (max-width: 550px) 100vw, 550px\" \/><\/a> On obtient : ut, r\u00e9, mi, fa, sol, la, s (si)!<\/p>\n<p>Le demi-ton se trouve toujours entre mi et fa. Les syllabes n&rsquo;indiquent que des hauteurs relatives, l&rsquo;hexacorde peut \u00eatre construit sur do (hexacorde par nature), sur sol (hexacorde par b\u00e9carre car on a un si b\u00e9carre) et sur le fa (hexacorde par b\u00e9mol car on a un si b).<\/p>\n<p><a href=\"https:\/\/blogs.univ-tlse2.fr\/musique-renaissance\/files\/2013\/11\/hexacorde.jpg\"><img loading=\"lazy\" decoding=\"async\" class=\"aligncenter size-full wp-image-231\" alt=\"hexacorde\" src=\"https:\/\/blogs.univ-tlse2.fr\/musique-renaissance\/files\/2013\/11\/hexacorde.jpg\" width=\"600\" height=\"203\" srcset=\"https:\/\/blogs.univ-tlse2.fr\/musique-renaissance\/files\/2013\/11\/hexacorde.jpg 600w, https:\/\/blogs.univ-tlse2.fr\/musique-renaissance\/files\/2013\/11\/hexacorde-300x101.jpg 300w\" sizes=\"auto, (max-width: 600px) 100vw, 600px\" \/><\/a><span style=\"color: #ffcc00\">La solmisation hexacordale<\/span> est utilis\u00e9e jusqu&rsquo;au XVI<sup>e <\/sup>si\u00e8cle avant d&rsquo;\u00eatre \u00e9tendu \u00e0 l&rsquo;octave.<\/p>\n<p>&nbsp;<\/p>\n<p>Arrive un probl\u00e8me : comment retenir ces syllabes ?<\/p>\n<p>Dans \u00e9norm\u00e9ment de disciplines du savoir, ils utilisaient des <span style=\"color: #ffcc00\">moyens mn\u00e9motechniques<\/span>. Ils projetaient des figures sur les mains pour stocker des informations et s&rsquo;en rappeler le moment voulu. Un des moyens qui est rest\u00e9 jusqu&rsquo;\u00e0 nous est celui qui nous sert \u00e0 savoir si les mois ont 30 ou 31 jours en regardant le dos de notre main.<\/p>\n<p>En musique, une main peut aider \u00e0 se souvenir des notes. <span style=\"color: #339966\">Gui d&rsquo;Arezzo\u00a0<span style=\"color: #000000\">a besoin de 20 lieux pour d\u00e9signer les 20 notes qu&rsquo;ils utilisaient : du sol premi\u00e8re ligne de la clef de fa au mi dernier interligne de la clef de sol. La main ne compte que 19 lieux donc le 20\u00e8me est ajout\u00e9 \u00e0 l&rsquo;arri\u00e8re du majeur.\u00a0 Les noms des notes sont \u00e9crites sur chaque phalanges de la main gauche, on part du pouce puis on circule d&rsquo;un lieu \u00e0 l&rsquo;autre dans un ordre pr\u00e9cis. Pendant les le\u00e7ons, le ma\u00eetre d\u00e9signe avec sa main droite l&#8217;emplacement de la note \u00e0 chanter sur la main gauche.<\/span><\/span><a href=\"https:\/\/blogs.univ-tlse2.fr\/musique-renaissance\/files\/2013\/11\/Main-Guidonienne.gif\"><img loading=\"lazy\" decoding=\"async\" class=\"alignright size-full wp-image-589\" alt=\"Main-Guidonienne\" src=\"https:\/\/blogs.univ-tlse2.fr\/musique-renaissance\/files\/2013\/11\/Main-Guidonienne.gif\" width=\"367\" height=\"500\" \/><\/a><\/p>\n<p>&nbsp;<\/p>\n<p>On trouve de nombreux dessins dans diff\u00e9rentes m\u00e9thodes manuscrites ou imprim\u00e9es, r\u00e9dig\u00e9es en toutes <span style=\"font-family: Arial,Helvetica\">langues.<br \/>\n<\/span><\/p>\n<p>&nbsp;<\/p>\n<p>&nbsp;<\/p>\n<p>&nbsp;<\/p>\n<p>&nbsp;<\/p>\n<p>&nbsp;<\/p>\n<p>&nbsp;<\/p>\n<address style=\"text-align: right\"><span style=\"text-decoration: underline\"><em>\u00a0<\/em><\/span><\/address>\n<address style=\"text-align: right\"><span style=\"text-decoration: underline\"><em>main guidonienne<\/em><\/span><\/address>\n<address style=\"text-align: right\"><a href=\"http:\/\/www.msli.org\/Menu\/Histoire\/Histoire.htm\" target=\"_blank\">http:\/\/www.msli.org\/Menu\/Histoire\/Histoire.htm<\/a><\/address>\n<address style=\"text-align: right\">\u00a0<\/address>\n<p style=\"text-align: left\">On trouve dans les manuscrit une autre fa\u00e7on de pr\u00e9senter la main : sous forme d<span style=\"color: #ffcc00\">&lsquo;\u00e9chelle<\/span>, comme une port\u00e9e g\u00e9ante.<\/p>\n<p style=\"text-align: left\"><img loading=\"lazy\" decoding=\"async\" id=\"il_fi\" style=\"padding-right: 8px;padding-top: 8px;padding-bottom: 8px\" alt=\"\" src=\"http:\/\/www.virga.org\/zarlino\/images\/maindiat.gif\" width=\"564\" height=\"544\" \/><\/p>\n<address style=\"text-align: left\"><a href=\"http:\/\/www.virga.org\/zarlino\/images\/index.html\" target=\"_blank\"><em>http:\/\/www.virga.org\/zarlino\/images\/index.html<\/em><\/a><\/address>\n","protected":false},"excerpt":{"rendered":"<p>Au Moyen-\u00e2ge et \u00e0 la Renaissance, la solmisation \u00e9tait un proc\u00e9d\u00e9 pour faciliter l&rsquo;apprentissage de la\u00a0musique. Son\u00a0invention est attribu\u00e9e \u00e0 Gui d&rsquo;Arezzo (xie\u00a0s.). Le nom des notes \u00e9tait [..]<\/p>\n","protected":false},"author":205,"featured_media":0,"parent":109,"menu_order":0,"comment_status":"closed","ping_status":"open","template":"","meta":{"footnotes":""},"class_list":["post-220","page","type-page","status-publish","hentry"],"_links":{"self":[{"href":"https:\/\/blogs.univ-tlse2.fr\/musique-renaissance\/wp-json\/wp\/v2\/pages\/220","targetHints":{"allow":["GET"]}}],"collection":[{"href":"https:\/\/blogs.univ-tlse2.fr\/musique-renaissance\/wp-json\/wp\/v2\/pages"}],"about":[{"href":"https:\/\/blogs.univ-tlse2.fr\/musique-renaissance\/wp-json\/wp\/v2\/types\/page"}],"author":[{"embeddable":true,"href":"https:\/\/blogs.univ-tlse2.fr\/musique-renaissance\/wp-json\/wp\/v2\/users\/205"}],"replies":[{"embeddable":true,"href":"https:\/\/blogs.univ-tlse2.fr\/musique-renaissance\/wp-json\/wp\/v2\/comments?post=220"}],"version-history":[{"count":9,"href":"https:\/\/blogs.univ-tlse2.fr\/musique-renaissance\/wp-json\/wp\/v2\/pages\/220\/revisions"}],"predecessor-version":[{"id":738,"href":"https:\/\/blogs.univ-tlse2.fr\/musique-renaissance\/wp-json\/wp\/v2\/pages\/220\/revisions\/738"}],"up":[{"embeddable":true,"href":"https:\/\/blogs.univ-tlse2.fr\/musique-renaissance\/wp-json\/wp\/v2\/pages\/109"}],"wp:attachment":[{"href":"https:\/\/blogs.univ-tlse2.fr\/musique-renaissance\/wp-json\/wp\/v2\/media?parent=220"}],"curies":[{"name":"wp","href":"https:\/\/api.w.org\/{rel}","templated":true}]}}