 {"id":333,"date":"2013-11-19T11:54:10","date_gmt":"2013-11-19T09:54:10","guid":{"rendered":"https:\/\/blogs.univ-tlse2.fr\/musique-renaissance\/?page_id=333"},"modified":"2025-03-12T17:24:52","modified_gmt":"2025-03-12T16:24:52","slug":"trop-canon-ce-quizz","status":"publish","type":"page","link":"https:\/\/blogs.univ-tlse2.fr\/musique-renaissance\/theorie-pratique\/quizz\/trop-canon-ce-quizz\/","title":{"rendered":"Trop canon ce quizz !"},"content":{"rendered":"<p>&nbsp;<\/p>\n<p>Voici\u00a0un premier quizz\u00a0\u00e0 propos du\u00a0canon :<\/p>\n<p><strong><span style=\"color: #0000ff\">1) Au Moyen-\u00c2ge, le canon est :<\/span><\/strong><\/p>\n<ul>\n<li>une \u00e9nigme<\/li>\n<li>un instrument de guerre<\/li>\n<li>une notation particuli\u00e8re de la musique<\/li>\n<li>\u00a0une partition tr\u00e8s connue<\/li>\n<\/ul>\n<p><strong><span style=\"color: #ff0000\">2) Quelle particularit\u00e9 le canon de Pierre de la Rue poss\u00e8de-t-il ?<\/span><\/strong><\/p>\n<ul>\n<li>Les notes sont rondes<\/li>\n<li>Il a la forme d&rsquo;un c\u0153ur<\/li>\n<li>Il n&rsquo;y a qu&rsquo;une seule voix d&rsquo;\u00e9crite, au lieu de quatre<\/li>\n<li>Il est \u00e9crit en forme de cercle<\/li>\n<\/ul>\n<p><strong><span style=\"color: #008000\">3) Quelle particularit\u00e9 le canon de Baude Cordier poss\u00e8de-t-il ?<\/span><\/strong><\/p>\n<ul>\n<li>Les notes sont rondes<\/li>\n<li>Il a la forme d&rsquo;un c\u0153ur<\/li>\n<li>Il n&rsquo;y a qu&rsquo;une seule voix d&rsquo;\u00e9crite, au lieu de quatre<\/li>\n<li>Il est \u00e9crit en forme de cercle<\/li>\n<\/ul>\n<p><strong><span style=\"color: #ff6600\">4) Quelle \u00e9tait l&rsquo;indication de Dufay pour r\u00e9soudre l&rsquo;un de ses canons ?<\/span><\/strong><\/p>\n<ul>\n<li>La bave du crapaud n&rsquo;atteint pas la blanche colombe<\/li>\n<li>Que le crabe s&rsquo;avance entier mais revienne de moiti\u00e9<\/li>\n<li>Jamais termin\u00e9, toujours recommenc\u00e9<\/li>\n<li>Reculez pour mieux avancer<\/li>\n<\/ul>\n<p><strong><span style=\"color: #ff00ff\">5) Que\u00a0signifie \u00ab\u00a0Tout par compas suy compos\u00e9\u00a0\u00bb ?<\/span><\/strong><\/p>\n<ul>\n<li>Pour aller \u00e0 Compans, suis les Compansais<\/li>\n<li>Tout a \u00e9t\u00e9 compos\u00e9 en parties s\u00e9par\u00e9es<\/li>\n<li>J&rsquo;ai \u00e9t\u00e9 enti\u00e8rement compos\u00e9 au compas<\/li>\n<li>Toute composition est faite par son compositeur<\/li>\n<\/ul>\n<p>Pour obtenir les r\u00e9ponses, cliquez ici :<\/p>\n<ul>\n<li><a title=\"Le Canon\" href=\"https:\/\/blogs.univ-tlse2.fr\/musique-renaissance\/theorie-pratique\/terminologie-definitions\/le-canon\/\">questions 1, 2 et 4<\/a><\/li>\n<li><a title=\"Canon de Baude Cordier: Tout par compas\" href=\"https:\/\/blogs.univ-tlse2.fr\/musique-renaissance\/theorie-pratique\/terminologie-definitions\/le-canon\/canon-de-baude-cordier-tout-par-compas\/\">questions 3 et 5<\/a><\/li>\n<\/ul>\n","protected":false},"excerpt":{"rendered":"<p>&nbsp; Voici\u00a0un premier quizz\u00a0\u00e0 propos du\u00a0canon : 1) Au Moyen-\u00c2ge, le canon est : une \u00e9nigme un instrument de guerre une notation particuli\u00e8re de la musique \u00a0une partition [..]<\/p>\n","protected":false},"author":205,"featured_media":0,"parent":639,"menu_order":0,"comment_status":"closed","ping_status":"open","template":"","meta":{"footnotes":""},"class_list":["post-333","page","type-page","status-publish","hentry"],"_links":{"self":[{"href":"https:\/\/blogs.univ-tlse2.fr\/musique-renaissance\/wp-json\/wp\/v2\/pages\/333","targetHints":{"allow":["GET"]}}],"collection":[{"href":"https:\/\/blogs.univ-tlse2.fr\/musique-renaissance\/wp-json\/wp\/v2\/pages"}],"about":[{"href":"https:\/\/blogs.univ-tlse2.fr\/musique-renaissance\/wp-json\/wp\/v2\/types\/page"}],"author":[{"embeddable":true,"href":"https:\/\/blogs.univ-tlse2.fr\/musique-renaissance\/wp-json\/wp\/v2\/users\/205"}],"replies":[{"embeddable":true,"href":"https:\/\/blogs.univ-tlse2.fr\/musique-renaissance\/wp-json\/wp\/v2\/comments?post=333"}],"version-history":[{"count":4,"href":"https:\/\/blogs.univ-tlse2.fr\/musique-renaissance\/wp-json\/wp\/v2\/pages\/333\/revisions"}],"predecessor-version":[{"id":821,"href":"https:\/\/blogs.univ-tlse2.fr\/musique-renaissance\/wp-json\/wp\/v2\/pages\/333\/revisions\/821"}],"up":[{"embeddable":true,"href":"https:\/\/blogs.univ-tlse2.fr\/musique-renaissance\/wp-json\/wp\/v2\/pages\/639"}],"wp:attachment":[{"href":"https:\/\/blogs.univ-tlse2.fr\/musique-renaissance\/wp-json\/wp\/v2\/media?parent=333"}],"curies":[{"name":"wp","href":"https:\/\/api.w.org\/{rel}","templated":true}]}}