 {"id":342,"date":"2013-11-19T19:41:05","date_gmt":"2013-11-19T17:41:05","guid":{"rendered":"https:\/\/blogs.univ-tlse2.fr\/musique-renaissance\/?page_id=342"},"modified":"2025-03-12T17:24:34","modified_gmt":"2025-03-12T16:24:34","slug":"traite-de-maximilien-guillaud","status":"publish","type":"page","link":"https:\/\/blogs.univ-tlse2.fr\/musique-renaissance\/theorie-pratique\/traites\/traite-de-maximilien-guillaud\/","title":{"rendered":"Trait\u00e9 de Maximilien Guilliaud"},"content":{"rendered":"<p><a href=\"http:\/\/www.chmtl.indiana.edu\/tfm\/16th\/GUIRUD_TEXT.html\">Le <span style=\"color: #2bbfd3\">trait\u00e9 de Maximilien Guilliaud<\/span><\/a> est compos\u00e9 de 2 parties:<\/p>\n<p>Ce trait\u00e9 est une r\u00e9flexion sur les premi\u00e8res notions de la musique pratique et sur l&rsquo;enseignement du plain-chant, pour une lecture plus facile au d\u00e9chiffrage, \u00a0des figures de notes et leur terminologie.<\/p>\n<p>La premi\u00e8re partie est constitu\u00e9e de 7 chapitres mettant en lumi\u00e8re les\u00a0<span style=\"color: #ff00ff\">pr\u00e9ceptes de la Plaine <\/span>(<a href=\"http:\/\/www.musicologie.org\/sites\/p\/plainchant.html\">plain-chant <\/a>\u00a0-&gt;\u00a0<span style=\"color: #ff0000\"><span style=\"color: #ff0000\"><a href=\"http:\/\/www.youtube.com\/watch?v=TufmraHIh14\">\u266b<\/a>\u00a0<\/span><\/span>\u00a0) avec des d\u00e9finitions ( \u00e9chelle, voix, musique pratique, ton, demi-ton, nuances etc&#8230; ). Chaque chapitre pr\u00e9sente une d\u00e9finition suivi d&rsquo;une r\u00e8gle, \u00e0 partir du chapitre 3, puis d&rsquo;exemples, \u00e0 partir du chapitre 5.<\/p>\n<p>&nbsp;<\/p>\n<p>Dans le <span style=\"color: #ff0000\"><em><strong>chapitre 1<\/strong><\/em><\/span>, il nous explique que la musique est appel\u00e9 Pratique car c&rsquo;est une mani\u00e8re de bien chanter, de chanter simple: le plain-chant qui est diff\u00e9rent du figur\u00e9e car une a ses notes quasi toute de formes, de figures et de quantit\u00e9 simple. \u00a0 \u00a0 \u00a0 \u00a0 \u00a0 \u00a0 \u00a0 \u00a0 \u00a0 \u00a0 \u00a0 \u00a0 \u00a0 \u00a0 \u00a0 \u00a0 \u00a0 \u00a0Les deux sont fond\u00e9es sur le m\u00eame principe: \u00a0\u00bb le commun fondement est l&rsquo;\u00e9chelle de laquelle quiconque n&rsquo;a parfaite connaissance, il ne peut rien connaitre de l&rsquo;art de la musique\u00a0\u00bb<\/p>\n<p>Dans le <span style=\"color: #ff0000\"><strong>chapitre 2<\/strong><\/span>, il nous donne les d\u00e9finitions de \u00e9chelle et voix. \u00a0 \u00a0 \u00a0 \u00a0 \u00a0 \u00a0 \u00a0 \u00a0 \u00a0 \u00a0 \u00a0 \u00a0 \u00a0 \u00a0 \u00a0 \u00a0 \u00a0 \u00a0L&rsquo;<span style=\"color: #ff0000\">\u00e9chelle<\/span> \u00e9tant une constitution de plusieurs lignes et espaces \u00e9galement produits, contenant en soi certains ordres de cl\u00e9s et de d\u00e9ductions de voix ordonn\u00e9es selon 3 divers chant et est dite \u00e9chelle par similitude. \u00a0 \u00a0 \u00a0 \u00a0 \u00a0 \u00a0 \u00a0 \u00a0 \u00a0 \u00a0 \u00a0 \u00a0 \u00a0 \u00a0 \u00a0 \u00a0 \u00a0 \u00a0 \u00a0 \u00a0 \u00a0 \u00a0 \u00a0 \u00a0 \u00a0 \u00a0 \u00a0 \u00a0 \u00a0 \u00a0 \u00a0 \u00a0 \u00a0 \u00a0 \u00a0 \u00a0 \u00a0 \u00a0 \u00a0 \u00a0 \u00a0 \u00a0 <span style=\"color: #ff0000\">Voix<\/span> \u00e9tant un son par lequel la vertu des cl\u00e9 est exprim\u00e9es et sont 6 en tout d\u00e9montr\u00e9es par 6 syllabes, ut r\u00e9 mi fa sol la, dont les 3 premiers sont propres \u00e0 monter et les 3 autres \u00e0 descendre. 3 sons: doux ( fa et ut ), m\u00e9diocre ( sol et r\u00e9 ) dures ( la et mi )<\/p>\n<p>Dans le <strong>chapitre 3<\/strong>, il nous parle des parties de l&rsquo;\u00e9chelle donc des cl\u00e9s. \u00a0 \u00a0 \u00a0 \u00a0 \u00a0 \u00a0 \u00a0 \u00a0 \u00a0 \u00a0 \u00a0 \u00a0 \u00a0 \u00a0 \u00a0 \u00a0 \u00a0Les cl\u00e9 ne sont autre chose qu&rsquo;une composition de lettre et syllabes ( repr\u00e9sentant la voix ) nous donnant la premi\u00e8re connaissance du chant. Les lettres ne servent qu&rsquo;\u00e0 garder l&rsquo;odre entre les syllabes. Elles sont divis\u00e9es en 3 ordres \u00e9gaux: BAS, MOYEN, HAUT. Le bas est d\u00e9montr\u00e9 par les lettres capitales le moyen par les petites et le haut ar doubles petites. Connaissant un ordre, on ala connaissance des 3 comprenant chacun ces 7 cl\u00e9s : <em>F f ff ut<\/em> \u00a0 \u00a0 \u00a0 \u00a0 G g gg sol re ut,<em> A a aa la mi re<\/em>, B b bb fa<a title=\"b\u00e9carre\" href=\"http:\/\/commons.wikimedia.org\/wiki\/File:Llpd0.svg\"><img loading=\"lazy\" decoding=\"async\" alt=\"b\u00e9carre\" src=\"http:\/\/upload.wikimedia.org\/wikipedia\/commons\/thumb\/5\/56\/Llpd0.svg\/5px-Llpd0.svg.png\" width=\"5\" height=\"16\" \/><\/a> mi, <em>C c cc sol fa ut<\/em>, D d dd la sol re, <em>E e ee la mi re \u00a0 \u00a0 \u00a0 \u00a0 \u00a0 \u00a0 \u00a0 \u00a0 \u00a0 \u00a0 \u00a0 \u00a0 \u00a0 \u00a0 \u00a0 \u00a0 \u00a0 \u00a0 \u00a0 \u00a0 \u00a0 \u00a0 \u00a0 \u00a0 \u00a0 \u00a0 \u00a0 \u00a0 \u00a0 \u00a0 \u00a0 \u00a0 \u00a0 \u00a0 \u00a0 \u00a0 \u00a0 \u00a0 \u00a0 \u00a0 \u00a0 \u00a0 \u00a0 \u00a0 \u00a0 \u00a0 \u00a0 \u00a0 \u00a0 \u00a0 \u00a0 \u00a0 \u00a0 \u00a0 \u00a0 \u00a0 \u00a0 \u00a0 \u00a0 \u00a0 \u00a0 \u00a0 \u00a0 \u00a0 \u00a0 \u00a0 \u00a0 \u00a0 \u00a0 \u00a0 \u00a0 \u00a0 \u00a0 <span style=\"text-decoration: underline;color: #993366\">R\u00e8gle:<\/span><span style=\"color: #993366\">\u00a0 <span style=\"color: #33cccc\">\u00a0\u00bb S&rsquo;il advient aucune fois qu&rsquo;il faille monter plus haut ou d\u00e9valer plus bas, outres les 3 ordres de cl\u00e9, alors faudra usurper les voix des octaves \u00ab\u00a0<\/span><\/span><\/em><\/p>\n<p>Dans le <strong><span style=\"color: #ff0000\">chapitre 4<\/span><\/strong>, il parle de la seconde partie de l&rsquo;\u00e9chelle donc des d\u00e9ductions ordonn\u00e9es selon 3 divers chants -&gt; B mol, <a title=\"b\u00e9carre\" href=\"http:\/\/commons.wikimedia.org\/wiki\/File:Llpd0.svg\"><img loading=\"lazy\" decoding=\"async\" alt=\"b\u00e9carre\" src=\"http:\/\/upload.wikimedia.org\/wikipedia\/commons\/thumb\/5\/56\/Llpd0.svg\/5px-Llpd0.svg.png\" width=\"5\" height=\"16\" \/><\/a>\u00a0dur et nature. \u00a0 \u00a0 \u00a0 \u00a0 \u00a0 \u00a0 \u00a0 \u00a0 \u00a0 \u00a0 \u00a0 \u00a0 \u00a0 \u00a0 \u00a0 \u00a0 \u00a0 \u00a0 \u00a0 \u00a0 \u00a0 \u00a0 \u00a0 \u00a0 \u00a0 \u00a0 Les d\u00e9ductions \u00e9tant une conduite de 6 voix, selon leur chants et situations propres. \u00a0 \u00a0 \u00a0 \u00a0 \u00a0 \u00a0 \u00a03 ordres de cl\u00e9 donc 3 d\u00e9ductions de voix comprises en chacun ordre: \u00a0 \u00a0 \u00a0 \u00a0 \u00a0 \u00a0 \u00a0 \u00a0 \u00a0 \u00a0 \u00a0 \u00a0 \u00a0 \u00a0 \u00a0 \u00a0 \u00a0 \u00a0 1e, chant de Bmol: origine de l&rsquo;ut de <em>F f ff ut<\/em> \u00e9tant d\u00e9montr\u00e9 par <em>b<\/em> lequel est ainsi appel\u00e9 pour ce qu&rsquo;en quelque mieu il soit mis ( qui est proprement mis en B b bb fa<a title=\"b\u00e9carre\" href=\"http:\/\/commons.wikimedia.org\/wiki\/File:Llpd0.svg\"><img loading=\"lazy\" decoding=\"async\" alt=\"b\u00e9carre\" src=\"http:\/\/upload.wikimedia.org\/wikipedia\/commons\/thumb\/5\/56\/Llpd0.svg\/5px-Llpd0.svg.png\" width=\"5\" height=\"16\" \/><\/a> mi ) \u00a0 \u00a0 \u00a0 \u00a0 \u00a0 \u00a0 \u00a0 etc&#8230; ( de m\u00eame pour les 5 voix suivantes ) \u00a0 \u00a0 \u00a0 \u00a0 \u00a0 \u00a0 \u00a0 \u00a0 \u00a0 \u00a0 \u00a0 \u00a0 \u00a0 \u00a0 \u00a0 \u00a0 \u00a0 \u00a0 \u00a0 \u00a0 \u00a0 \u00a0 \u00a0 \u00a0 \u00a0 \u00a0 \u00a0 \u00a0 \u00a0 \u00a0 \u00a0 \u00a0 \u00a0 \u00a0 \u00a0 \u00a0 \u00a0 \u00a0 \u00a0 \u00a0 \u00a0 \u00a0 \u00a0 \u00a0 \u00a0R\u00e8gles:<em><span style=\"color: #00ccff\"> \u00ab\u00a0En quelques lieux que soit constituer \u00a0\u00ab\u00a0ut\u00a0\u00bb, en \u00e9chelle, est le commencement de quelques d\u00e9ductions. Et au contraire, en quelques lieux que soit \u00ab\u00a0la\u00a0\u00bb, en ce lieu m\u00eame est la fin de celle-ci.\u00a0\u00bb<\/span><\/em><\/p>\n<p>Le <span style=\"color: #ff0000\"><strong>chapitre 5<\/strong><\/span>, il nous parle des tons et demi-tons qu&rsquo;il faut savoir faire apr\u00e8s la connaissance de l&rsquo;ordre des cl\u00e9 et des d\u00e9ductions de voix. L&rsquo;entonnement des 6 voix se fait par l&rsquo;\u00e9l\u00e9vation ou l&rsquo;abaissement de ton en ton ou de 2e en 2e, de 3ce en 3ce, 4te en 4te, 5te en 5te, 6te en 6te.<\/p>\n<p>( Image )<\/p>\n<p><em>R\u00e8gle:<span style=\"color: #00ccff\"> \u00ab\u00a0Toute fois et quand par dessus ces 6 voix s&rsquo;en trouvera une seule n&rsquo;exc\u00e9dant d&rsquo;une seconde, elle s&rsquo;appelera Fa sans faire nuance, laquelle faudra prof\u00e9r\u00e9 mollement m\u00eame sans aucun signe de b mol pour que celui de <a title=\"b\u00e9carre\" href=\"http:\/\/commons.wikimedia.org\/wiki\/File:Llpd0.svg\"><span style=\"color: #00ccff\"><img loading=\"lazy\" decoding=\"async\" alt=\"b\u00e9carre\" src=\"http:\/\/upload.wikimedia.org\/wikipedia\/commons\/thumb\/5\/56\/Llpd0.svg\/5px-Llpd0.svg.png\" width=\"5\" height=\"16\" \/><\/span><\/a>\u00a0dur n&rsquo;y soit mis. \u00ab\u00a0<\/span><\/em><\/p>\n<p>Le<strong> chapitre 6<\/strong> nous parle des nuances. \u00a0 \u00a0 \u00a0 \u00a0 \u00a0 \u00a0 \u00a0 \u00a0 \u00a0 \u00a0 \u00a0 \u00a0 \u00a0 \u00a0 \u00a0 \u00a0 \u00a0 \u00a0 \u00a0 \u00a0 \u00a0 \u00a0 \u00a0 \u00a0 \u00a0 \u00a0 \u00a0 \u00a0 \u00a0 \u00a0 \u00a0 \u00a0 \u00a0 \u00a0 \u00a0 \u00a0 \u00a0 \u00a0 \u00a0 \u00a0 \u00a0 \u00a0 \u00a0 \u00a0 \u00a0 \u00a0 Nuance: Changement d&rsquo;une voix pour une autre en une m\u00eame cl\u00e9 pour monter ou d\u00e9valer d&rsquo;une d\u00e9duction en autre et pourtant elle se font tant en montant qu&rsquo;en descendant. \u00a0 \u00a0 \u00a0 \u00a0 \u00a0 \u00a0 \u00a0R\u00e8gle 1 : \u00a0\u00bb Jamais proprement ne se fait nuance de bmol et <a title=\"b\u00e9carre\" href=\"http:\/\/commons.wikimedia.org\/wiki\/File:Llpd0.svg\"><img loading=\"lazy\" decoding=\"async\" alt=\"b\u00e9carre\" src=\"http:\/\/upload.wikimedia.org\/wikipedia\/commons\/thumb\/5\/56\/Llpd0.svg\/5px-Llpd0.svg.png\" width=\"5\" height=\"16\" \/><\/a>\u00a0dur, ni de\u00a0<a title=\"b\u00e9carre\" href=\"http:\/\/commons.wikimedia.org\/wiki\/File:Llpd0.svg\"><img loading=\"lazy\" decoding=\"async\" alt=\"b\u00e9carre\" src=\"http:\/\/upload.wikimedia.org\/wikipedia\/commons\/thumb\/5\/56\/Llpd0.svg\/5px-Llpd0.svg.png\" width=\"5\" height=\"16\" \/><\/a>\u00a0dur en bmol, mais toujours de l&rsquo;un des deux en nature ou de nature en l&rsquo;un et l&rsquo;autre. \u00a0 \u00a0 \u00a0 \u00a0 \u00a0 \u00a0 \u00a0 \u00a0 \u00a0 \u00a0 \u00a0 \u00a0 \u00a0 \u00a0 \u00a0 \u00a0 \u00a0 \u00a0 \u00a0 \u00a0 \u00a0 \u00a0 \u00a0R\u00e8gle 2: \u00a0\u00bb Pour monter de nature en\u00a0<a title=\"b\u00e9carre\" href=\"http:\/\/commons.wikimedia.org\/wiki\/File:Llpd0.svg\"><img loading=\"lazy\" decoding=\"async\" alt=\"b\u00e9carre\" src=\"http:\/\/upload.wikimedia.org\/wikipedia\/commons\/thumb\/5\/56\/Llpd0.svg\/5px-Llpd0.svg.png\" width=\"5\" height=\"16\" \/><\/a>\u00a0ou de bmol en nature, faut toujours chanter r\u00e9 apr\u00e8s sol et pour monter de\u00a0<a title=\"b\u00e9carre\" href=\"http:\/\/commons.wikimedia.org\/wiki\/File:Llpd0.svg\"><img loading=\"lazy\" decoding=\"async\" alt=\"b\u00e9carre\" src=\"http:\/\/upload.wikimedia.org\/wikipedia\/commons\/thumb\/5\/56\/Llpd0.svg\/5px-Llpd0.svg.png\" width=\"5\" height=\"16\" \/><\/a>\u00a0dur en nature ou de anture en bmol il faut chanter r\u00e9 apr\u00e8s fa\u00a0\u00bb<\/p>\n<p>( image )<\/p>\n<p>Le <span style=\"color: #ff0000\"><strong>chapitre 7<\/strong><\/span> nous parle de bmol et\u00a0<a title=\"b\u00e9carre\" href=\"http:\/\/commons.wikimedia.org\/wiki\/File:Llpd0.svg\"><img loading=\"lazy\" decoding=\"async\" alt=\"b\u00e9carre\" src=\"http:\/\/upload.wikimedia.org\/wikipedia\/commons\/thumb\/5\/56\/Llpd0.svg\/5px-Llpd0.svg.png\" width=\"5\" height=\"16\" \/><\/a>dur situ\u00e9s outre leur lieux et chants propres.<\/p>\n<p>&nbsp;<\/p>\n<p>La<span style=\"color: #ff0000\"> deuxi\u00e8me partie<\/span>, quand \u00e0 elle, est compos\u00e9e de 13 chapitres sur <span style=\"color: #1fdf2e\">les figures de notes<\/span>, expliqu\u00e9e une \u00e0 une avec des r\u00e8gles d&rsquo;utilisation et quelques exemples ( \u00e0 partir du chapitre 8)<\/p>\n<p>Le<span style=\"color: #ff0000\"><strong> chapitre 1<\/strong><\/span> nous parle de la Musique figur\u00e9e et de ces notes. \u00a0 \u00a0 \u00a0 \u00a0 \u00a0 \u00a0 \u00a0 \u00a0 \u00a0 \u00a0 \u00a0 \u00a0 \u00a0 \u00a0 \u00a0 \u00a0 \u00a0 \u00a0 \u00a0 \u00a0 \u00a0 \u00a0 \u00a0 \u00a0 \u00a0 \u00a0 Notes de formes, figure ou quantit\u00e9 diverses. C&rsquo;est un art ou un enseignement de bien chanter selon diverses figure et quantit\u00e9 de notes, lesquelles sont augment\u00e9es ou diminu\u00e9es selon qu&rsquo;il est requis en ces 3 degr\u00e9s: MODE, TEMPS et PROLATION. \u00a0 \u00a0 \u00a0 \u00a0 \u00a0 \u00a0 \u00a0 \u00a0 \u00a0R\u00e8gle: \u00a0\u00bb Toutes notes peut avoir la queue en haut ou en bas sans accroissement ou diminution de sa valeur: except\u00e9 en ligature.<\/p>\n<dl class=\"wp-caption alignnone\" style=\"width: 440px\">\n<dt class=\"wp-caption-dt\"><img loading=\"lazy\" decoding=\"async\" alt=\"\" src=\"http:\/\/www.musicologie.org\/Biographies\/g\/guilliaud_14.gif\" width=\"430\" height=\"431\" \/><\/dt>\n<\/dl>\n<dl class=\"wp-caption alignnone\" style=\"width: 440px\">\n<dd class=\"wp-caption-dd\">Figures de notes<\/dd>\n<\/dl>\n<p>Le <span style=\"color: #ff0000\"><strong>chapitre 2<\/strong><\/span> nous parle des Ligatures des notes. \u00a0 \u00a0 \u00a0 \u00a0 \u00a0 \u00a0 \u00a0 \u00a0 \u00a0 \u00a0 \u00a0 \u00a0 \u00a0 \u00a0 \u00a0 \u00a0 \u00a0 \u00a0 \u00a0 \u00a0 \u00a0 \u00a0 \u00a0 \u00a0 \u00a0 \u00a0 \u00a0 \u00a0 \u00a0 \u00a0 \u00a0 \u00a0 \u00a0 \u00a0 \u00a0 \u00a0 \u00a0 De toutes ces 8 sorte de notes ( Maxime, longue, br\u00e8ve, semi-br\u00e8ve, minime, semi-minime, fuse et semi-fuse ) il y en a 4 qui peuvent se lier : la maxime, la loongue et la br\u00e8ve et la Semi-br\u00e8ve. Toutes notes \u00e9tant li\u00e9es est form\u00e9e en figure ou en carr\u00e9 ou oblique. \u00a0 \u00a0 \u00a0 \u00a0 \u00a0 \u00a0 \u00a0 \u00a0 \u00a0 \u00a0 R\u00e8gle: La maxime ne perd jamais sa forme en ligature .<\/p>\n<p>&nbsp;<\/p>\n<p>( Chapitres en cours de r\u00e9lisation &#8230; )<\/p>\n<p>Ce trait\u00e9 est traduit en vieux fran\u00e7ais donc il est accessible au plus grand nombre, notamment pour ceux qui ne parlait pas le latin.<\/p>\n<h3><span style=\"color: #800000\">Si vous souhaitez en savoir plus sur la notation des notes dirigez vous vers<\/span> <a title=\"La musique de la renaissance pour les nuls !\" href=\"https:\/\/blogs.univ-tlse2.fr\/musique-renaissance\/theorie-pratique\/traites\/la-musique-de-la-renaissance-pour-les-nuls\/\">le trait\u00e9 de Blockland.<\/a><\/h3>\n","protected":false},"excerpt":{"rendered":"<p>Le trait\u00e9 de Maximilien Guilliaud est compos\u00e9 de 2 parties: Ce trait\u00e9 est une r\u00e9flexion sur les premi\u00e8res notions de la musique pratique et sur l&rsquo;enseignement du plain-chant, [..]<\/p>\n","protected":false},"author":205,"featured_media":0,"parent":107,"menu_order":2,"comment_status":"closed","ping_status":"open","template":"","meta":{"footnotes":""},"class_list":["post-342","page","type-page","status-publish","hentry"],"_links":{"self":[{"href":"https:\/\/blogs.univ-tlse2.fr\/musique-renaissance\/wp-json\/wp\/v2\/pages\/342","targetHints":{"allow":["GET"]}}],"collection":[{"href":"https:\/\/blogs.univ-tlse2.fr\/musique-renaissance\/wp-json\/wp\/v2\/pages"}],"about":[{"href":"https:\/\/blogs.univ-tlse2.fr\/musique-renaissance\/wp-json\/wp\/v2\/types\/page"}],"author":[{"embeddable":true,"href":"https:\/\/blogs.univ-tlse2.fr\/musique-renaissance\/wp-json\/wp\/v2\/users\/205"}],"replies":[{"embeddable":true,"href":"https:\/\/blogs.univ-tlse2.fr\/musique-renaissance\/wp-json\/wp\/v2\/comments?post=342"}],"version-history":[{"count":12,"href":"https:\/\/blogs.univ-tlse2.fr\/musique-renaissance\/wp-json\/wp\/v2\/pages\/342\/revisions"}],"predecessor-version":[{"id":775,"href":"https:\/\/blogs.univ-tlse2.fr\/musique-renaissance\/wp-json\/wp\/v2\/pages\/342\/revisions\/775"}],"up":[{"embeddable":true,"href":"https:\/\/blogs.univ-tlse2.fr\/musique-renaissance\/wp-json\/wp\/v2\/pages\/107"}],"wp:attachment":[{"href":"https:\/\/blogs.univ-tlse2.fr\/musique-renaissance\/wp-json\/wp\/v2\/media?parent=342"}],"curies":[{"name":"wp","href":"https:\/\/api.w.org\/{rel}","templated":true}]}}