 {"id":418,"date":"2013-11-25T22:03:46","date_gmt":"2013-11-25T20:03:46","guid":{"rendered":"https:\/\/blogs.univ-tlse2.fr\/musique-renaissance\/?page_id=418"},"modified":"2025-03-12T17:24:13","modified_gmt":"2025-03-12T16:24:13","slug":"apparition-de-nouvelles-formes","status":"publish","type":"page","link":"https:\/\/blogs.univ-tlse2.fr\/musique-renaissance\/la-chanson-francaise-1520-1580\/apparition-de-nouvelles-formes\/","title":{"rendered":"Apparition de nouvelles formes"},"content":{"rendered":"<p><!--\nP { margin-bottom: 0.21cm; }A:link {  }\n-->Dans l&rsquo;introduction de la chanson Francaise de la Renaissance, nous avons vu des changements \u00e0 partir des ann\u00e9es 1520 :<br \/>\n-la fin des techniques tr\u00e8s compliqu\u00e9es du temps d&rsquo;Ockeghem<br \/>\n-La fin de l&rsquo;utilisation des cantus firmus dans les messes<br \/>\n-Le d\u00e9veloppement de la messe d&rsquo;imitation<\/p>\n<p>Toutes ces innovations vont donner naissance \u00e0 de nouvelles formes au d\u00e9but du XVI<sup>e<\/sup>\u00a0si\u00e8cle.<\/p>\n<p>Il y a en premier lieu la technique de l\u2019\u00e9criture en imitation, la \u00ab\u00a0messe paraphrase\u00a0\u00bb, dans laquelle un motif musical port\u00e9 par une premi\u00e8re voix est repris successivement par une seconde puis une troisi\u00e8me voix tandis que la premi\u00e8re passe au motif suivant.<\/p>\n<p>Ensuite, on voit aussi appara\u00eetre la \u00ab\u00a0messe-parodie\u00a0\u00bb (ou \u00ab\u00a0messe parodie\u00a0\u00bb) o\u00f9 le compositeur utilise une m\u00e9lodie populaire sur laquelle sont chant\u00e9es les paroles de l\u2019Ordinaire \u00e0 cinq ou six voix, voire plus chez <a href=\"http:\/\/fr.wikipedia.org\/wiki\/Antoine_Brumel\">Antoine Brumel<\/a> qui compose plusieurs messes dont une <i>Messe du tremblement de terre<\/i> (<i>Et ecce terrae motus<\/i>) \u00e0 douze voix.<\/p>\n<p>L\u2019imitation et la parodie ont peu \u00e0 peu \u00e9vinc\u00e9 le <i>cantus firmus<\/i> au cours du XVI<sup>e<\/sup>\u00a0si\u00e8cle. Pale<a href=\"http:\/\/fr.wikipedia.org\/wiki\/Giovanni_Pierluigi_da_Palestrina\">strina<\/a> \u00e0 lui seul a compos\u00e9 cinquante et une messes-parodies. Ces pratiques se r\u00e9pandent sans difficult\u00e9 jusqu&rsquo;au <a href=\"http:\/\/fr.wikipedia.org\/wiki\/Concile_de_Trente\">Concile de Trente<\/a>, en 1562, qui r\u00e9introduit la musique lin\u00e9aire et le contrepoint, r\u00e9put\u00e9 permettre une \u00e9coute plus claire des textes, et qui d\u00e9courage le recours au t\u00e9nor profane.<\/p>\n","protected":false},"excerpt":{"rendered":"<p>Dans l&rsquo;introduction de la chanson Francaise de la Renaissance, nous avons vu des changements \u00e0 partir des ann\u00e9es 1520 : -la fin des techniques tr\u00e8s compliqu\u00e9es du temps [..]<\/p>\n","protected":false},"author":208,"featured_media":0,"parent":7,"menu_order":2,"comment_status":"closed","ping_status":"open","template":"","meta":{"footnotes":""},"class_list":["post-418","page","type-page","status-publish","hentry"],"_links":{"self":[{"href":"https:\/\/blogs.univ-tlse2.fr\/musique-renaissance\/wp-json\/wp\/v2\/pages\/418","targetHints":{"allow":["GET"]}}],"collection":[{"href":"https:\/\/blogs.univ-tlse2.fr\/musique-renaissance\/wp-json\/wp\/v2\/pages"}],"about":[{"href":"https:\/\/blogs.univ-tlse2.fr\/musique-renaissance\/wp-json\/wp\/v2\/types\/page"}],"author":[{"embeddable":true,"href":"https:\/\/blogs.univ-tlse2.fr\/musique-renaissance\/wp-json\/wp\/v2\/users\/208"}],"replies":[{"embeddable":true,"href":"https:\/\/blogs.univ-tlse2.fr\/musique-renaissance\/wp-json\/wp\/v2\/comments?post=418"}],"version-history":[{"count":1,"href":"https:\/\/blogs.univ-tlse2.fr\/musique-renaissance\/wp-json\/wp\/v2\/pages\/418\/revisions"}],"predecessor-version":[{"id":419,"href":"https:\/\/blogs.univ-tlse2.fr\/musique-renaissance\/wp-json\/wp\/v2\/pages\/418\/revisions\/419"}],"up":[{"embeddable":true,"href":"https:\/\/blogs.univ-tlse2.fr\/musique-renaissance\/wp-json\/wp\/v2\/pages\/7"}],"wp:attachment":[{"href":"https:\/\/blogs.univ-tlse2.fr\/musique-renaissance\/wp-json\/wp\/v2\/media?parent=418"}],"curies":[{"name":"wp","href":"https:\/\/api.w.org\/{rel}","templated":true}]}}