 {"id":625,"date":"2014-01-03T18:09:01","date_gmt":"2014-01-03T16:09:01","guid":{"rendered":"https:\/\/blogs.univ-tlse2.fr\/musique-renaissance\/?page_id=625"},"modified":"2025-03-12T17:24:34","modified_gmt":"2025-03-12T16:24:34","slug":"les-3-especes-de-points","status":"publish","type":"page","link":"https:\/\/blogs.univ-tlse2.fr\/musique-renaissance\/theorie-pratique\/traites\/la-musique-de-la-renaissance-pour-les-nuls\/les-3-especes-de-points\/","title":{"rendered":"Les 3 cat\u00e9gories de points."},"content":{"rendered":"<h2><strong><span style=\"color: #eb1354\">Il y a 3 sortes de points<\/span>:<\/strong><\/h2>\n<ul>\n<li>Le premier est mis entre deux notes, les s\u00e9pare, relie la premi\u00e8re \u00e0 la pr\u00e9c\u00e9dente, et la seconde \u00e0 la suivante. Il s&rsquo;appelle le<span style=\"color: #ff6600\"> point de division<\/span>, on utilise seulement dans le chant parfait.<\/li>\n<li>Le second est plac\u00e9 apr\u00e8s la note, presque coll\u00e9. Le point la modifie en la rendant \u00a0parfaite ( dans le cadre de la mesure ). Il s&rsquo;appelle <span style=\"color: #0000ff\">point de perfection<\/span>, il est lui aussi utilis\u00e9 dans le chant parfait.<\/li>\n<li>Le dernier est mis apr\u00e8s la note, il l&rsquo;augmente de moiti\u00e9 et s&rsquo;appelle <span style=\"color: #21dd4a\">point d&rsquo;augmentation<\/span> ou d&rsquo;addition.<\/li>\n<\/ul>\n<p style=\"text-align: center\">\u00a0<a href=\"https:\/\/blogs.univ-tlse2.fr\/musique-renaissance\/files\/2014\/01\/Sans-titre22.png\"><img loading=\"lazy\" decoding=\"async\" class=\"wp-image-627 aligncenter\" alt=\"Sans titre22\" src=\"https:\/\/blogs.univ-tlse2.fr\/musique-renaissance\/files\/2014\/01\/Sans-titre22.png\" width=\"375\" height=\"473\" srcset=\"https:\/\/blogs.univ-tlse2.fr\/musique-renaissance\/files\/2014\/01\/Sans-titre22.png 527w, https:\/\/blogs.univ-tlse2.fr\/musique-renaissance\/files\/2014\/01\/Sans-titre22-238x300.png 238w\" sizes=\"auto, (max-width: 375px) 100vw, 375px\" \/><\/a><\/p>\n","protected":false},"excerpt":{"rendered":"<p>Il y a 3 sortes de points: Le premier est mis entre deux notes, les s\u00e9pare, relie la premi\u00e8re \u00e0 la pr\u00e9c\u00e9dente, et la seconde \u00e0 la suivante. [..]<\/p>\n","protected":false},"author":205,"featured_media":0,"parent":597,"menu_order":0,"comment_status":"closed","ping_status":"open","template":"","meta":{"footnotes":""},"class_list":["post-625","page","type-page","status-publish","hentry"],"_links":{"self":[{"href":"https:\/\/blogs.univ-tlse2.fr\/musique-renaissance\/wp-json\/wp\/v2\/pages\/625","targetHints":{"allow":["GET"]}}],"collection":[{"href":"https:\/\/blogs.univ-tlse2.fr\/musique-renaissance\/wp-json\/wp\/v2\/pages"}],"about":[{"href":"https:\/\/blogs.univ-tlse2.fr\/musique-renaissance\/wp-json\/wp\/v2\/types\/page"}],"author":[{"embeddable":true,"href":"https:\/\/blogs.univ-tlse2.fr\/musique-renaissance\/wp-json\/wp\/v2\/users\/205"}],"replies":[{"embeddable":true,"href":"https:\/\/blogs.univ-tlse2.fr\/musique-renaissance\/wp-json\/wp\/v2\/comments?post=625"}],"version-history":[{"count":6,"href":"https:\/\/blogs.univ-tlse2.fr\/musique-renaissance\/wp-json\/wp\/v2\/pages\/625\/revisions"}],"predecessor-version":[{"id":814,"href":"https:\/\/blogs.univ-tlse2.fr\/musique-renaissance\/wp-json\/wp\/v2\/pages\/625\/revisions\/814"}],"up":[{"embeddable":true,"href":"https:\/\/blogs.univ-tlse2.fr\/musique-renaissance\/wp-json\/wp\/v2\/pages\/597"}],"wp:attachment":[{"href":"https:\/\/blogs.univ-tlse2.fr\/musique-renaissance\/wp-json\/wp\/v2\/media?parent=625"}],"curies":[{"name":"wp","href":"https:\/\/api.w.org\/{rel}","templated":true}]}}