 {"id":806,"date":"2014-01-17T11:03:27","date_gmt":"2014-01-17T10:03:27","guid":{"rendered":"https:\/\/blogs.univ-tlse2.fr\/musique-renaissance\/?page_id=806"},"modified":"2025-03-12T17:24:13","modified_gmt":"2025-03-12T16:24:13","slug":"la-centonisation","status":"publish","type":"page","link":"https:\/\/blogs.univ-tlse2.fr\/musique-renaissance\/imitation-emprunt-dans-les-musiques-deglise\/la-centonisation\/","title":{"rendered":"La Centonisation"},"content":{"rendered":"<p>La centonisation est un proc\u00e9d\u00e9 de composition utilis\u00e9 d\u00e9s le XIIe si\u00e8cle. Il consiste a utiliser des fragments m\u00e9lodiques pr\u00e9-compos\u00e9s. Ainsi, on peut trouver de nombreuses \u0153uvres poss\u00e9dant des m\u00e9lodies similaires. Certains compositeurs vont m\u00eame jusqu&rsquo;\u00e0 citer le passage de l\u2019\u0153uvre d&rsquo;o\u00f9 ils ont tir\u00e9 le fragment m\u00e9lodique, exemple avec \u00a0ce <a title=\"Motet fran\u00e7ais &quot;joliement...&quot;\" href=\"https:\/\/imagizer.imageshack.us\/v2\/929x601q90\/607\/eiw1.jpg\" target=\"_blank\">motet fran\u00e7ais<\/a> dans lequel on remarque aux vers 16 et 17, la similarit\u00e9 de m\u00e9lodie. Le vers 17 \u00e9crit en latin <em>\u00ab\u00a0nostra sunt sollempia\u00a0\u00bb<\/em> est la citation en question, d&rsquo;une \u0153uvre que l&rsquo;auteur du pr\u00e9sent motet connaissait.<\/p>\n<p>Cette m\u00e9thode de composition \u00e9tant tr\u00e8s courante, il est tr\u00e8s possible qu&rsquo;un autre motet poss\u00e8de \u00e9galement la m\u00eame formule m\u00e9lodique. Et il en est de m\u00eame pour de nombreux autres fragments m\u00e9lodiques. La centonisation est de ce point de vue une forme d&rsquo;imitation.<\/p>\n","protected":false},"excerpt":{"rendered":"<p>La centonisation est un proc\u00e9d\u00e9 de composition utilis\u00e9 d\u00e9s le XIIe si\u00e8cle. Il consiste a utiliser des fragments m\u00e9lodiques pr\u00e9-compos\u00e9s. Ainsi, on peut trouver de nombreuses \u0153uvres poss\u00e9dant [..]<\/p>\n","protected":false},"author":205,"featured_media":0,"parent":17,"menu_order":0,"comment_status":"closed","ping_status":"open","template":"","meta":{"footnotes":""},"class_list":["post-806","page","type-page","status-publish","hentry"],"_links":{"self":[{"href":"https:\/\/blogs.univ-tlse2.fr\/musique-renaissance\/wp-json\/wp\/v2\/pages\/806","targetHints":{"allow":["GET"]}}],"collection":[{"href":"https:\/\/blogs.univ-tlse2.fr\/musique-renaissance\/wp-json\/wp\/v2\/pages"}],"about":[{"href":"https:\/\/blogs.univ-tlse2.fr\/musique-renaissance\/wp-json\/wp\/v2\/types\/page"}],"author":[{"embeddable":true,"href":"https:\/\/blogs.univ-tlse2.fr\/musique-renaissance\/wp-json\/wp\/v2\/users\/205"}],"replies":[{"embeddable":true,"href":"https:\/\/blogs.univ-tlse2.fr\/musique-renaissance\/wp-json\/wp\/v2\/comments?post=806"}],"version-history":[{"count":1,"href":"https:\/\/blogs.univ-tlse2.fr\/musique-renaissance\/wp-json\/wp\/v2\/pages\/806\/revisions"}],"predecessor-version":[{"id":807,"href":"https:\/\/blogs.univ-tlse2.fr\/musique-renaissance\/wp-json\/wp\/v2\/pages\/806\/revisions\/807"}],"up":[{"embeddable":true,"href":"https:\/\/blogs.univ-tlse2.fr\/musique-renaissance\/wp-json\/wp\/v2\/pages\/17"}],"wp:attachment":[{"href":"https:\/\/blogs.univ-tlse2.fr\/musique-renaissance\/wp-json\/wp\/v2\/media?parent=806"}],"curies":[{"name":"wp","href":"https:\/\/api.w.org\/{rel}","templated":true}]}}