 {"id":112,"date":"2011-09-21T20:14:42","date_gmt":"2011-09-21T18:14:42","guid":{"rendered":"http:\/\/npl-aphasia-2012.com\/?page_id=112"},"modified":"2015-07-13T16:17:44","modified_gmt":"2015-07-13T14:17:44","slug":"information","status":"publish","type":"page","link":"https:\/\/blogs.univ-tlse2.fr\/npl-aphasia-2012\/information\/","title":{"rendered":"Venue"},"content":{"rendered":"<p><\/p>\n<p style=\"text-align: center\" align=\"center\"><strong>Toulouse, Midi-Pyr\u00e9n\u00e9es, France<\/strong><span style=\"color: #000080\"><strong><br \/>\n<\/strong><\/span><span style=\"color: #000080\"><strong><br \/>\n<\/strong><\/span><\/p>\n<p><strong><strong><a href=\"https:\/\/blogs.univ-tlse2.fr\/npl-aphasia-2012\/files\/2012\/03\/DSC_2894.jpg\" target=\"_blank\"><img loading=\"lazy\" decoding=\"async\" class=\"aligncenter size-medium wp-image-439\" title=\"DSC_2894\" src=\"https:\/\/blogs.univ-tlse2.fr\/npl-aphasia-2012\/files\/2012\/03\/DSC_2894-300x199.jpg\" alt=\"\" width=\"300\" height=\"199\" srcset=\"https:\/\/blogs.univ-tlse2.fr\/npl-aphasia-2012\/files\/2012\/03\/DSC_2894-300x199.jpg 300w, https:\/\/blogs.univ-tlse2.fr\/npl-aphasia-2012\/files\/2012\/03\/DSC_2894-150x100.jpg 150w, https:\/\/blogs.univ-tlse2.fr\/npl-aphasia-2012\/files\/2012\/03\/DSC_2894.jpg 1024w, https:\/\/blogs.univ-tlse2.fr\/npl-aphasia-2012\/files\/2012\/03\/DSC_2894-624x414.jpg 624w\" sizes=\"auto, (max-width: 300px) 100vw, 300px\" \/><\/a><\/strong><span style=\"color: #000080\"><strong>Access to the conference:<br \/>\n<\/strong>University of Toulouse II-Le Mirail, Maison de la Recherche<\/span><\/strong><br \/>\n<a href=\"http:\/\/www.univ-tlse2.fr\/accueil-utm\/infos\/pratique\/adresses-et-acces\/adresses-localisations-et-acces-6326.kjsp?RH=ACCUEIL\" target=\"_blank\"><span style=\"color: #000080\"><span style=\"color: #000080\">http:\/\/www.univ-tlse2.fr\/accueil-utm\/infos\/pratique\/adresses-et-acces\/adresses-localisations-et-acces-6326.kjsp?RH=ACCUEIL<\/span><\/span><\/a><br \/>\nmetro station \u201cMirail Universit\u00e9\u201d (Line A, Dir. Basso Cambo), then 3 to 5 minutes walk to get to the \u201cMaison de la Recherche\u201d (conference room: D29)<\/p>\n<p><strong><span style=\"color: #000080\">Maps:<\/span><\/strong><br \/>\n<span style=\"color: #000080\"><a href=\"http:\/\/www.univ-tlse2.fr\/accueil-utm\/infos\/pratique\/adresses-et-acces\/plans-d-acces-6334.kjsp?RH=adrloc\" target=\"_blank\"><span style=\"color: #000080\">http:\/\/www.univ-tlse2.fr\/accueil-utm\/infos\/pratique\/adresses-et-acces\/plans-d-acces-6334.kjsp?RH=adrloc<\/span><\/a><\/span><\/p>\n<p><strong><span style=\"color: #000080\">Address:<\/span><\/strong><br \/>\nMaison de la Recherche &#8211; D29<br \/>\nUniversit\u00e9 de Toulouse-Le Mirail<br \/>\n5, all\u00e9es Antonio Machado<br \/>\n31058 &#8211; Toulouse Cedex 9<\/p>\n<p><strong><span style=\"color: #000080\">Access (by air, train, car, metro, bus):<\/span><\/strong><br \/>\n<span style=\"color: #000080\"><a href=\"http:\/\/www.univ-tlse2.fr\/accueil-utm\/infos\/pratique\/adresses-et-acces\/moyens-d-acces-au-campus-du-mirail-61511.kjsp?RH=adrloc\" target=\"_blank\"><span style=\"color: #000080\">http:\/\/www.univ-tlse2.fr\/accueil-utm\/infos\/pratique\/adresses-et-acces\/moyens-d-acces-au-campus-du-mirail-61511.kjsp?RH=adrloc<\/span><\/a><\/span><\/p>\n<p><strong><span style=\"color: #000080\">General information about Toulouse and the R\u00e9gion Midi-Pyr\u00e9n\u00e9es:<\/span><\/strong><br \/>\nThe center of Toulouse is partly pedestrian and offers many hotels, restaurants and bars (the touristic season in Toulouse beginning in June, be quick to book your accommodation). The \u201cF\u00eate de la musique\u201d (21<sup>st<\/sup> of June, evening and night) is a very festive and popular event, so, very very very crowded.<br \/>\nCapitole, Jean-Jaures, Jeanne d\u2019Arc, Esquirol, Carmes, are very central metro stations.<br \/>\nUniversity of Toulouse II-Le Mirail is about 15-20 minutes from the city center by metro (line A : Jean-Jaures, Marengo-SNCF Matabiau train station, Capitole, Esquirol). From the metro line B, you may also catch the metro line A (Jean-Jaures) to get to the University.<br \/>\n<strong><span style=\"color: #000080\">Toulouse:<\/span><br \/>\n<\/strong>Interactive map of Toulouse: <a href=\"http:\/\/plan.toulouse.fr\/\" target=\"_blank\"><span style=\"color: #000080\"><span style=\"color: #000080\">http:\/\/plan.toulouse.fr\/<\/span><\/span><\/a><br \/>\nIn English: <a href=\"http:\/\/www.uk.toulouse-tourisme.com\/accueil\/index_en.php\" target=\"_blank\"><span style=\"color: #000080\"><span style=\"color: #000080\">http:\/\/www.uk.toulouse-tourisme.com\/accueil\/index_en.php<\/span><\/span><\/a><br \/>\nIn French: <a href=\"http:\/\/www.toulouse.fr\/tourisme\" target=\"_blank\"><span style=\"color: #000080\"><span style=\"color: #000080\">http:\/\/www.toulouse.fr\/tourisme<\/span><\/span><\/a><br \/>\nIn French: <a href=\"http:\/\/www.toulouse-tourisme.com\/accueil\/index_fr.php\" target=\"_blank\"><span style=\"color: #000080\"><span style=\"color: #000080\">http:\/\/www.toulouse-tourisme.com\/accueil\/index_fr.php<\/span><\/span><\/a><br \/>\n<strong><span style=\"color: #000080\">R\u00e9gion Midi-Pyr\u00e9n\u00e9es:<\/span><br \/>\n<\/strong>In English: <a href=\"http:\/\/www.midipyrenees.fr\/Midi-Pyrenees,3650\" target=\"_blank\"><span style=\"color: #000080\">http:\/\/www.midipyrenees.fr\/Midi-Pyrenees,3650<\/span><\/a><br \/>\nIn French: <span style=\"color: #000080\"><a href=\"http:\/\/www.midipyrenees.fr\/L-espace-regional-Grands-reperes\" target=\"_blank\"><span style=\"color: #000080\">http:\/\/www.midipyrenees.fr\/L-espace-regional-Grands-reperes<\/span><\/a><\/span><\/p>\n<p><strong><a href=\"https:\/\/blogs.univ-tlse2.fr\/npl-aphasia-2012\/files\/2012\/03\/Quais-de-la-Garonne3.jpg\" target=\"_blank\"><img loading=\"lazy\" decoding=\"async\" class=\"aligncenter\" title=\"Quais de la Garonne3\" src=\"https:\/\/blogs.univ-tlse2.fr\/npl-aphasia-2012\/files\/2012\/03\/Quais-de-la-Garonne3-300x199.jpg\" alt=\"\" width=\"300\" height=\"199\" \/><\/a><\/strong><\/p>\n<p><strong><span style=\"color: #000080\">Public transport:<\/span><br \/>\n<\/strong>Train: <a href=\"http:\/\/www.tgv-europe.com\/en\/?rfrr=Homepage_footer_unitedkingdom\" target=\"_blank\"><span style=\"color: #000080\"><span style=\"color: #000080\">http:\/\/www.tgv-europe.com\/en\/?rfrr=Homepage_footer_unitedkingdom<\/span><\/span><\/a><br \/>\nAir: Toulouse-Blagnac Airport (daily frequent flights between Toulouse and a lot of destinations in France and abroad) :<span style=\"color: #000080\"> <a href=\"http:\/\/www.toulouse.aeroport.fr\/en\" target=\"_blank\"><span style=\"color: #000080\">http:\/\/www.toulouse.aeroport.fr\/en<\/span><\/a><\/span><br \/>\n<span style=\"color: #000000\"> Airport shuttle:<\/span> <a href=\"http:\/\/www.toulouse.aeroport.fr\/airport\/access-transport-car-park\/access\/public-transportation\/navette-city-centre\" target=\"_blank\"><span style=\"color: #000080\"><span style=\"color: #000080\">http:\/\/www.toulouse.aeroport.fr\/airport\/access-transport-car-park\/access\/public-transportation\/navette-city-centre<\/span><\/span><\/a><br \/>\nTiss\u00e9o bus \/ metro \/ tramway information : <a href=\"http:\/\/www.tisseo.fr\/\" target=\"_blank\"><span style=\"color: #000080\"><span style=\"color: #000080\">http:\/\/www.tisseo.fr\/<\/span><\/span><\/a><br \/>\nTiss\u00e9o metro \/ bus network and schedules :<span style=\"color: #000080\"> <a href=\"http:\/\/www.tisseo.fr\/se-deplacer\/plans\" target=\"_blank\"><span style=\"color: #000080\">http:\/\/www.tisseo.fr\/se-deplacer\/plans<\/span><\/a><\/span><br \/>\nTiss\u00e9o rates : <span style=\"color: #000080\"><a href=\"http:\/\/www.tisseo.fr\/les-tarifs\/la-gamme\" target=\"_blank\"><span style=\"color: #000080\">http:\/\/www.tisseo.fr\/les-tarifs\/la-gamme<\/span><\/a><\/span><\/p>\n<p><strong><span style=\"color: #000080\">Registration:<\/span><br \/>\n<\/strong><span style=\"color: #000080\"><a href=\"http:\/\/w3.colloquescprs.univ-tlse2.fr\/spip.php?rubrique52&amp;lang=en\" target=\"_blank\"><span style=\"color: #000080\">http:\/\/w3.colloquescprs.univ-tlse2.fr\/spip.php?rubrique52&amp;lang=en<\/span><\/a><\/span><\/p>\n<p>&nbsp;<\/p>\n<p><span style=\"color: #888888\"> <span style=\"color: #000000\">Other options to have lunch on the campus:<\/span><\/span><br \/>\n&gt;Restaurant Universitaire: <a href=\"http:\/\/www.crous-toulouse.fr\/1-35400-Fiche-detaillee.php?id=7\" target=\"_blank\"><span style=\"color: #000080\">http:\/\/www.crous-toulouse.fr\/1-35400-Fiche-detaillee.php?id=7<\/span><\/a><\/p>\n<p style=\"text-align: center\"><strong><span style=\"color: #000080\"><a href=\"https:\/\/blogs.univ-tlse2.fr\/npl-aphasia-2012\/files\/2012\/03\/DSC_2900.jpg\" target=\"_blank\"><img loading=\"lazy\" decoding=\"async\" class=\"aligncenter size-medium wp-image-438\" title=\"DSC_2900\" src=\"https:\/\/blogs.univ-tlse2.fr\/npl-aphasia-2012\/files\/2012\/03\/DSC_2900-300x199.jpg\" alt=\"\" width=\"300\" height=\"199\" srcset=\"https:\/\/blogs.univ-tlse2.fr\/npl-aphasia-2012\/files\/2012\/03\/DSC_2900-300x199.jpg 300w, https:\/\/blogs.univ-tlse2.fr\/npl-aphasia-2012\/files\/2012\/03\/DSC_2900-150x100.jpg 150w, https:\/\/blogs.univ-tlse2.fr\/npl-aphasia-2012\/files\/2012\/03\/DSC_2900.jpg 1024w, https:\/\/blogs.univ-tlse2.fr\/npl-aphasia-2012\/files\/2012\/03\/DSC_2900-624x414.jpg 624w\" sizes=\"auto, (max-width: 300px) 100vw, 300px\" \/><\/a>Accommodation<\/span><\/strong><\/p>\n<p><strong><span style=\"color: #000080\">Central hotel reservation:<\/span><br \/>\n<\/strong><span style=\"color: #000080\"><a href=\"http:\/\/www.reservationhoteltoulouse.com\/\" target=\"_blank\"><span style=\"color: #000080\">http:\/\/www.reservationhoteltoulouse.com\/<\/span><\/a><\/span><\/p>\n<p><strong><span style=\"color: #000080\">Youth hostel:<\/span><br \/>\n<\/strong>Youth hostel is near Jolimont station (line A) : <span style=\"color: #000080\"><a href=\"http:\/\/www.fuaj.org\/toulouse\" target=\"_blank\"><span style=\"color: #000080\">http:\/\/www.fuaj.org\/toulouse<\/span><\/a><\/span><\/p>\n<p align=\"center\"><span style=\"color: #000080\"><strong>HOTELS<br \/>\n<\/strong>by the train station, city center, conference place<\/span><br \/>\n<span style=\"color: #000080\"> indicative and approximative rates, they might have changed<\/span><\/p>\n<p><strong><span style=\"color: #000080\">By the train station (Matabiau &#8211; SNCF):<\/span><br \/>\n<\/strong>H\u00f4tel d\u2019Orsay**<br \/>\n8, Bd Bonrepos \u2013 tel. +33 (0)5 61 62 71 61<br \/>\nRoom 1 or 2 pers. from 59\u20ac to 61\u20ac &#8211; breakfast buffet: 7,50\u20ac &#8211; Wifi access<br \/>\n<a href=\"http:\/\/www.hotel-dorsay.com\/\" target=\"_blank\">www.hotel-dorsay.com<\/a> \u2013 Mail: <a href=\"m&#97;&#x69;lt&#x6f;&#x3a;ho&#x74;&#x65;l&#46;&#x64;&#x6f;r&#115;&#x61;&#x79;&#64;&#119;&#x61;&#x6e;a&#100;&#x6f;o&#46;&#102;&#x72;\">h&#x6f;&#x74;e&#108;&#x2e;d&#111;&#x72;s&#97;&#x79;&#64;w&#x61;&#x6e;a&#x64;&#x6f;o&#46;&#x66;r<\/a> \u2013 metro Marengo-SNCF<\/p>\n<p>H\u00f4tel Icare**<br \/>\n11, Bd Bonrepos \u2013 tel +33 (0)5 61 63 66 55<br \/>\nSingle room from 45\u20ac to 47\u20ac; Double room 51\u20ac to 70\u20ac &#8211; breakfast: 7\u20ac &#8211; Wifi access<br \/>\n<a href=\"http:\/\/www.hotelicare.com\/\" target=\"_blank\">www.hotelicare.com<\/a> \u2013 Mail: <a href=\"&#x6d;&#x61;&#105;&#108;to&#x3a;&#x68;&#x6f;&#116;eli&#x63;&#x61;&#x72;&#101;&#64;w&#x61;&#x6e;&#x61;&#100;&#111;o&#46;&#x66;&#x72;\">&#x68;o&#x74;&#x65;l&#x69;&#99;a&#x72;&#101;&#64;&#x77;a&#x6e;&#x61;d&#x6f;&#111;&#46;&#x66;&#114;<\/a> \u2013\u00a0 metro Marengo-SNCF<\/p>\n<p>H\u00f4tel le Pr\u00e9sident**<br \/>\n43, rue Raymond IV \u2013 tel. +33 (0)5 61 63 46 46<br \/>\nRoom 1 pers. from 50\u20ac to 75\u20ac ; Double room 72\u20ac to 84\u20ac \u2013 breakfast: 9\u20ac<br \/>\n<a href=\"http:\/\/www.hotel-president.com\/\" target=\"_blank\">www.hotel-president.com<\/a> \u2013 Mail: <a href=\"m&#x61;&#x69;l&#116;&#x6f;:&#104;&#x6f;&#x74;e&#x6c;&#x2d;p&#114;&#x65;s&#105;&#x64;&#x65;n&#x74;&#x40;w&#97;&#x6e;a&#100;&#x6f;&#x6f;&#46;&#x66;&#x72;\">&#104;o&#x74;e&#x6c;-&#x70;r&#x65;s&#x69;d&#x65;n&#x74;&#64;&#x77;a&#x6e;&#97;&#x64;&#111;&#x6f;&#46;&#x66;&#114;<\/a><br \/>\nmetro Marengo-SNCF or Jeanne d&#8217;Arc<\/p>\n<p>H\u00f4tel Terminus***<br \/>\n13 Bd Bonrepos &#8211; tel. +33 (0)5 61 62 44 78<br \/>\nRoom 1 pers. from 63\u20ac to 87\u20ac ; Double room 72\u20ac to 92\u20ac \u2013 breakfast: 8\u20ac<br \/>\n<a href=\"http:\/\/www.terminus31.com\/\" target=\"_blank\">www.Hotelterminus31.com<\/a> &#8211; Mail: <a href=\"m&#x61;&#x69;l&#116;&#x6f;:&#72;&#x6f;&#x74;e&#x6c;&#x74;e&#114;&#x6d;i&#110;&#x75;&#x73;3&#x31;&#x40;w&#97;&#x6e;a&#100;&#x6f;&#x6f;&#46;&#x66;&#x72;\">&#x48;&#x6f;&#x74;&#x65;&#x6c;&#x74;&#x65;&#x72;&#x6d;&#x69;&#x6e;&#117;&#115;&#51;&#49;&#64;wanadoo&#46;&#x66;&#x72;<\/a> \u2013 metro Marengo-SNCF<\/p>\n<p><strong><span style=\"color: #000080\">City center:<\/span><br \/>\n<\/strong>H\u00f4tel Croix-Baragnon*<br \/>\n17, rue Croix-Baragnon \u2013 tel +33 (0)5 61 52 60 10<br \/>\nRoom 1 pers 43\u20ac &#8211; Double room 55\u20ac to 60\u20ac &#8211; breakfast: 5\u20ac &#8211; Wifi access<br \/>\n<a href=\"http:\/\/www.hotelcroixbaragnon.com\/\" target=\"_blank\">www.hotelcroixbaragnon.com<\/a> \u2013 metro Esquirol<\/p>\n<p>H\u00f4tel du Taur**<br \/>\n2, rue du Taur \u2013 tel. +33 (0)5 61 21 17 54<br \/>\nRoom 1 pers. from 50\u20ac to 65\u20ac &#8211; Double room 65\u20ac to 75\u20ac &#8211; breakfast buffet: 8,50\u20ac<br \/>\n<a href=\"www.hotel-du-taur.com\" target=\"_blank\">www.hotel-du-taur.com <\/a>\u2013 metro Capitole<\/p>\n<p>H\u00f4tel Riquet**<br \/>\n92, rue Riquet \u2013 tel +33 (0)5 61 62 55 96<br \/>\nRoom 1 pers from 53\u20ac to 95\u20ac &#8211; Double room 80\u20ac to 138 &#8211; breakfast buffet: 9\u20ac &#8211; Wifi access<br \/>\n<a href=\"www.hotelriquet.com\" target=\"_blank\">www.hotelriquet.com <\/a>&#8211; Mail: <a href=\"&#x6d;a&#x69;&#108;&#x74;&#x6f;:&#x68;&#111;&#x74;&#x65;l&#x72;&#105;&#x71;&#x75;e&#x74;&#64;&#x77;&#x61;n&#x61;&#100;&#x6f;&#x6f;&#46;&#x66;&#114;\">hotelriquet&#64;wanadoo&#46;&#102;&#114;<\/a> \u2013 metro Jean Jaur\u00e8s<\/p>\n<p>H\u00f4tel de France**<br \/>\n5, rue d\u2019Austerlitz \u2013 tel. +33 (0)5 61 21 88 24<br \/>\nRoom 1 or 2 pers. from 65\u20ac to 86\u20ac &#8211; breakfast: 7\u20ac &#8211; Wifi access<br \/>\n<a href=\"http:\/\/www.hotel-france-toulouse.com\/\" target=\"out\">www.hotel-france-toulouse.com<\/a> \u2013\u00a0 Metro Jean Jaur\u00e8s<\/p>\n<p>H\u00f4tel Capitole**<br \/>\n10, rue Rivals \u2013 tel. +33 (0)5 61 23 21 28<br \/>\nRoom 1 pers. from 59\u20ac to 79\u20ac &#8211; Double room 77\u20ac to 87\u20ac &#8211; breakfast: 8\u20ac &#8211; Wifi access<br \/>\n<a href=\"http:\/\/www.capitole-hotel.com\/\" target=\"out\">www.capitole-hotel.com<\/a> \u2013 Mail: <a href=\"&#x6d;&#97;i&#x6c;&#116;o&#x3a;&#x68;ot&#x65;&#108;c&#x61;&#x70;it&#x6f;&#108;e&#x40;&#x77;an&#x61;&#100;o&#x6f;&#x2e;fr\">&#x68;&#x6f;&#x74;&#101;lca&#x70;&#x69;&#x74;&#111;le&#64;&#x77;&#x61;&#x6e;&#97;doo&#x2e;&#x66;&#x72;<\/a> \u2013 metro Capitole<\/p>\n<p>H\u00f4tel Victor Hugo**<br \/>\n26, Bd de Strasbourg \u2013 tel. +33 (0)5 61 63 40 41<br \/>\nRoom 1 pers. from 66\u20ac to 80\u20ac &#8211; Double room from 80\u20ac to 91\u20ac &#8211; breakfast: 9\u20ac &#8211; Wifi access<br \/>\n<a href=\"http:\/\/www.victorhugo-hotel.com\" target=\"_blank\">www.victorhugo-hotel.com<\/a><br \/>\nMail: <a href=\"&#109;a&#x69;l&#x74;o&#x3a;&#99;&#x6f;&#110;t&#x61;c&#x74;&#64;&#x76;i&#x63;&#116;&#x6f;&#114;h&#x75;g&#x6f;-&#x68;&#111;&#x74;&#101;l&#x2e;c&#x6f;m\">c&#111;&#x6e;&#x74;a&#99;&#x74;&#x40;v&#105;&#x63;&#x74;or&#x68;&#x75;go&#x2d;&#x68;ot&#101;&#x6c;&#x2e;c&#111;&#x6d;<\/a> \u2013 metro Capitole or Jean Jaur\u00e8s<\/p>\n<p>H\u00f4tel Royal Wilson**<br \/>\n6,\u00a0rue Labeda \u2013 tel. +33 (0)5 61 12 41 41<br \/>\nRoom 1 or 2 pers. from 53\u20ac to 64\u20ac &#8211; Double room 53\u20ac to 90\u20ac &#8211; breakfast: 8\u20ac &#8211; Wifi access<br \/>\n<a href=\"http:\/\/www.royal-wilson.com\/\" target=\"out\">www.royal-wilson.com<\/a><br \/>\nMail: <a href=\"m&#x61;i&#108;&#x74;o&#58;&#x72;o&#121;&#x61;l&#119;&#x69;l&#x73;&#x6f;n&#x68;&#x6f;t&#x65;l&#46;&#x74;o&#117;&#x6c;o&#117;&#x73;e&#64;&#x77;a&#x6e;&#x61;d&#x6f;&#x6f;&#46;&#x66;r\">&#x72;&#x6f;ya&#x6c;&#x77;&#105;ls&#x6f;&#x6e;ho&#x74;&#x65;&#108;&#46;t&#x6f;&#x75;lo&#x75;&#x73;&#101;&#64;w&#x61;&#x6e;&#97;d&#x6f;&#x6f;&#46;fr<\/a> \u2013\u00a0 metro Capitole or Jean Jaur\u00e8s<\/p>\n<p>H\u00f4tel Castellane**<br \/>\n17, rue Castellane \u2013 tel. +33 (0)5 61 62 18 82<br \/>\nRoom 1 or 2 pers. from 74\u20ac to 90\u20ac &#8211; breakfast buffet: 8,50\u20ac \u2013 parking &#8211; Wifi access<br \/>\n<a href=\"http:\/\/www.castellanehotel.com\/\" target=\"_blank\">www.castellanehotel.com<\/a> &#8211; Mail: <a href=\"&#x6d;ai&#x6c;&#116;o&#x3a;&#99;a&#x74;&#101;l&#x6c;&#97;n&#x65;&#x68;o&#x74;&#x65;l&#x40;&#x77;a&#x6e;&#x61;do&#x6f;&#46;f&#x72;\">&#x63;&#97;t&#x65;&#x6c;&#108;a&#x6e;&#x65;&#104;o&#x74;&#x65;&#108;&#64;&#x77;&#x61;&#110;a&#x64;&#x6f;&#111;&#46;&#x66;&#x72;<\/a> \u2013 metro Jean Jaur\u00e8s<\/p>\n<p>H\u00f4tel Albert 1er**<br \/>\n8, rue Rivals \u2013 tel. +33 (0)5 61 21 17 91<br \/>\nRoom 1 or 2 pers. from 69\u20ac to 79\u20ac &#8211; Double room 79\u20ac to 119\u20ac<br \/>\nbreakfast buffet: 10\u20ac &#8211; Wifi access<br \/>\n<a href=\"http:\/\/www.hotel-albert1.com\/\" target=\"_blank\">www.hotel-albert1.com<\/a> &#8211; metro Capitole<\/p>\n<p>H\u00f4tel Ours blanc Victor Hugo**<br \/>\n25, place Victor Hugo \u2013 tel +33 (0)5 61 23 14 55<br \/>\nRoom 1 or 2 pers. from 60\u20ac to 79\u20ac \u2013 Double room 73\u20ac to 85\u20ac &#8211; breakfast: 7\u20ac &#8211; Wifi access<br \/>\n<a href=\"http:\/\/www.hotel-oursblanc.com\" target=\"_blank\">www.hotel-oursblanc.com <\/a>&#8211; Mail: <a href=\"&#x6d;a&#x69;l&#x74;o&#x3a;&#119;i&#x6c;s&#x6f;n&#x40;&#104;&#x6f;&#116;e&#x6c;-&#x6f;u&#x72;&#115;&#x62;&#x6c;a&#x6e;c&#x2e;c&#x6f;&#109;\">wilson&#64;&#104;&#111;&#116;&#101;&#x6c;&#x2d;&#x6f;&#x75;&#x72;&#x73;&#x62;&#x6c;&#x61;nc&#46;com<\/a> &#8211; metro Capitole<\/p>\n<p>H\u00f4tel Saint-Sernin**<br \/>\n2, rue Saint Bernard \u2013 tel +33 (0)5 61 21 73 08<br \/>\nRoom 1 or 2 pers. from 115\u20ac to 150\u20ac &#8211; Wifi access<br \/>\n<a href=\"http:\/\/www.hotelstsernin.com\/\" target=\"_blank\">www.hotelstsernin.com<\/a> &#8211; metro Jeanne d\u2019Arc<\/p>\n<p>H\u00f4tel des Beaux Arts***<br \/>\n1 place du Pont Neuf \u2013 tel +33 (0)5 34 45 42 42<br \/>\nRoom 1 or 2 pers. from 110\u20ac to 250\u20ac &#8211; Wifi access<br \/>\n<a href=\"http:\/\/www.hotel-des-beaux-arts.com\/GB\/default.htm\" target=\"_blank\">www.hotel-des-beaux-arts.com<\/a> &#8211; Mail: <a href=\"m&#x61;&#x69;l&#116;&#x6f;:&#99;&#x6f;n&#116;&#x61;ct&#x40;&#x68;o&#x74;&#x65;l&#100;&#x65;s&#98;&#x65;au&#x78;&#x61;r&#x74;&#x73;&#46;&#99;&#x6f;m\">c&#x6f;&#x6e;t&#x61;&#x63;t&#x40;&#x68;o&#x74;&#x65;l&#x64;&#x65;s&#x62;&#x65;a&#x75;&#x78;a&#x72;&#x74;s&#x2e;&#x63;o&#x6d;<\/a> &#8211; metro Esquirol<\/p>\n<p><span style=\"color: #000080\"><strong>Near the conference (University):<\/strong><\/span><\/p>\n<p>H\u00f4tel Ibis**<br \/>\n44 Rue Jacques Babinet \u2013 tel. +33 (0)5 61 40 86 86<br \/>\nRoom 1 or 2 pers. from 64\u20ac to 89\u20ac &#8211; breakfast: 7,50\u20ac \u2013 parking &#8211; Wifi access<br \/>\n<a href=\"http:\/\/www.accorhotels.com\/fr\/hotel-0641-ibis-toulouse-universite\/index.shtml\" target=\"_blank\">www.accorhotels.com<\/a> \u2013 Mail: <a href=\"mail&#116;&#111;&#x3a;&#x48;&#x31;&#x34;&#x32;9-IT&#64;&#97;&#x63;&#x63;&#x6f;&#x72;&#x2e;com\">H&#x31;4&#50;&#x39;-&#x49;T&#64;&#x61;c&#x63;&#x6f;r&#x2e;c&#111;&#x6d;<\/a> \u2013 metro Mirail-Universit\u00e9 (10&#8242; walk)<\/p>\n<p>Garden Hotel**<br \/>\n81, Bd Koenings &#8211; tel. +33 (0)5 62 48 59 00<br \/>\nSingle room 51\u20ac; Double room 59\u20ac &#8211; breakfast buffet: 7\u20ac &#8211; Wifi access<br \/>\n<a href=\"http:\/\/www.garden-hotel-toulouse.com\/\" target=\"_blank\">www.garden-hotel-toulouse.com<\/a> &#8211; metro Patte d&#8217;Oie<\/p>\n<p><span style=\"color: #000080\"><strong>CROUS accommodation for low budget (campus accommodation for students and other participants, cheap and confortable rooms<\/strong><\/span><strong><span style=\"color: #000080\"> only at Chapou and Rangueil, if any rooms are available at this moment)<\/span><br \/>\n<\/strong>Ask for a \u201crenovated rooms\u201d (\u201cchambre r\u00e9nov\u00e9e\u201d) and a \u201cshort stay\u201d for an international conference taking place in Toulouse 2-Le Mirail (\u201ccourt s\u00e9jour pour assister \u00e0 une conf\u00e9rence internationale \u00e0 l\u2019universit\u00e9 Toulouse 2-Le Mirail\u201d):<br \/>\n<span style=\"color: #000080\"><a href=\"http:\/\/www.crous-toulouse.fr\/1-34520-Courts-sejours.php\" target=\"_blank\"><span style=\"color: #000080\">http:\/\/www.crous-toulouse.fr\/1-34520-Courts-sejours.php<\/span><\/a><\/span><\/p>\n<p><span style=\"color: #000080\"><strong>Cit\u00e9 Universitaire CROUS \u00ab\u00a0Chapou\u00a0\u00bb (Toulouse &#8211; city center)<\/strong><\/span>:<br \/>\n<span style=\"color: #000080\"><a href=\"http:\/\/www.crous-toulouse.fr\/1-35482-Fiche-detaillee.php?id=7\"><span style=\"color: #000080\">http:\/\/www.crous-toulouse.fr\/1-35482-Fiche-detaillee.php?id=7<\/span><\/a><\/span><br \/>\nE-MAIL: M. D. LLADOS <span style=\"color: #000080\"><a href=\"&#109;&#x61;i&#x6c;t&#111;&#x3a;c&#x72;o&#117;&#x73;-&#x63;h&#x61;&#x70;o&#x75;&#64;&#x61;c&#45;&#x74;o&#x75;l&#111;&#x75;s&#x65;&#46;&#102;&#x72;\"><span style=\"color: #000080\">c&#x72;&#x6f;u&#115;&#x2d;c&#104;&#x61;&#x70;o&#x75;&#x40;a&#99;&#x2d;t&#111;&#x75;&#x6c;o&#x75;&#x73;e&#46;&#x66;r<\/span><\/a><\/span><br \/>\nTel : +33 (0)5 61 12 55 26 &#8211; Fax : +33 (0)5 61 12 37 74<\/p>\n<p><span style=\"color: #000080\"><strong>Cit\u00e9 Universitaire CROUS \u00ab\u00a0Rangueil\u00a0\u00bb (Toulouse &#8211; South, metro station Facult\u00e9 de Pharmacie, Universit\u00e9 Paul Sabatier, Line B)<\/strong><\/span>:<br \/>\n<span style=\"color: #000080\"><a href=\"http:\/\/www.crous-toulouse.fr\/1-35482-Fiche-detaillee.php?id=17\"><span style=\"color: #000080\">http:\/\/www.crous-toulouse.fr\/1-35482-Fiche-detaillee.php?id=17<\/span><\/a><\/span><br \/>\nE-MAIL: Mrs. P. CASANOVA <span style=\"color: #000080\"><a href=\"&#x6d;&#x61;&#x69;&#x6c;&#116;o:cr&#x6f;&#x75;&#x73;&#x2d;&#99;uran&#x67;&#x40;&#x61;&#x63;&#45;toul&#x6f;&#x75;&#x73;&#x65;&#46;fr\"><span style=\"color: #000080\">&#99;&#x72;o&#x75;s&#x2d;c&#x75;r&#97;&#x6e;&#103;&#x40;a&#x63;-&#x74;o&#117;&#x6c;&#111;&#x75;s&#x65;&#46;&#x66;r<\/span><\/a><\/span><br \/>\nTel : +33 (0)5 62 25 62 00 or +33 (0)5 62 25 60 22<br \/>\nor +33 (0)5 62 25 60 21 or +33 (0)5 62 25 60 24 &#8211; Fax : +33 (0)5 62 17 26 06<\/p>\n<p>&nbsp;<\/p>\n<p><\/p>","protected":false},"excerpt":{"rendered":"<p>Toulouse, Midi-Pyr\u00e9n\u00e9es, France Access to the conference: University of Toulouse II-Le Mirail, Maison de la Recherche http:\/\/www.univ-tlse2.fr\/accueil-utm\/infos\/pratique\/adresses-et-acces\/adresses-localisations-et-acces-6326.kjsp?RH=ACCUEIL metro station \u201cMirail Universit\u00e9\u201d (Line A, Dir. Basso Cambo), then 3 to 5 minutes walk to get to the \u201cMaison de la Recherche\u201d (conference room: D29) Maps: http:\/\/www.univ-tlse2.fr\/accueil-utm\/infos\/pratique\/adresses-et-acces\/plans-d-acces-6334.kjsp?RH=adrloc Address: Maison de la Recherche &#8211; D29 Universit\u00e9 de Toulouse-Le [&hellip;]<\/p>\n","protected":false},"author":128,"featured_media":0,"parent":0,"menu_order":6,"comment_status":"closed","ping_status":"open","template":"","meta":{"footnotes":""},"class_list":["post-112","page","type-page","status-publish","hentry"],"_links":{"self":[{"href":"https:\/\/blogs.univ-tlse2.fr\/npl-aphasia-2012\/wp-json\/wp\/v2\/pages\/112","targetHints":{"allow":["GET"]}}],"collection":[{"href":"https:\/\/blogs.univ-tlse2.fr\/npl-aphasia-2012\/wp-json\/wp\/v2\/pages"}],"about":[{"href":"https:\/\/blogs.univ-tlse2.fr\/npl-aphasia-2012\/wp-json\/wp\/v2\/types\/page"}],"author":[{"embeddable":true,"href":"https:\/\/blogs.univ-tlse2.fr\/npl-aphasia-2012\/wp-json\/wp\/v2\/users\/128"}],"replies":[{"embeddable":true,"href":"https:\/\/blogs.univ-tlse2.fr\/npl-aphasia-2012\/wp-json\/wp\/v2\/comments?post=112"}],"version-history":[{"count":5,"href":"https:\/\/blogs.univ-tlse2.fr\/npl-aphasia-2012\/wp-json\/wp\/v2\/pages\/112\/revisions"}],"predecessor-version":[{"id":722,"href":"https:\/\/blogs.univ-tlse2.fr\/npl-aphasia-2012\/wp-json\/wp\/v2\/pages\/112\/revisions\/722"}],"wp:attachment":[{"href":"https:\/\/blogs.univ-tlse2.fr\/npl-aphasia-2012\/wp-json\/wp\/v2\/media?parent=112"}],"curies":[{"name":"wp","href":"https:\/\/api.w.org\/{rel}","templated":true}]}}