 {"id":10,"date":"2015-09-29T10:25:45","date_gmt":"2015-09-29T09:25:45","guid":{"rendered":"https:\/\/blogs.univ-tlse2.fr\/numeriquetoulouse\/?page_id=10"},"modified":"2015-11-26T15:09:17","modified_gmt":"2015-11-26T14:09:17","slug":"programme","status":"publish","type":"page","link":"https:\/\/blogs.univ-tlse2.fr\/numeriquetoulouse\/programme\/","title":{"rendered":"Programme"},"content":{"rendered":"<h2><\/h2>\n<h1><span style=\"color: #d7d831\"><strong>Jeudi 26 novembre 2015<\/strong><\/span><\/h1>\n<p><strong>\u00a0<\/strong><\/p>\n<p>9H00-9H20\u00a0: <strong>Introduction<\/strong><\/p>\n<p><strong>Marie-France Barthet<\/strong>, Pr\u00e9sidente et Directrice ex\u00e9cutive de l\u2019Universit\u00e9 F\u00e9d\u00e9rale de Toulouse<\/p>\n<p><strong>Patrice Bourdelais<\/strong>, Directeur de l\u2019Institut des Sciences Humaines et Sociales du CNRS<\/p>\n<p><strong>Louise Poissant<\/strong>, Directrice scientifique du Fonds de recherche du Qu\u00e9bec \u2013 Soci\u00e9t\u00e9 et culture FRQSC<\/p>\n<p><strong>Michel Robitaille<\/strong>, D\u00e9l\u00e9gu\u00e9 G\u00e9n\u00e9ral du Qu\u00e9bec \u00e0 Paris<\/p>\n<h2><strong>HUMANITES NUMERIQUES<\/strong><\/h2>\n<h2><span style=\"color: #7acced\">Point de vue sur la transformation des pratiques\u00a0; \u00e9tat de l\u2019accompagnement institutionnel\u00a0; enjeux et ambitions<\/span><\/h2>\n<p><span style=\"color: #e975a7\">Pr\u00e9sidente de s\u00e9ance\u00a0: <strong>Dominique B\u00e9rub\u00e9<\/strong>, Vice-rectrice adjointe aux op\u00e9rations et \u00e0 la concertation de l\u2019Universit\u00e9 de Montr\u00e9al, Pr\u00e9sidente du consortium Erudit<\/span><\/p>\n<p>9H20-9H40\u00a0: Introduction de la demi-journ\u00e9e par la pr\u00e9sidente de s\u00e9ance<\/p>\n<p>9H40-10H10 : <strong>Dominique Boullier<\/strong>, Sociologue, Professeur \u00e0 Sciences-Po Paris<\/p>\n<p>10H10- 10H30\u00a0: PAUSE<\/p>\n<p>10H30-12H30\u00a0: TABLE-RONDE<\/p>\n<p><strong>Daniel Stoekl<\/strong>, Philologue, Directeur d\u2019Etudes \u00e0 l&rsquo;Ecole Pratique des Hautes Etudes, Paris<\/p>\n<p><strong>Robert Boure<\/strong>, Professeur en Sciences de l\u2019Information et de la Communication, Universit\u00e9 Toulouse 3<\/p>\n<p><strong>Luc Truntzler<\/strong>, Directeur associ\u00e9 INBENTA France et enseignant e-business aupr\u00e8s de Grandes \u00c9coles, Toulouse<\/p>\n<p><strong>St\u00e9phane Pouyllau,<\/strong> Directeur Technique de la Tr\u00e8s Grande Infrastructure de Recherche HUMANUM, Paris<\/p>\n<p><strong>Karim Benyekhlef<\/strong>, Professeur titulaire \u00e0 la Facult\u00e9 de droit de l&rsquo;Universit\u00e9 de Montr\u00e9al, Directeur du Laboratoire de cyberjustice<\/p>\n<p><strong>Guy Berthiaume<\/strong>, Biblioth\u00e9caire et archiviste du Canada<\/p>\n<p>&nbsp;<\/p>\n<h2><strong>NOUVELLES FORMES D\u2019EDITION<\/strong><\/h2>\n<h2><span style=\"color: #7acced\">Limite des formes \u00ab\u00a0classiques\u00a0\u00bb de publication\u00a0; accompagnement institutionnel\u00a0vers l\u2019acc\u00e8s libre; enjeux et ambitions<\/span><\/h2>\n<p><span style=\"color: #e975a7\">Pr\u00e9sidente de s\u00e9ance\u00a0: <strong>Fran\u00e7oise Thibault<\/strong>, D\u00e9l\u00e9gu\u00e9e g\u00e9n\u00e9rale Alliance ATHENA<\/span><\/p>\n<p>14H00-14H15\u00a0: Introduction de la demi-journ\u00e9e par la pr\u00e9sidente de s\u00e9ance<\/p>\n<p>14H15-14H45: <strong>Vincent Larivi\u00e8re<\/strong>, Professeur agr\u00e9g\u00e9 \u00e0 l\u2019\u00c9cole de biblioth\u00e9conomie et des sciences de l&rsquo;information de l\u2019Universit\u00e9 de Montr\u00e9al, Directeur scientifique d\u2019ERUDIT<\/p>\n<p>14H45-15H00\u00a0: PAUSE<\/p>\n<p>15H00-17H00: TABLE-RONDE<\/p>\n<p><strong>Marin Dacos<\/strong>, Ing\u00e9nieur de recherche CNRS, Directeur du Centre pour l\u2019\u00e9dition \u00e9lectronique ouverte OpenEdition, Marseille<\/p>\n<p><strong>Emmanuelle Corne<\/strong>, direction des \u00c9ditions de la Maison des sciences de l&rsquo;homme ; Association of European University Presses (AEUP) ;<\/p>\n<p><strong>Pierre-Marie Lehucher<\/strong>, Pr\u00e9sident Directeur G\u00e9n\u00e9ral du CA Berger Levrault, \u00e9diteur<\/p>\n<p><strong>Joanne Lalonde<\/strong>, Professeure titulaire de S\u00e9miologie des arts visuels \u00e0 l\u2019Universit\u00e9 du Qu\u00e9bec \u00e0 Montr\u00e9al, membre du NT2<\/p>\n<p><em>\u00a0<\/em><\/p>\n<h1><span style=\"color: #d7d831\"><strong>Vendredi 27 novembre 2015<\/strong><\/span><\/h1>\n<p><em>\u00a0<\/em><\/p>\n<h2><strong>LES DONNEES EN SHS\u00a0: QUELLE POLITIQUE\u00a0?<\/strong><\/h2>\n<h2><span style=\"color: #7acced\">La production de donn\u00e9es au XXI\u00e8me si\u00e8cle\u00a0; les enjeux qui y sont li\u00e9s en SHS\u00a0; la position de la France, de l\u2019Europe, du Qu\u00e9bec<\/span><\/h2>\n<p><span style=\"color: #e975a7\">Pr\u00e9sident de s\u00e9ance\u00a0: <strong>Michel Wieviorka<\/strong>, Sociologue, Directeur d\u2019Etudes \u00e0 l\u2019Ecole des Hautes Etudes en Sciences Sociales, Administrateur de la Fondation Maison des Sciences de l\u2019Homme, Paris<\/span><\/p>\n<p>9H15-9H35\u00a0: Introduction de la demi-journ\u00e9e par le pr\u00e9sident de s\u00e9ance<\/p>\n<p>9H35-10H05 : <strong>Bernard Stiegler<\/strong>, Philosophe, Directeur de l&rsquo;Institut de recherche et d&rsquo;innovation et Pr\u00e9sident de l&rsquo;Association Ars Industrialis, Paris<\/p>\n<p>10H05-10H30\u00a0: PAUSE<\/p>\n<p>10H30-12H30: TABLE-RONDE<\/p>\n<p><strong>Benoit Dostie<\/strong>, Economiste, Professeur titulaire \u00e0 HEC Montr\u00e9al et Directeur acad\u00e9mique du Centre interuniversitaire qu\u00e9b\u00e9cois de statistiques sociales<\/p>\n<p><strong>Pascal Bul\u00e9on<\/strong>, G\u00e9ographe, Directeur de recherche CNRS, Directeur de la Tr\u00e8s Grande Infrastructure de Recherche PROGEDO, Paris\/Caen<\/p>\n<p><strong>Chantal Cases<\/strong>, Economiste et statisticienne, Directrice de l\u2019Institut national d\u2019\u00e9tudes d\u00e9mographiques INED<\/p>\n<p><strong>Martin May<\/strong>, Director of Technology Strategy, Director of Technicolor Paris Research Labs, Technicolor, Rennes<\/p>\n<p><strong>Jacques Dubucs<\/strong>, Directeur de Recherche CNRS, Directeur scientifique secteur Sciences Humaines et Sociales \u00e0 la Direction g\u00e9n\u00e9rale de la recherche et de l&rsquo;innovation DGRI, Pr\u00e9sident ESFRI Strategic Working Group for Societal and Cultural Innovation<\/p>\n<p><em>\u00a0<\/em><\/p>\n<h2><strong>FORUM DES COLLABORATIONS\u00a0: infrastructures et donn\u00e9es num\u00e9riques<\/strong><\/h2>\n<h2><span style=\"color: #7acced\">Quelles collaborations renouvel\u00e9es dans le domaine des infrastructures du num\u00e9rique entre les sph\u00e8res acad\u00e9mique, citoyenne, entrepreneuriale et les d\u00e9cideurs publics<\/span><\/h2>\n<p><span style=\"color: #e975a7\">Pr\u00e9sident de s\u00e9ance\u00a0: <strong>Herv\u00e9 Zwirn<\/strong>, Directeur ex\u00e9cutif du Consortium de Valorisation Th\u00e9matique en Sciences Humaines et Sociales<\/span><\/p>\n<p>14H00-14H15 : Introduction de la demi-journ\u00e9e par le pr\u00e9sident de s\u00e9ance<\/p>\n<p>14H15-14H45 : <strong>Fran\u00e7ois H\u00e9ran<\/strong>, Directeur du d\u00e9partement Sciences Humaines et Sociales \u00e0 l\u2019Agence Nationale de la Recherche<\/p>\n<p>14H45-15H00\u00a0: PAUSE<\/p>\n<p>15H00-17H00 : TABLE-RONDE<\/p>\n<p><strong>Philippe Vendrix<\/strong>, Musicologue, Directeur de Recherche CNRS, Pr\u00e9sident du R\u00e9seau National des Maisons des Sciences de l\u2019Homme, Paris\/Tours<\/p>\n<p><strong>Daniel Benchimol<\/strong>, Pr\u00e9sident du Cluster Digital Place, Toulouse<\/p>\n<p><strong>Laure Reinhart<\/strong>, Directrice des partenariats, BPIFrance<\/p>\n<p><strong>Julien Peyras<\/strong>, Toulouse Tech Transfer<\/p>\n<p><strong>Tristan Glatard<\/strong>, Informaticien, Chercheur CNRS et Professeur invit\u00e9 \u00e0 l&rsquo;Universit\u00e9 McGill, membre du projet CBRAIN<\/p>\n<p><strong>Francis Duranthon<\/strong>, Directeur du Museum de Toulouse.<\/p>\n","protected":false},"excerpt":{"rendered":"<p>Jeudi 26 novembre 2015 \u00a0 9H00-9H20\u00a0: Introduction Marie-France Barthet, Pr\u00e9sidente et Directrice ex\u00e9cutive de l\u2019Universit\u00e9 F\u00e9d\u00e9rale de Toulouse Patrice Bourdelais, Directeur de l\u2019Institut des Sciences Humaines et Sociales du CNRS Louise Poissant, Directrice scientifique du Fonds de recherche du Qu\u00e9bec \u2013 Soci\u00e9t\u00e9 et culture FRQSC Michel Robitaille, D\u00e9l\u00e9gu\u00e9 G\u00e9n\u00e9ral du Qu\u00e9bec \u00e0 Paris HUMANITES NUMERIQUES [&hellip;]<\/p>\n","protected":false},"author":1,"featured_media":0,"parent":0,"menu_order":0,"comment_status":"closed","ping_status":"closed","template":"","meta":{"footnotes":""},"class_list":["post-10","page","type-page","status-publish","hentry"],"_links":{"self":[{"href":"https:\/\/blogs.univ-tlse2.fr\/numeriquetoulouse\/wp-json\/wp\/v2\/pages\/10","targetHints":{"allow":["GET"]}}],"collection":[{"href":"https:\/\/blogs.univ-tlse2.fr\/numeriquetoulouse\/wp-json\/wp\/v2\/pages"}],"about":[{"href":"https:\/\/blogs.univ-tlse2.fr\/numeriquetoulouse\/wp-json\/wp\/v2\/types\/page"}],"author":[{"embeddable":true,"href":"https:\/\/blogs.univ-tlse2.fr\/numeriquetoulouse\/wp-json\/wp\/v2\/users\/1"}],"replies":[{"embeddable":true,"href":"https:\/\/blogs.univ-tlse2.fr\/numeriquetoulouse\/wp-json\/wp\/v2\/comments?post=10"}],"version-history":[{"count":10,"href":"https:\/\/blogs.univ-tlse2.fr\/numeriquetoulouse\/wp-json\/wp\/v2\/pages\/10\/revisions"}],"predecessor-version":[{"id":117,"href":"https:\/\/blogs.univ-tlse2.fr\/numeriquetoulouse\/wp-json\/wp\/v2\/pages\/10\/revisions\/117"}],"wp:attachment":[{"href":"https:\/\/blogs.univ-tlse2.fr\/numeriquetoulouse\/wp-json\/wp\/v2\/media?parent=10"}],"curies":[{"name":"wp","href":"https:\/\/api.w.org\/{rel}","templated":true}]}}