 {"id":68,"date":"2017-08-01T19:20:39","date_gmt":"2017-08-01T17:20:39","guid":{"rendered":"https:\/\/blogs.univ-tlse2.fr\/olga-spevak\/?page_id=68"},"modified":"2017-08-01T19:20:59","modified_gmt":"2017-08-01T17:20:59","slug":"annexe","status":"publish","type":"page","link":"https:\/\/blogs.univ-tlse2.fr\/olga-spevak\/latin-archaique\/annexe\/","title":{"rendered":"Annexe"},"content":{"rendered":"<p>Cette annexe comprend<\/p>\n<ol>\n<li>Le calendrier romaine et le calendrier romain pr\u00e9julien<\/li>\n<li>Les magistratures romaines<\/li>\n<li>Aper\u00e7u chronologique<\/li>\n<\/ol>\n<p style=\"text-align: center\">T\u00e9l\u00e9charger <a href=\"https:\/\/blogs.univ-tlse2.fr\/olga-spevak\/files\/2017\/08\/Spevak-Latin-archaique-Annexe.pdf\">Spevak Latin archaique Annexe<\/a><\/p>\n","protected":false},"excerpt":{"rendered":"<p>Cette annexe comprend Le calendrier romaine et le calendrier romain pr\u00e9julien Les magistratures romaines Aper\u00e7u chronologique T\u00e9l\u00e9charger Spevak Latin archaique Annexe<\/p>\n","protected":false},"author":417,"featured_media":0,"parent":29,"menu_order":5,"comment_status":"closed","ping_status":"closed","template":"","meta":{"footnotes":""},"class_list":["post-68","page","type-page","status-publish","hentry"],"_links":{"self":[{"href":"https:\/\/blogs.univ-tlse2.fr\/olga-spevak\/wp-json\/wp\/v2\/pages\/68","targetHints":{"allow":["GET"]}}],"collection":[{"href":"https:\/\/blogs.univ-tlse2.fr\/olga-spevak\/wp-json\/wp\/v2\/pages"}],"about":[{"href":"https:\/\/blogs.univ-tlse2.fr\/olga-spevak\/wp-json\/wp\/v2\/types\/page"}],"author":[{"embeddable":true,"href":"https:\/\/blogs.univ-tlse2.fr\/olga-spevak\/wp-json\/wp\/v2\/users\/417"}],"replies":[{"embeddable":true,"href":"https:\/\/blogs.univ-tlse2.fr\/olga-spevak\/wp-json\/wp\/v2\/comments?post=68"}],"version-history":[{"count":1,"href":"https:\/\/blogs.univ-tlse2.fr\/olga-spevak\/wp-json\/wp\/v2\/pages\/68\/revisions"}],"predecessor-version":[{"id":69,"href":"https:\/\/blogs.univ-tlse2.fr\/olga-spevak\/wp-json\/wp\/v2\/pages\/68\/revisions\/69"}],"up":[{"embeddable":true,"href":"https:\/\/blogs.univ-tlse2.fr\/olga-spevak\/wp-json\/wp\/v2\/pages\/29"}],"wp:attachment":[{"href":"https:\/\/blogs.univ-tlse2.fr\/olga-spevak\/wp-json\/wp\/v2\/media?parent=68"}],"curies":[{"name":"wp","href":"https:\/\/api.w.org\/{rel}","templated":true}]}}

<p>Cette annexe comprend</p>
<ol>
<li>Le calendrier romaine et le calendrier romain préjulien</li>
<li>Les magistratures romaines</li>
<li>Aperçu chronologique</li>
</ol>
<p style="text-align: center">Télécharger <a href="https://blogs.univ-tlse2.fr/olga-spevak/files/2017/08/Spevak-Latin-archaique-Annexe.pdf">Spevak Latin archaique Annexe</a></p>

<p>Cette annexe comprend Le calendrier romaine et le calendrier romain préjulien Les magistratures romaines Aperçu chronologique Télécharger Spevak Latin archaique Annexe</p>
