 {"id":9,"date":"2023-02-17T11:57:40","date_gmt":"2023-02-17T10:57:40","guid":{"rendered":"https:\/\/blogs.univ-tlse2.fr\/paacte-filiere-pastorale-occitanie\/?page_id=9"},"modified":"2023-05-02T10:51:06","modified_gmt":"2023-05-02T08:51:06","slug":"le-programme","status":"publish","type":"page","link":"https:\/\/blogs.univ-tlse2.fr\/paacte-filiere-pastorale-occitanie\/","title":{"rendered":"PAACTe, un projet transdisciplinaire"},"content":{"rendered":"\n<p><\/p>\n\n\n\n<p>Projet \u00ab\u00a0recherche &amp; soci\u00e9t\u00e9s\u00a0\u00bb financ\u00e9 par la r\u00e9gion Occitanie (01\/01\/22-31\/12\/24)<\/p>\n\n\n\n<p><b><span style=\"font-size:12.0pt;line-height:107%;,serif\">Le projet PAACTe, transdisciplinaire (g\u00e9ographes, historiens, \u00e9cologues, \u00e9conomistes, arch\u00e9ologues, anthropologues, cartographes) et participatif s\u2019attache \u00e0 \u00e9tudier de fa\u00e7on pr\u00e9cise les formes de r\u00e9siliences de la fili\u00e8re pastorale d\u00e9j\u00e0 apparues au sein des montagnes d\u2019Occitanie, en r\u00e9ponse au changement global li\u00e9, en particulier, au d\u00e9r\u00e8glement climatique. Au-del\u00e0 des formes il s\u2019agit ici d\u2019identifier et d\u2019\u00e9valuer leurs impacts soci\u00e9tal, environnemental et \u00e9conomique sur le territoire occitan en premier lieu mais aussi en national et international afin de mieux conna\u00eetre la port\u00e9e des activit\u00e9s pastorales occitanes et, d\u2019accompagner \u00e0 la mise en place de solutions alternatives (aux mod\u00e8les actuels). Tous les maillons de la cha\u00eene (fili\u00e8re) pastorale sont ici pris en compte\u00a0: de la construction dans le temps des estives \u00e0 la valorisation des produits issus de l\u2019activit\u00e9 pastorale, mais aussi l\u2019\u00e9volution de la biodiversit\u00e9, le rapport pr\u00e9dation\/\u00e9levage, la pratique des br\u00fblages dirig\u00e9s, la redynamisation de la fili\u00e8re laine, l\u2019attachement au territoire pastoral. Le projet porte \u00e9galement sur l\u2019\u00e9largissement du premier pacte territorial pastoral sur la CC de Causses-Aigoual-C\u00e9vennes-Terres solidaires, \u00e0 l\u2019agro-\u00e9cologie \u00e0 partir des besoins\/souhaits des acteurs du territoire. Le consortium de chercheurs propose d\u2019accompagner en repensant collectivement et institutionnellement les territoires vers un projet de coviabilit\u00e9 socio-\u00e9cologique.<\/span><\/b><\/p>\n\n\n\n<h2 class=\"wp-block-heading\"><strong>OBJECTIFS<\/strong><\/h2>\n\n\n\n<ul class=\"wp-block-list\">\n<li>Analyser les r\u00e9siliences (m\u00e9canismes \u00e9cologiques et humains) de la fili\u00e8re pastorale aux perturbations cit\u00e9es, leur ancrage dans l\u2019histoire et en lien avec le changement global sur les temps court et long.<\/li>\n\n\n\n<li>Repenser conjointement avec les acteurs du territoire et la R\u00e9gion, les fili\u00e8res de production et de mettre en place des initiatives d\u2019aides aux \u00e9leveurs, aux propri\u00e9taires et aux artisans pour la valorisation de leurs produits et de l\u2019identit\u00e9 patrimoniale de leurs territoires.<\/li>\n\n\n\n<li>D\u00e9velopper de nouveaux outils collaboratifs sur les notions de transition agro-\u00e9cologique et solidaire et de r\u00e9silience appropriables par l\u2019ensemble des acteurs du territoire.<\/li>\n\n\n\n<li>Proposer une innovation de gouvernance territoriale et d\u2019accompagnement repensant collectivement et institutionnellement de fa\u00e7on concr\u00e8te une coviabilit\u00e9 socio-\u00e9cologique \u00e0 l\u2019image du pacte pastoral de solidarit\u00e9 r\u00e9alis\u00e9 dans les C\u00e9vennes.<\/li>\n\n\n\n<li>Consolider les liens inter-massifs (massif central et Pyr\u00e9n\u00e9es) en d\u00e9veloppant les actions communes et d\u2019\u00e9change sur les r\u00e9siliences.<\/li>\n<\/ul>\n\n\n\n<h2 class=\"wp-block-heading\">LES LOTS<\/h2>\n\n\n\n<p>Lot 1&nbsp;: Gouvernance du projet et communication&nbsp;<\/p>\n\n\n\n<p>Lot 2&nbsp;: L\u2019espace pastoral et ses r\u00e9siliences &#8211; paysages d\u2019hier, d\u2019aujourd\u2019hui et de demain<\/p>\n\n\n\n<ul class=\"wp-block-list\">\n<li>Sous lot 2.1 : \u00e9valuation et suivi de la biodiversit\u00e9 face aux changements globaux<\/li>\n\n\n\n<li>Sous lot 2.2&nbsp;: anciennet\u00e9 des estives (pal\u00e9opaysages et arch\u00e9ologie pastorale) et leurs r\u00e9siliences pass\u00e9es<\/li>\n\n\n\n<li>Sous lot 2.3&nbsp;: les r\u00e9siliences pastorales face \u00e0 l\u2019arriv\u00e9e des grands pr\u00e9dateurs<\/li>\n\n\n\n<li>Sous lot 2.4&nbsp;: L\u2019adaptation de la gestion de l\u2019environnement par le feu, br\u00fblages dirig\u00e9s, br\u00fblages pastoraux<\/li>\n<\/ul>\n\n\n\n<p>Lot 3&nbsp;: D\u00e9veloppement territorial et nouvelles formes d\u2019\u00e9conomie pastorale \u2013 fili\u00e8re pastorale<\/p>\n\n\n\n<ul class=\"wp-block-list\">\n<li>Sous lot 3.1&nbsp;: Etude des modes de d\u00e9veloppement territoriaux \u00e9conomiquement viable<\/li>\n\n\n\n<li>Sous lot 3.2&nbsp;: Redynamiser la fili\u00e8re laine en Occitanie : \u00e9conomie pastorale, ressources en laine et activit\u00e9s textiles de proximit\u00e9<\/li>\n\n\n\n<li>Sous lot 3.3&nbsp;: Patrimoine mat\u00e9riel et immat\u00e9riel des activit\u00e9s pastorales<\/li>\n<\/ul>\n\n\n\n<p>Lot 4&nbsp;: Transversalit\u00e9 : vers un pacte solidaire co-construit<\/p>\n\n\n\n<ul class=\"wp-block-list\">\n<li>Sous lot 4.1&nbsp;: Cartographie des premi\u00e8res formes de r\u00e9siliences de la fili\u00e8re pastorale \u00e0 l\u2019\u00e9chelle des montagnes occitanes et gestion des donn\u00e9es<\/li>\n\n\n\n<li>Sous lot 4.2\u00a0: le pacte de solidarit\u00e9 pastorale : une fa\u00e7on de s\u2019adapter \u00e0 la transition agro-\u00e9cologique.<\/li>\n<\/ul>\n","protected":false},"excerpt":{"rendered":"<p>Projet \u00ab\u00a0recherche &amp; soci\u00e9t\u00e9s\u00a0\u00bb financ\u00e9 par la r\u00e9gion Occitanie (01\/01\/22-31\/12\/24) Le projet PAACTe, transdisciplinaire (g\u00e9ographes, historiens, \u00e9cologues, \u00e9conomistes, arch\u00e9ologues, anthropologues, cartographes) et participatif s\u2019attache \u00e0 \u00e9tudier de fa\u00e7on pr\u00e9cise les formes de r\u00e9siliences de la fili\u00e8re pastorale d\u00e9j\u00e0 apparues au sein des montagnes d\u2019Occitanie, en r\u00e9ponse au changement global li\u00e9, en particulier, au d\u00e9r\u00e8glement climatique. [&hellip;]<\/p>\n","protected":false},"author":968,"featured_media":0,"parent":0,"menu_order":0,"comment_status":"closed","ping_status":"closed","template":"","meta":{"footnotes":""},"class_list":["post-9","page","type-page","status-publish","hentry","post-preview"],"featured_image_src":null,"featured_image_src_square":null,"_links":{"self":[{"href":"https:\/\/blogs.univ-tlse2.fr\/paacte-filiere-pastorale-occitanie\/wp-json\/wp\/v2\/pages\/9","targetHints":{"allow":["GET"]}}],"collection":[{"href":"https:\/\/blogs.univ-tlse2.fr\/paacte-filiere-pastorale-occitanie\/wp-json\/wp\/v2\/pages"}],"about":[{"href":"https:\/\/blogs.univ-tlse2.fr\/paacte-filiere-pastorale-occitanie\/wp-json\/wp\/v2\/types\/page"}],"author":[{"embeddable":true,"href":"https:\/\/blogs.univ-tlse2.fr\/paacte-filiere-pastorale-occitanie\/wp-json\/wp\/v2\/users\/968"}],"replies":[{"embeddable":true,"href":"https:\/\/blogs.univ-tlse2.fr\/paacte-filiere-pastorale-occitanie\/wp-json\/wp\/v2\/comments?post=9"}],"version-history":[{"count":9,"href":"https:\/\/blogs.univ-tlse2.fr\/paacte-filiere-pastorale-occitanie\/wp-json\/wp\/v2\/pages\/9\/revisions"}],"predecessor-version":[{"id":402,"href":"https:\/\/blogs.univ-tlse2.fr\/paacte-filiere-pastorale-occitanie\/wp-json\/wp\/v2\/pages\/9\/revisions\/402"}],"wp:attachment":[{"href":"https:\/\/blogs.univ-tlse2.fr\/paacte-filiere-pastorale-occitanie\/wp-json\/wp\/v2\/media?parent=9"}],"curies":[{"name":"wp","href":"https:\/\/api.w.org\/{rel}","templated":true}]}}