 {"id":149,"date":"2023-11-04T10:49:42","date_gmt":"2023-11-04T09:49:42","guid":{"rendered":"https:\/\/penserlasante.wordpress.com\/?page_id=149"},"modified":"2024-03-30T09:34:41","modified_gmt":"2024-03-30T08:34:41","slug":"programm","status":"publish","type":"page","link":"https:\/\/blogs.univ-tlse2.fr\/penserlasante\/vulnerabilite-en-sante-vulnerability-in-healthcare-2024\/programm\/","title":{"rendered":"Programme\/Program"},"content":{"rendered":"\n<div style=\"height:40px\" aria-hidden=\"true\" class=\"wp-block-spacer\"><\/div>\n\n\n\n<p class=\"has-text-align-center has-large-font-size\"><strong>Mardi 26 mars 2024<\/strong><\/p>\n\n\n\n<p class=\"has-small-font-size\"><em>8h15-9h Accueil des participants (Hall de l\u2019amphi F417)<\/em><\/p>\n\n\n\n<p><strong>8h45- 9h Mots d\u2019accueil<\/strong> (amphi F417)<\/p>\n\n\n\n<p><strong>9h-10h30 S\u00e9ance pl\u00e9ni\u00e8re 1<\/strong> (amphi F417)<\/p>\n\n\n\n<p>Emilie Gilbert-Fontan, Vuln\u00e9rabilit\u00e9 et soins palliatifs, l\u2019\u00e9thique au chevet d\u2019une clinique de l\u2019extr\u00eame.<\/p>\n\n\n\n<p>Flora Bastiani, Le nouement des corps dans les gestes du soin critique.<\/p>\n\n\n\n<p class=\"has-small-font-size\"><em>10h30-11h Pause caf\u00e9&nbsp;<\/em><\/p>\n\n\n\n<p><strong><a href=\"https:\/\/blogs.univ-tlse2.fr\/penserlasante\/programme-des-ateliers-workshops-program\/\" data-type=\"link\" data-id=\"https:\/\/blogs.univ-tlse2.fr\/penserlasante\/programme-des-ateliers-workshops-program\/\">11h-12h30 S\u00e9ance d\u2019ateliers 1<\/a><\/strong><\/p>\n\n\n\n<p class=\"has-small-font-size\"><em>12h30-14h Pause d\u00e9jeuner&nbsp;<\/em><\/p>\n\n\n\n<p class=\"has-small-font-size\"><em>13h-14h Accueil des participants (Hall de l\u2019amphi F417)<\/em><\/p>\n\n\n\n<p><strong><a href=\"https:\/\/blogs.univ-tlse2.fr\/penserlasante\/programme-des-ateliers-workshops-program\/\" data-type=\"link\" data-id=\"https:\/\/blogs.univ-tlse2.fr\/penserlasante\/programme-des-ateliers-workshops-program\/\">14h-15h30 S\u00e9ance d\u2019ateliers 2&nbsp;<\/a><\/strong><\/p>\n\n\n\n<p class=\"has-small-font-size\"><em>15h30-16h Pause caf\u00e9&nbsp;<\/em><\/p>\n\n\n\n<p><strong>16h-17h30 S\u00e9ance pl\u00e9ni\u00e8re 2<\/strong> (amphi F417)<\/p>\n\n\n\n<p class=\"has-small-font-size\"><em>S\u00e9ance organis\u00e9e avec le soutien de l\u2019Espace de R\u00e9flexion \u00e9thique Occitanie.<\/em><\/p>\n\n\n\n<p>C\u00e9lia Cardoso, L\u2019exp\u00e9rience du patient, une expertise de la vuln\u00e9rabilit\u00e9 ?<\/p>\n\n\n\n<p>Patrick Lartiguet, Le patient, sujet en soin, un soignant vuln\u00e9rable ? Le partenariat de soin avec le patient, une \u00e9thique du soin renouvel\u00e9e.&nbsp;<\/p>\n\n\n\n<div style=\"height:40px\" aria-hidden=\"true\" class=\"wp-block-spacer\"><\/div>\n\n\n\n<p class=\"has-text-align-center has-large-font-size\"><strong>Mercredi 27 mars 2024<\/strong><\/p>\n\n\n\n<p class=\"has-small-font-size\"><em>8h30-9h: Accueil des participants (Hall de l\u2019amphi F417)<\/em><\/p>\n\n\n\n<p><strong><a href=\"https:\/\/blogs.univ-tlse2.fr\/penserlasante\/programme-des-ateliers-workshops-program\/\" data-type=\"link\" data-id=\"https:\/\/blogs.univ-tlse2.fr\/penserlasante\/programme-des-ateliers-workshops-program\/\">9h-10h30 S\u00e9ance d\u2019atelier 3&nbsp;<\/a><\/strong><\/p>\n\n\n\n<p class=\"has-small-font-size\"><em>10h30-11h Pause caf\u00e9 (hall de l\u2019amphi F417)<\/em><\/p>\n\n\n\n<p><strong><a href=\"https:\/\/blogs.univ-tlse2.fr\/penserlasante\/programme-des-ateliers-workshops-program\/\" data-type=\"link\" data-id=\"https:\/\/blogs.univ-tlse2.fr\/penserlasante\/programme-des-ateliers-workshops-program\/\">11h-12h30 S\u00e9ance d\u2019atelier 4<\/a><\/strong><\/p>\n\n\n\n<p class=\"has-small-font-size\"><em>12h30-14h Pause d\u00e9jeuner&nbsp;<\/em><\/p>\n\n\n\n<p class=\"has-small-font-size\"><em>13h-14h Accueil des participants (Hall de l\u2019amphi F417)<\/em><\/p>\n\n\n\n<p><strong>14h-15h30 S\u00e9ance pl\u00e9ni\u00e8re 3<\/strong> (amphi F417)<\/p>\n\n\n\n<p>Gvidas Urbonas et Ingrida Lukseviciene, Vulnerability in the Workplace: the Effects of Mobbing on Subjective Health and Job Satisfaction of Nursing Staff.<\/p>\n\n\n\n<p>Jean-Fran\u00e7ois Rey, Vuln\u00e9rabilit\u00e9 et exposition dans les soins psychiques.<\/p>\n\n\n\n<p><\/p>\n\n\n\n<div style=\"height:40px\" aria-hidden=\"true\" class=\"wp-block-spacer\"><\/div>\n\n\n\n<p class=\"has-text-align-center has-large-font-size\"><strong>Jeudi 28 mars 2024<\/strong><\/p>\n\n\n\n<p class=\"has-small-font-size\"><em>8h30-9h: Accueil des participants (Hall de l\u2019amphi F417)<\/em><\/p>\n\n\n\n<p><strong>9h-10h30 S\u00e9ance pl\u00e9ni\u00e8re 4<\/strong> (amphi F417)<\/p>\n\n\n\n<p class=\"has-small-font-size\"><em>S\u00e9ance organis\u00e9e avec le soutien du Comit\u00e9 d\u2019\u00e9thique hospitalier du CHU de Toulouse.<\/em><\/p>\n\n\n\n<p>Xavier Bioy, Les visages de la vuln\u00e9rabilit\u00e9 en droit.<\/p>\n\n\n\n<p>Guillaume Ducos, La vuln\u00e9rabilit\u00e9 en service de r\u00e9animation.<\/p>\n\n\n\n<p class=\"has-small-font-size\"><em>10h30-11h Pause caf\u00e9&nbsp;<\/em><\/p>\n\n\n\n<p><a href=\"https:\/\/blogs.univ-tlse2.fr\/penserlasante\/programme-des-ateliers-workshops-program\/\" data-type=\"link\" data-id=\"https:\/\/blogs.univ-tlse2.fr\/penserlasante\/programme-des-ateliers-workshops-program\/\"><strong>11h-12h30 S\u00e9ance d\u2019ateliers 5<\/strong>&nbsp;<\/a><\/p>\n\n\n\n<p class=\"has-small-font-size\"><em>12h30-14h Pause d\u00e9jeuner&nbsp;<\/em><\/p>\n\n\n\n<p class=\"has-small-font-size\"><em>13h-14h Accueil des participants (Hall de l\u2019amphi F417)<\/em><\/p>\n\n\n\n<p><strong>14h-15h30 S\u00e9ance pl\u00e9ni\u00e8re 5<\/strong> (amphi F417)&nbsp;<\/p>\n\n\n\n<p>Eimantas Pei\u010dius, Facing vulnerability in human research: reflections on ethical evaluation of (dis-)respect for and susceptibility of human subjects.<\/p>\n\n\n\n<p>Yasuhiko Murakami, Vuln\u00e9rabilit\u00e9 et libert\u00e9 chez les patients Alzheimer.<\/p>\n\n\n\n<div class=\"wp-block-buttons is-content-justification-center is-layout-flex wp-container-core-buttons-is-layout-a89b3969 wp-block-buttons-is-layout-flex\">\n<div class=\"wp-block-button has-custom-font-size has-medium-font-size\"><a class=\"wp-block-button__link has-text-align-center wp-element-button\" href=\"https:\/\/blogs.univ-tlse2.fr\/penserlasante\/files\/2024\/03\/prog-bastiani.pdf\" target=\"_blank\" rel=\"noreferrer noopener\">T\u00e9l\u00e9charger le programme pdf<\/a><\/div>\n<\/div>\n","protected":false},"excerpt":{"rendered":"<p>Mardi 26 mars 2024 8h15-9h Accueil des participants (Hall de l\u2019amphi F417) 8h45- 9h Mots d\u2019accueil (amphi F417) 9h-10h30 S\u00e9ance pl\u00e9ni\u00e8re 1 (amphi F417) Emilie Gilbert-Fontan, Vuln\u00e9rabilit\u00e9 et soins palliatifs, l\u2019\u00e9thique au chevet d\u2019une clinique de l\u2019extr\u00eame. Flora Bastiani, Le nouement des corps dans les gestes du soin critique. 10h30-11h Pause caf\u00e9&nbsp; 11h-12h30 S\u00e9ance d\u2019ateliers [&hellip;]<\/p>\n","protected":false},"author":405,"featured_media":0,"parent":251,"menu_order":0,"comment_status":"closed","ping_status":"closed","template":"","meta":{"footnotes":""},"class_list":["post-149","page","type-page","status-publish","hentry"],"_links":{"self":[{"href":"https:\/\/blogs.univ-tlse2.fr\/penserlasante\/wp-json\/wp\/v2\/pages\/149","targetHints":{"allow":["GET"]}}],"collection":[{"href":"https:\/\/blogs.univ-tlse2.fr\/penserlasante\/wp-json\/wp\/v2\/pages"}],"about":[{"href":"https:\/\/blogs.univ-tlse2.fr\/penserlasante\/wp-json\/wp\/v2\/types\/page"}],"author":[{"embeddable":true,"href":"https:\/\/blogs.univ-tlse2.fr\/penserlasante\/wp-json\/wp\/v2\/users\/405"}],"replies":[{"embeddable":true,"href":"https:\/\/blogs.univ-tlse2.fr\/penserlasante\/wp-json\/wp\/v2\/comments?post=149"}],"version-history":[{"count":12,"href":"https:\/\/blogs.univ-tlse2.fr\/penserlasante\/wp-json\/wp\/v2\/pages\/149\/revisions"}],"predecessor-version":[{"id":523,"href":"https:\/\/blogs.univ-tlse2.fr\/penserlasante\/wp-json\/wp\/v2\/pages\/149\/revisions\/523"}],"up":[{"embeddable":true,"href":"https:\/\/blogs.univ-tlse2.fr\/penserlasante\/wp-json\/wp\/v2\/pages\/251"}],"wp:attachment":[{"href":"https:\/\/blogs.univ-tlse2.fr\/penserlasante\/wp-json\/wp\/v2\/media?parent=149"}],"curies":[{"name":"wp","href":"https:\/\/api.w.org\/{rel}","templated":true}]}}