 {"id":143,"date":"2025-12-03T09:30:29","date_gmt":"2025-12-03T08:30:29","guid":{"rendered":"https:\/\/blogs.univ-tlse2.fr\/periples\/?page_id=143"},"modified":"2025-12-06T09:50:35","modified_gmt":"2025-12-06T08:50:35","slug":"les-statuts","status":"publish","type":"page","link":"https:\/\/blogs.univ-tlse2.fr\/periples\/qui-sommes-nous\/les-statuts\/","title":{"rendered":"Les statuts"},"content":{"rendered":"\n<div class=\"wp-block-group alignwide has-base-background-color has-background has-global-padding is-layout-constrained wp-container-core-group-is-layout-1476fc1a wp-block-group-is-layout-constrained\" style=\"padding-top:var(--wp--preset--spacing--50);padding-right:var(--wp--preset--spacing--50);padding-bottom:var(--wp--preset--spacing--50);padding-left:var(--wp--preset--spacing--50)\">\n<div class=\"wp-block-group has-global-padding is-layout-constrained wp-container-core-group-is-layout-650790e1 wp-block-group-is-layout-constrained\">\n<h1 class=\"wp-block-heading has-text-align-center has-x-large-font-size\">ASSOCIATION P\u00e9riples&nbsp;<\/h1>\n\n\n\n<div style=\"height:1.25rem\" aria-hidden=\"true\" class=\"wp-block-spacer\"><\/div>\n\n\n\n<p class=\"has-text-align-center\">Association d\u00e9clar\u00e9e Loi du 1er Juillet 1901 et D\u00e9cret du 16 Ao\u00fbt 1901&nbsp;<br><\/p>\n\n\n\n<div style=\"height:50px\" aria-hidden=\"true\" class=\"wp-block-spacer\"><\/div>\n\n\n\n<h1 class=\"wp-block-heading has-text-align-center has-large-font-size\">ARTICLE 1er&nbsp;<\/h1>\n\n\n\n<p class=\"has-text-align-left\" style=\"margin-right:0;margin-left:0\">Il est fond\u00e9 entre les adh\u00e9rents aux pr\u00e9sents statuts une association r\u00e9gie par la loi du 1er&nbsp; Juillet 1901 et le d\u00e9cret du 16 Ao\u00fbt 1901, ayant pour nom : P\u00e9riples.&nbsp;<br><\/p>\n\n\n\n<div style=\"height:50px\" aria-hidden=\"true\" class=\"wp-block-spacer\"><\/div>\n\n\n\n<h1 class=\"wp-block-heading has-text-align-center has-large-font-size\">ARTICLE 2 &#8211; OBJET&nbsp;<\/h1>\n\n\n\n<p class=\"has-text-align-left\">Cette association regroupe des \u00e9tudiants, des enseignants, des chercheurs et des membres du\u00a0 personnel de l\u2019Universit\u00e9 de Toulouse II-Le Mirail. Elle a pour objet la d\u00e9couverte du monde\u00a0 m\u00e9diterran\u00e9en antique, en compl\u00e9ment des enseignements dispens\u00e9s dans le cadre de la\u00a0 formation universitaire classique, en particulier au sein du master Sciences de l\u2019Antiquit\u00e9. Des\u00a0 voyages d\u2019\u00e9tudes organis\u00e9es annuellement, ainsi que d\u2019autres activit\u00e9s, par exemple des\u00a0 expositions, des d\u00e9bats ou des projections de films dans l\u2019universit\u00e9, en constituent les\u00a0 principaux moyens d\u2019action.\u00a0<br><\/p>\n\n\n\n<div style=\"height:50px\" aria-hidden=\"true\" class=\"wp-block-spacer\"><\/div>\n\n\n\n<h1 class=\"wp-block-heading has-text-align-center has-large-font-size\">ARTICLE 3 &#8211; SIEGE SOCIAL<\/h1>\n\n\n\n<p class=\"has-text-align-left\">Le si\u00e8ge social est fix\u00e9 \u00e0 l\u2019adresse suivante :&nbsp;<\/p>\n\n\n\n<p class=\"has-text-align-left\">P\u00e9riples&nbsp;<\/p>\n\n\n\n<p class=\"has-text-align-left\">Universit\u00e9 de Toulouse 2 \u2013 Le Mirail&nbsp;<\/p>\n\n\n\n<p class=\"has-text-align-left\">5 all\u00e9es Antonio Machado&nbsp;<\/p>\n\n\n\n<p class=\"has-text-align-left\">31100 TOULOUSE \u2026&nbsp;<\/p>\n\n\n\n<p class=\"has-text-align-left\">Il pourra \u00eatre transf\u00e9r\u00e9 par simple d\u00e9cision du conseil d&rsquo;administration de l&rsquo;Association. Une&nbsp; ratification par l&rsquo;assembl\u00e9e g\u00e9n\u00e9rale sera n\u00e9cessaire.&nbsp;<\/p>\n\n\n\n<div style=\"height:50px\" aria-hidden=\"true\" class=\"wp-block-spacer\"><\/div>\n\n\n\n<h1 class=\"wp-block-heading has-text-align-center has-large-font-size\">ARTICLE 4 &#8211; DUREE&nbsp;<\/h1>\n\n\n\n<p class=\"has-text-align-left\">La dur\u00e9e de l\u2019association est ind\u00e9termin\u00e9e.&nbsp;<\/p>\n\n\n\n<div style=\"height:50px\" aria-hidden=\"true\" class=\"wp-block-spacer\"><\/div>\n\n\n\n<h1 class=\"wp-block-heading has-text-align-center has-large-font-size\">ARTICLE 5 &#8211; ADMISSION&nbsp;<\/h1>\n\n\n\n<p class=\"has-text-align-left\">Pour faire partie de l&rsquo;association, il faut \u00eatre agr\u00e9\u00e9 par le Bureau qui statue lors de chacune de&nbsp; ses r\u00e9unions sur les demandes d&rsquo;admission pr\u00e9sent\u00e9es.&nbsp;<\/p>\n\n\n\n<div style=\"height:50px\" aria-hidden=\"true\" class=\"wp-block-spacer\"><\/div>\n\n\n\n<h1 class=\"wp-block-heading has-text-align-center has-large-font-size\">ARTICLE 6 &#8211; LES MEMBRES<\/h1>\n\n\n\n<p class=\"has-text-align-left\">Sont membres d\u2019honneur, ceux qui ont rendu ou rendent des services signal\u00e9s \u00e0 l&rsquo;association. Sont membres actifs ou adh\u00e9rents toutes les personnes qui versent une cotisation annuelle\u00a0dont le montant est fix\u00e9 chaque ann\u00e9e par l\u2019Assembl\u00e9e G\u00e9n\u00e9rale. Il est fix\u00e9 pour cette ann\u00e9e \u00e0\u00a0 cinq euros pour les \u00e9tudiants, et \u00e0 dix euros pour les autres.\u00a0<\/p>\n\n\n\n<div style=\"height:50px\" aria-hidden=\"true\" class=\"wp-block-spacer\"><\/div>\n\n\n\n<h1 class=\"wp-block-heading has-text-align-center has-large-font-size\">ARTICLE 7 &#8211; RADIATION&nbsp;<\/h1>\n\n\n\n<p class=\"has-text-align-left\">La qualit\u00e9 de membre se perd par :&nbsp;<\/p>\n\n\n\n<p class=\"has-text-align-left\">\u2022 la d\u00e9mission&nbsp;<\/p>\n\n\n\n<p class=\"has-text-align-left\">\u2022 le d\u00e9c\u00e8s&nbsp;<\/p>\n\n\n\n<p class=\"has-text-align-left\">\u2022 \u00e0 la suite d&rsquo;une radiation prononc\u00e9e par le conseil d&rsquo;administration pour un non paiement&nbsp; de la cotisation ou pour motif grave, l&rsquo;int\u00e9ress\u00e9 ayant \u00e9t\u00e9 invit\u00e9 par lettre recommand\u00e9e \u00e0 se&nbsp; pr\u00e9senter devant le Bureau pour fournir ses explications.&nbsp;<\/p>\n\n\n\n<div style=\"height:50px\" aria-hidden=\"true\" class=\"wp-block-spacer\"><\/div>\n\n\n\n<h1 class=\"wp-block-heading has-text-align-center has-large-font-size\">ARTICLE 8 &#8211; RESSOURCES&nbsp;<\/h1>\n\n\n\n<p class=\"has-text-align-left\">Les ressources de l&rsquo;association comprennent:&nbsp;<\/p>\n\n\n\n<p class=\"has-text-align-left\">\u2022 le montant des cotisations,&nbsp;<\/p>\n\n\n\n<p class=\"has-text-align-left\">\u2022 les subventions de l\u2019\u00c9tat, des instances universitaires, des collectivit\u00e9s territoriales ou&nbsp; autres organismes&nbsp;<\/p>\n\n\n\n<p class=\"has-text-align-left\">\u2022 les aides et dons&nbsp;<\/p>\n\n\n\n<p class=\"has-text-align-left\">\u2022 les recettes de manifestations de l\u2019association<\/p>\n\n\n\n<div style=\"height:50px\" aria-hidden=\"true\" class=\"wp-block-spacer\"><\/div>\n\n\n\n<h1 class=\"wp-block-heading has-text-align-center has-large-font-size\">ARTICLE 9 &#8211; CONSEIL D&rsquo;ADMINISTRATION&nbsp;<\/h1>\n\n\n\n<p>L&rsquo;association est dirig\u00e9e par un conseil d&rsquo;administration d\u2019au moins quatre membres \u00e9lus pour&nbsp; 1 an par l&rsquo;assembl\u00e9e g\u00e9n\u00e9rale. Les membres sont r\u00e9\u00e9ligibles.&nbsp;<\/p>\n\n\n\n<p>Le conseil d&rsquo;administration choisit parmi ses membres, au scrutin secret, un bureau compos\u00e9&nbsp; de:&nbsp;<\/p>\n\n\n\n<p>\u2022 un pr\u00e9sident&nbsp;<\/p>\n\n\n\n<p>\u2022 un vice-pr\u00e9sident&nbsp;<\/p>\n\n\n\n<p>\u2022 un secr\u00e9taire et, s&rsquo;il y a lieu, un secr\u00e9taire adjoint&nbsp;<\/p>\n\n\n\n<p>\u2022 un tr\u00e9sorier et, s&rsquo;il y a lieu, un tr\u00e9sorier adjoint&nbsp;<\/p>\n\n\n\n<p>En cas de vacance, le conseil pourvoit provisoirement au remplacement de ses membres. Il est&nbsp; proc\u00e9d\u00e9 \u00e0 leur remplacement d\u00e9finitif par la plus prochaine assembl\u00e9e g\u00e9n\u00e9rale.&nbsp;<\/p>\n\n\n\n<div style=\"height:50px\" aria-hidden=\"true\" class=\"wp-block-spacer\"><\/div>\n<\/div>\n\n\n\n<h1 class=\"wp-block-heading has-text-align-center has-large-font-size\">ARTICLE 10 &#8211; REUNION DU CONSEIL D&rsquo;ADMINISTRATION&nbsp;<\/h1>\n\n\n\n<p>Le Conseil se r\u00e9unit au moins une fois par an, sur convocation du Pr\u00e9sident, ou sur la&nbsp; demande du quart de ses membres.&nbsp;<\/p>\n\n\n\n<p>Les d\u00e9cisions sont prises \u00e0 la majorit\u00e9 des voix. En cas de partage, la voix du Pr\u00e9sident est&nbsp; pr\u00e9pond\u00e9rante.&nbsp;<\/p>\n\n\n\n<p>Nul ne peut faire partie du Conseil s&rsquo;il n&rsquo;est pas majeur.<\/p>\n\n\n\n<div style=\"height:50px\" aria-hidden=\"true\" class=\"wp-block-spacer\"><\/div>\n\n\n\n<h1 class=\"wp-block-heading has-text-align-center has-large-font-size\">ARTICLE 11 &#8211; ASSEMBLEE GENERALE ORDINAIRE<\/h1>\n\n\n\n<p>L&rsquo;assembl\u00e9e g\u00e9n\u00e9rale ordinaire comprend tous les membres de l&rsquo;association, quel que soit leur&nbsp; titre. Les d\u00e9cisions sont prises \u00e0 la majorit\u00e9 des membres pr\u00e9sents ou repr\u00e9sent\u00e9s (pouvoir).&nbsp; Un membre ne peut disposer de plus de deux pouvoirs.&nbsp;<\/p>\n\n\n\n<p>L&rsquo;assembl\u00e9e g\u00e9n\u00e9rale ordinaire se r\u00e9unit chaque ann\u00e9e au mois de septembre ou d&rsquo;octobre. Quinze jours au moins avant la date fix\u00e9e, les membres de l&rsquo;association sont convoqu\u00e9s par les&nbsp; soins du secr\u00e9taire (lettre individuelle ou courrier \u00e9lectronique, affichage dans les locaux de&nbsp; l\u2019universit\u00e9\u2026). L&rsquo;ordre du jour est indiqu\u00e9 sur les convocations.&nbsp;<\/p>\n\n\n\n<p>Le Pr\u00e9sident, assist\u00e9 des membres du Conseil, pr\u00e9side l&rsquo;assembl\u00e9e et expose la situation&nbsp; morale de l&rsquo;association.&nbsp;<\/p>\n\n\n\n<p>Le tr\u00e9sorier rend compte de sa gestion et soumet le bilan \u00e0 l&rsquo;approbation de l&rsquo;assembl\u00e9e. Il est proc\u00e9d\u00e9, apr\u00e8s \u00e9puisement des questions \u00e0 l&rsquo;ordre du jour, \u00e0 l&rsquo;\u00e9lection ou \u00e0 la r\u00e9\u00e9lection&nbsp; au scrutin secret de chacun des candidats au conseil. L&rsquo;\u00e9lection de chacun des candidats est&nbsp; valid\u00e9e \u00e0 la majorit\u00e9 simple.&nbsp;&nbsp;<\/p>\n\n\n\n<div style=\"height:50px\" aria-hidden=\"true\" class=\"wp-block-spacer\"><\/div>\n\n\n\n<h1 class=\"wp-block-heading has-text-align-center has-large-font-size\">ARTICLE 12 &#8211; ASSEMBLEE GENERALE EXTRAORDINAIRE&nbsp;<\/h1>\n\n\n\n<p>Si besoin est, ou sur la demande du quart des membres, le pr\u00e9sident peut convoquer une&nbsp; assembl\u00e9e g\u00e9n\u00e9rale extraordinaire suivant les formalit\u00e9s pr\u00e9vues \u00e0 l&rsquo;article 11. L\u2019assembl\u00e9e&nbsp; g\u00e9n\u00e9rale extraordinaire est comp\u00e9tente pour modifier les statuts, d\u00e9cider la fusion et la&nbsp; dissolution de l\u2019association. Les d\u00e9lib\u00e9rations de l&rsquo;assembl\u00e9e g\u00e9n\u00e9rale extraordinaire seront&nbsp; prises \u00e0 la majorit\u00e9 des membres pr\u00e9sents.&nbsp;<\/p>\n\n\n\n<div style=\"height:50px\" aria-hidden=\"true\" class=\"wp-block-spacer\"><\/div>\n\n\n\n<h1 class=\"wp-block-heading has-text-align-center has-large-font-size\">ARTICLE 13 &#8211; DISSOLUTION&nbsp;<\/h1>\n\n\n\n<p>La dissolution est prononc\u00e9e par au moins le quart des membres pr\u00e9sents ou repr\u00e9sent\u00e9s \u00e0&nbsp; l&rsquo;assembl\u00e9e g\u00e9n\u00e9rale extraordinaire. Un ou plusieurs liquidateurs sont nomm\u00e9s par celle-ci et l&rsquo;actif, s&rsquo;il y a lieu, est d\u00e9volu conform\u00e9ment \u00e0 l&rsquo;article 9 de la loi du 1er Juillet 1901 et au&nbsp; d\u00e9cret du 16 ao\u00fbt 1901.<br><\/p>\n\n\n\n<div style=\"height:50px\" aria-hidden=\"true\" class=\"wp-block-spacer\"><\/div>\n<\/div>\n","protected":false},"excerpt":{"rendered":"<p>ASSOCIATION P\u00e9riples&nbsp; Association d\u00e9clar\u00e9e Loi du 1er Juillet 1901 et D\u00e9cret du 16 Ao\u00fbt 1901&nbsp; ARTICLE 1er&nbsp; Il est fond\u00e9 entre les adh\u00e9rents aux pr\u00e9sents statuts une association r\u00e9gie par la loi du 1er&nbsp; Juillet 1901 et le d\u00e9cret du 16 Ao\u00fbt 1901, ayant pour nom : P\u00e9riples.&nbsp; ARTICLE 2 &#8211; OBJET&nbsp; Cette association regroupe [&hellip;]<\/p>\n","protected":false},"author":392,"featured_media":0,"parent":16,"menu_order":0,"comment_status":"closed","ping_status":"closed","template":"","meta":{"footnotes":""},"class_list":["post-143","page","type-page","status-publish","hentry"],"_links":{"self":[{"href":"https:\/\/blogs.univ-tlse2.fr\/periples\/wp-json\/wp\/v2\/pages\/143","targetHints":{"allow":["GET"]}}],"collection":[{"href":"https:\/\/blogs.univ-tlse2.fr\/periples\/wp-json\/wp\/v2\/pages"}],"about":[{"href":"https:\/\/blogs.univ-tlse2.fr\/periples\/wp-json\/wp\/v2\/types\/page"}],"author":[{"embeddable":true,"href":"https:\/\/blogs.univ-tlse2.fr\/periples\/wp-json\/wp\/v2\/users\/392"}],"replies":[{"embeddable":true,"href":"https:\/\/blogs.univ-tlse2.fr\/periples\/wp-json\/wp\/v2\/comments?post=143"}],"version-history":[{"count":9,"href":"https:\/\/blogs.univ-tlse2.fr\/periples\/wp-json\/wp\/v2\/pages\/143\/revisions"}],"predecessor-version":[{"id":213,"href":"https:\/\/blogs.univ-tlse2.fr\/periples\/wp-json\/wp\/v2\/pages\/143\/revisions\/213"}],"up":[{"embeddable":true,"href":"https:\/\/blogs.univ-tlse2.fr\/periples\/wp-json\/wp\/v2\/pages\/16"}],"wp:attachment":[{"href":"https:\/\/blogs.univ-tlse2.fr\/periples\/wp-json\/wp\/v2\/media?parent=143"}],"curies":[{"name":"wp","href":"https:\/\/api.w.org\/{rel}","templated":true}]}}