 {"id":1034,"date":"2015-11-30T17:18:53","date_gmt":"2015-11-30T16:18:53","guid":{"rendered":"https:\/\/blogs.univ-tlse2.fr\/plateformeterrae\/?page_id=1034"},"modified":"2016-10-10T09:17:25","modified_gmt":"2016-10-10T08:17:25","slug":"surveytracker","status":"publish","type":"page","link":"https:\/\/blogs.univ-tlse2.fr\/plateformeterrae\/surveytracker\/","title":{"rendered":"Arch\u00e9oToolBox"},"content":{"rendered":"<p>Application <a href=\"https:\/\/play.google.com\/store\/apps\/details?id=fr.universite_toulouse.umr_5608_traces.archeotracker&amp;hl=fr\">Archeotracker <\/a>(Google play)<\/p>\n<p>&nbsp;<\/p>\n<p><strong>OSMtracker et\u00a0 la prospection arch\u00e9ologique. (Florent\u00a0<\/strong><strong>Hautefeuille)<\/strong><\/p>\n<p><strong>\u00a0<\/strong><\/p>\n<p><strong>Pr\u00e9ambule<\/strong><\/p>\n<p>Archeotracker, issue de l&rsquo;application \u00ab\u00a0OSMTracker\u00a0\u00bb, d\u00e9velopp\u00e9e par N. Guillaumin, est une application destin\u00e9e au g\u00e9or\u00e9f\u00e9rencement syst\u00e9matique des donn\u00e9es ou des artefacts issus des prospections arch\u00e9ologiques p\u00e9destres. L&rsquo;application permet d&rsquo;enregistrer en continu en discriminant les principales cat\u00e9gories d&rsquo;objet. Dans une \u00e9quipe de prospection, chaque participant doit \u00eatre dot\u00e9 d&rsquo;un smartphone avec Archeotracker. Le smartphone se tient sur le bras \u00e0 port\u00e9e de main. Le prospecteur peut ainsi, sans aucune perte de temps enregistrer la position pr\u00e9cise des objets dans les zones \u00e9tudi\u00e9es. Il est \u00e9galement possible de suivre le parcours des prospecteurs et donc de mesurer l&rsquo;\u00e9cart \u00e0 la grille th\u00e9orique de la prospection pour chacun des membres de l&rsquo;\u00e9quipe. Une fois les prospections achev\u00e9es, il est ais\u00e9 d&rsquo;exporter des fichiers .kml de chaque smartphone et de reconstituer sur SIG des cartes de densit\u00e9, et les parcours exacts des prospecteurs, et ce, quelque soit leur nombre. Il est alors possible de traiter ces donn\u00e9es en terme d&rsquo;analyse spatiale par exemple avec des cartes de chaleur.<\/p>\n<p>L&rsquo;application a \u00e9t\u00e9 d\u00e9velopp\u00e9e sur la base d&rsquo;OSMTracker, par Emile Hautefeuille, sur une id\u00e9e de Florent Hautefeuille, ma\u00eetre de conf\u00e9rences HDR en arch\u00e9ologie m\u00e9di\u00e9vale \u00e0 l&rsquo;Universit\u00e9 de Toulouse. Elle a \u00e9t\u00e9 test\u00e9e durant une ann\u00e9e sur plusieurs chantiers de l&rsquo;UMR 5608 TRACES, en particulier dans le cadre du\u00a0programme REPERAGE, dirig\u00e9 par Nicolas Poirier. On doit citer l&rsquo;aide d&rsquo;Anna Louisa.<\/p>\n<p>&nbsp;<\/p>\n<p><strong>Objectif de l\u2019application<\/strong><\/p>\n<p>L\u2019objectif de l\u2019application est de g\u00e9or\u00e9f\u00e9rencer deux types d\u2019information : des trac\u00e9s et des points. Elle fonctionne en s\u2019appuyant sur la puce GPS qui est int\u00e9gr\u00e9e \u00e0 la plupart des smartphones.<\/p>\n<p>Dans le cadre de son utilisation en prospection arch\u00e9ologique, l\u2019id\u00e9e est qu\u2019elle permette de mesurer tr\u00e8s pr\u00e9cis\u00e9ment :<\/p>\n<p>-\u00ad\u2010les parcours individuels de chacun des prospecteurs<\/p>\n<p>-\u00ad\u2010les coordonn\u00e9s de tous les artefacts avec classification sommaire (c\u00e9ramique, TCA, silex\u2026). Lorsque l\u2019on ramasse un artefact, il suffit de cliquer une fois sur le bouton correspondant sur le smartphone pour que la position soit enregistr\u00e9e. Cela permettra d\u2019am\u00e9liorer la pr\u00e9cision de la r\u00e9partition du mat\u00e9riel dans une zone. Au lieu de diluer statistiquement des artefacts \u00e0 l\u2019\u00e9chelle d\u2019une zone enti\u00e8re, il sera possible de voir \u00e9merger des concentrations sp\u00e9cifiques, sans perte de temps sur le terrain.<\/p>\n<p>-\u00ad\u2010les coordonn\u00e9es pr\u00e9cises des artefacts li\u00e9s \u00e0 la d\u00e9couverte d\u2019un site (concentration). L\u2019outil permettra ainsi de d\u00e9limiter beaucoup plus pr\u00e9cis\u00e9ment les contours d\u2019un site tout en faisant gagner du temps en terme de g\u00e9or\u00e9f\u00e9rencement. Au lieu d\u2019avoir \u00e0 marquer au sol le site. La d\u00e9finition pr\u00e9cise de ces contours se fera en post traitement, mais sera plus objective et plus pr\u00e9cise.<\/p>\n","protected":false},"excerpt":{"rendered":"<p>Application Archeotracker (Google play) &nbsp; OSMtracker et\u00a0 la prospection arch\u00e9ologique. (Florent\u00a0Hautefeuille) \u00a0 Pr\u00e9ambule Archeotracker, issue de l&rsquo;application \u00ab\u00a0OSMTracker\u00a0\u00bb, d\u00e9velopp\u00e9e par N. Guillaumin, est une application destin\u00e9e au g\u00e9or\u00e9f\u00e9rencement [..]<\/p>\n","protected":false},"author":116,"featured_media":0,"parent":0,"menu_order":0,"comment_status":"closed","ping_status":"closed","template":"","meta":{"footnotes":""},"class_list":["post-1034","page","type-page","status-publish","hentry"],"_links":{"self":[{"href":"https:\/\/blogs.univ-tlse2.fr\/plateformeterrae\/wp-json\/wp\/v2\/pages\/1034","targetHints":{"allow":["GET"]}}],"collection":[{"href":"https:\/\/blogs.univ-tlse2.fr\/plateformeterrae\/wp-json\/wp\/v2\/pages"}],"about":[{"href":"https:\/\/blogs.univ-tlse2.fr\/plateformeterrae\/wp-json\/wp\/v2\/types\/page"}],"author":[{"embeddable":true,"href":"https:\/\/blogs.univ-tlse2.fr\/plateformeterrae\/wp-json\/wp\/v2\/users\/116"}],"replies":[{"embeddable":true,"href":"https:\/\/blogs.univ-tlse2.fr\/plateformeterrae\/wp-json\/wp\/v2\/comments?post=1034"}],"version-history":[{"count":4,"href":"https:\/\/blogs.univ-tlse2.fr\/plateformeterrae\/wp-json\/wp\/v2\/pages\/1034\/revisions"}],"predecessor-version":[{"id":1081,"href":"https:\/\/blogs.univ-tlse2.fr\/plateformeterrae\/wp-json\/wp\/v2\/pages\/1034\/revisions\/1081"}],"wp:attachment":[{"href":"https:\/\/blogs.univ-tlse2.fr\/plateformeterrae\/wp-json\/wp\/v2\/media?parent=1034"}],"curies":[{"name":"wp","href":"https:\/\/api.w.org\/{rel}","templated":true}]}}