 {"id":30,"date":"2013-02-15T17:29:08","date_gmt":"2013-02-15T16:29:08","guid":{"rendered":"https:\/\/blogs.univ-tlse2.fr\/plateformeterrae\/?page_id=30"},"modified":"2014-09-09T09:15:39","modified_gmt":"2014-09-09T08:15:39","slug":"bienvenue","status":"publish","type":"page","link":"https:\/\/blogs.univ-tlse2.fr\/plateformeterrae\/bienvenue\/","title":{"rendered":"La plateforme terrae &#8230; qu&rsquo;est-ce-que c&rsquo;est ?"},"content":{"rendered":"<p>Sur le blog de la plateforme technique arch\u00e9ologique de l&rsquo;\u00e9quipe Terrae (Coordination de m\u00e9di\u00e9viste des laboratoires TRACES (UMR 5608) et FRAMESPA (UMR 5136) (<a title=\"Site terrae\" href=\"http:\/\/terrae.univ-tlse2.fr\/\" target=\"_blank\">http:\/\/terrae.univ-tlse2.fr\/<\/a>).<\/p>\n<h1><span style=\"color: #99cc00\"><a title=\"Carte des terrains applicatifs\" href=\"https:\/\/maps.google.fr\/maps\/ms?msid=202888836467124677276.0004d624c0721bfc682e9&amp;msa=0&amp;ll=24.686952,58.183594&amp;spn=109.764042,209.53125\" target=\"_blank\"><span style=\"color: #99cc00\"><strong><span style=\"color: #ff0000\">Carte des terrains applicatifs<\/span><\/strong><\/span><\/a><\/span><\/h1>\n<p>Le plateau technique Terrae, est une composante de la plateforme technologique de la\u00a0<a title=\"maison des sciences de l'homme et de la soci\u00e9t\u00e9 de toulouse  (nouvelle fen\u00eatre)\" href=\"http:\/\/w3.msh.univ-tlse2.fr\/spip.php?rubrique203\">Maison des Sciences de l&rsquo;Homme et de la Soci\u00e9t\u00e9 de Toulouse\u00a0<\/a>(MSHS-T).<\/p>\n<p>Il est \u00e9galement associ\u00e9 au r\u00e9seau Information Spatiale et Arch\u00e9ologie (<a title=\"isa (nouvelle fen\u00eatre)\" href=\"http:\/\/isa.univ-tours.fr\/\">ISA<\/a>).<\/p>\n<p>&nbsp;<\/p>\n<p><strong>Pour effectuer une <a title=\"R\u00e9servation mat\u00e9riel plateforme Terrae\" href=\"https:\/\/www.google.com\/url?q=https%3A%2F%2Fwww.geotests.net%2Fbooked%2F&amp;sa=D&amp;sntz=1&amp;usg=AFQjCNFFEgPRrTiBNFQTSlj1pPOsxY1krA\" target=\"_blank\">r\u00e9servation<\/a>. (Seules les personnes inscrites comme \u00ab\u00a0Utilisateurs\u00a0\u00bb ont acc\u00e8s \u00e0 la r\u00e9servation. Pour se faire inscrire comme utilisateur, contacter Carine Calastrenc -&#x63;ar&#x69;ne&#x2e;c&#97;&#x6c;a&#115;&#x74;r&#101;&#x6e;c&#64;&#x75;n&#105;&#x76;-&#116;&#x6c;s&#101;&#x32;&#46;&#102;&#x72;- L&rsquo;inscription n&rsquo;est pas automatique.)<\/strong><\/p>\n<p>&nbsp;<\/p>\n<p>&nbsp;<\/p>\n<p>Il se d\u00e9cline en quatre secteurs d\u2019activit\u00e9s, au carrefour de l\u2019histoire, de l\u2019arch\u00e9ologie et de l\u2019histoire de l\u2019art :<\/p>\n<p><b>1.\u00a0acquisition et traitement des donn\u00e9es spatiales en arch\u00e9ologie<\/b>. Le plateau dispose ou est en cours d\u2019acquisition d\u2019une s\u00e9rie d\u2019outils offrant un tr\u00e8s large panel de donn\u00e9es en arch\u00e9ologie, aussi bien pour de la prospection, de la fouille que de l\u2019arch\u00e9ologie du b\u00e2ti (stations totales, GPS, diff\u00e9rentiels, drone, scanner 3D, cam\u00e9ra thermique, cerf volant, appareils photos classiques ou adapt\u00e9s \u00e0 la num\u00e9risation d\u2019archives, scanner\u2026)<\/p>\n<p><b>2.<\/b>\u00a0<b>traitement et analyse du mobilier arch\u00e9ologique.<\/b>\u00a0Le plateau dispose de locaux d\u00e9di\u00e9s et de mat\u00e9riel utilisable pour l\u2019\u00e9tude de la c\u00e9ramique (nettoyage, marquage, traitement, banc photo), mais aussi et surtout pour de la carpologie (deux binoculaires dot\u00e9es de cam\u00e9ra, une carpoth\u00e8que, du mat\u00e9riel de tamisage)<\/p>\n<p><b>3.\u00a0acquisition et traitement des sources \u00e9crites<\/b>. Le plateau est \u00e9quip\u00e9 d\u2019appareils photos d\u00e9di\u00e9s \u00e0 la num\u00e9risation d\u2019archives avec pieds adapt\u00e9s, t\u00e9l\u00e9commande, alim secteur, d\u2019un scanner \u00e0 plat A-3, d\u2019une imprimante A-3 couleur, de logiciel de traitement des donn\u00e9es (OCR pour Mac, logiciel de traitements group\u00e9s de photo, BDD, SIG\u2026)<\/p>\n<p><b>4.\u00a0intervention arch\u00e9ologique de terrain<\/b>. Le plateau regroupe un large \u00e9ventail de mat\u00e9riel de fouille et de relev\u00e9s destin\u00e9s \u00e0 la fouille arch\u00e9ologique ou aux relev\u00e9s de b\u00e2ti. Il s\u2019agit de mat\u00e9riel classique (pelle, pioche, truelles, brouettes, b\u00e2che\u2026) mais aussi du mat\u00e9riel assez sp\u00e9cifique comme des panneaux solaires destin\u00e9s \u00e0 des op\u00e9rations en montagne ou dans des secteurs ne disposant pas d\u2019\u00e9lectricit\u00e9, un vid\u00e9oscope permettant une oscultation de murs ou de s\u00e9pultures, un groupe \u00e9lectrog\u00e8ne, ou une serre.<\/p>\n<p>&nbsp;<\/p>\n<p><b>\u00a0<\/b><b>Programmes, partenariats, conventions\u2026<\/b><\/p>\n<p><b><\/b><b><i>volet carpologie<\/i><\/b>\u00a0: une dizaine de contrats de recherche avec des structures publiques (collectivit\u00e9s territoriales) et priv\u00e9s (PME), souvent dans le cadre de l\u2019arch\u00e9ologie pr\u00e9ventive (50 000 \u20ac permettant de salarier une IE \u00e0 \u00bd temps)<\/p>\n<p><i>\u00a0<\/i><b><i>volet arch\u00e9ozoologie<\/i><\/b>\u00a0: 1 contrat comparable avec la mairie d\u2019Auzat (Ari\u00e8ge) (montant 12 000 \u20ac)<\/p>\n<p><i>\u00a0<\/i><b><i>volet \u00e9tude documentaire<\/i><\/b><i>\u00a0<\/i>: un contrat de recherche pass\u00e9e (janv 2012) avec le CG des Landes pour la valorisation d\u2019une \u00e9tude (expo, publication livre grand public) (40 000 \u20ac permettant l\u2019embauche d\u2019une IE sur 10 mois)<\/p>\n<p><b><i>volet Acquisition de donn\u00e9es spatiales\u00a0<\/i><\/b>: Une grande partie du mat\u00e9riel associ\u00e9 \u00e0 ce volet a \u00e9t\u00e9 acquis par le biais d&rsquo;un FEDER (Presage 35827) : environ 250 000\u20ac). Ce mat\u00e9riel est utilis\u00e9 dans le cadre des diff\u00e9rentes programmes de recherche des membres de l&rsquo;\u00e9quipe Terrae. Il est \u00e9galement pr\u00eat\u00e9 aux membres de Traces et du r\u00e9seau ISA. Il peut \u00e9galement \u00eatre utilis\u00e9 dans le cadre de contrat de convention \u00a0de recherche avec des structures publiques (collectivit\u00e9s territoriales) et priv\u00e9s (PME), souvent dans le cadre de l\u2019arch\u00e9ologie pr\u00e9ventive ou d&rsquo;\u00e9tude du b\u00e2ti.<\/p>\n<p style=\"text-align: justify\"><b><i>volet archeodrone<\/i><\/b>\u00a0: unit\u00e9 d\u2019intervention avec drones et cam\u00e9ra thermique (financement FEDER env. 110 000 \u20ac). (https:\/\/blogs.univ-tlse2.fr\/archeodrone\/). ce programme\u00a0a eut prolongements et a \u00e9t\u00e9 \u00e0 l&rsquo;origine de plusieurs partenariats scientifiques actifs :<\/p>\n<p>1- contact pour une mission d\u2019expertise en Tunisie avec une autre universit\u00e9 (Bordeaux)<\/p>\n<p>2- contact pris avec RFF (R\u00e9seau Ferr\u00e9 de France) dans l\u2019optique de la construction de la future LGV sud-ouest. (porteurs : F. Hautefeuille et N. Poirier)<\/p>\n<p>3- accord de partenariats et de prestations de services en cours avec des entreprises priv\u00e9es (HADES, ARCHEODUNUM) et l\u2019INRAP.<\/p>\n<p>4- en 2010, porteur (Florent Hautefeuille)\u00a0d&rsquo;un l\u2019equipex ARCHEODRONES (refus\u00e9). Ce projet a poser les bases d&rsquo;un \u00ab\u00a0consortium\u00a0\u00bb des unit\u00e9s des recherche TRACES (arch\u00e9ologie), GET (sciences de l\u2019univers), GEODE, IRIT (informatique), LAAS (robotique), ISAE (supa\u00e9ro), ONERA (recherche a\u00e9ronautique).<\/p>\n<p>5- en 2012, porteur d\u2019un Peps CNRS \u00ab\u00a0Thermoprospect\u00a0\u00bb (Florent Hautefeuille) en collaboration avec laurent Bruxelles (INRAP\/TRACES) et Jos\u00e9 Braga (AMIS) pour la d\u00e9tection de r\u00e9seaux karstiques par prospection thermique sur drone en Afrique du Sud (site de Kromdraai et Sterkfontein)<\/p>\n<p>6- Partenaire du MAV Research Centre pour le Compact-Exploreur (un drone destin\u00e9 \u00e0 de la prospection en milieu confin\u00e9). Le porteur de ce projet est l&rsquo;ISAE (J-M Moschetta). Les diff\u00e9rents partenaires impliqu\u00e9s sont : L&rsquo;ONERA, L&rsquo;ENAC (a\u00e9ronautique), LAAS (robotique, informatique), \u00a0IMFI (comparaisons calcul), Laplace (Gouverne de nano drone), TRACES (Arch\u00e9ologie)<\/p>\n<p>7- porteur d\u2019une demande d\u2019ANR Blanche pour un drone Lidar appliqu\u00e9 \u00e0 l\u2019arch\u00e9ologie (ANR Blanche \u2013 d\u00e9pos\u00e9e en janvier 2013 \u2013 Nicolas Poirier)<\/p>\n<p>&nbsp;<\/p>\n<p><strong>\u00a0Equipements et locaux :\u00a0<\/strong><\/p>\n<p>La plateforme technique arch\u00e9ologique Terrae est issue du rassemblement du mat\u00e9riel acquis par les membres de cette \u00e9quipe dans le cadre de leurs activit\u00e9s de recherche. Chaque ann\u00e9e, elle s&rsquo;agrandie suivant une programmation d&rsquo;acquisition.<\/p>\n<p>Ce mat\u00e9riel est r\u00e9serv\u00e9 \u00e0 l&rsquo;utilisation des membres de l&rsquo;\u00e9quipe Terrae, mais il est pr\u00eatable sous condition.<\/p>\n<p>Pour conna\u00eetre les conditions de pr\u00eat et les proc\u00e9dures de r\u00e9servation, contactez :<\/p>\n<p>* Florent Hautefeuille : &#x66;l&#x6f;&#x72;e&#x6e;&#116;&#46;&#x68;&#97;u&#x74;&#101;f&#x65;&#117;i&#x6c;l&#x65;&#x40;u&#x6e;&#x69;v&#x2d;&#116;l&#x73;&#101;2&#x2e;&#102;r<\/p>\n<p>* Christine Rendu : &#x63;&#x68;&#x72;&#x69;&#x73;&#x74;&#x69;&#x6e;&#x65;&#x2e;&#x72;&#x65;&#x6e;&#x64;&#x75;&#x40;&#x75;&#x6e;&#x69;&#x76;&#x2d;&#x74;&#x6c;&#x73;&#x65;&#x32;&#x2e;&#x66;&#x72;<\/p>\n<p>* Carine Calastrenc : c&#x61;&#x72;i&#x6e;&#x65;&#46;&#x63;&#x61;l&#x61;&#x73;t&#x72;&#x65;n&#x63;&#x40;u&#x6e;&#x69;v&#x2d;&#x74;l&#x73;&#x65;2&#x2e;&#x66;r<\/p>\n<p>&nbsp;<\/p>\n<p><strong>* Appareillage de topographie et de relev\u00e9 topographique en arch\u00e9ologie :\u00a0<\/strong><\/p>\n<p>&#8211; 2 DGPS Trimble GeoXHv6<\/p>\n<p>&#8211; 3 Station total Trimble M3<\/p>\n<p>&#8211; 1 Station total Penthax R100<\/p>\n<p>&#8211; 1 Station total Penthax R300<\/p>\n<p>&#8211; 1 Station total Leica<\/p>\n<p>&#8211; 2 Distancem\u00e8tres Leica<\/p>\n<p>&#8211; 1 Niveau de chantier<\/p>\n<p>&nbsp;<\/p>\n<dl id=\"attachment_70\" class=\"wp-caption alignnone\">\n<dt class=\"wp-caption-dt\"><a href=\"https:\/\/blogs.univ-tlse2.fr\/plateformeterrae\/files\/2013\/02\/P1080219-Carine-Calastrenc.png\"><img loading=\"lazy\" decoding=\"async\" class=\"size-medium wp-image-70\" src=\"https:\/\/blogs.univ-tlse2.fr\/plateformeterrae\/files\/2013\/02\/P1080219-Carine-Calastrenc-300x168.png\" alt=\"Fouille extensive programm\u00e9e (laboratoire FRAMESPA - UMR 5136) Cr\u00e9dit photo : Carine Calastrenc\" width=\"300\" height=\"168\" srcset=\"https:\/\/blogs.univ-tlse2.fr\/plateformeterrae\/files\/2013\/02\/P1080219-Carine-Calastrenc-300x168.png 300w, https:\/\/blogs.univ-tlse2.fr\/plateformeterrae\/files\/2013\/02\/P1080219-Carine-Calastrenc-1024x576.png 1024w, https:\/\/blogs.univ-tlse2.fr\/plateformeterrae\/files\/2013\/02\/P1080219-Carine-Calastrenc.png 1772w\" sizes=\"auto, (max-width: 300px) 100vw, 300px\" \/><\/a><\/dt>\n<\/dl>\n<dl id=\"attachment_70\" class=\"wp-caption alignnone\">\n<dd class=\"wp-caption-dd\">Fouille extensive programm\u00e9e<br \/>\n(laboratoire FRAMESPA &#8211; UMR 5136)<br \/>\nCr\u00e9dit photo : Carine Calastrenc<\/dd>\n<\/dl>\n<p>&nbsp;<\/p>\n<p><strong>* Appareillage \u00ab\u00a0Aquisition 3D\u00a0\u00bb :\u00a0<\/strong><\/p>\n<p>&#8211; 1 Scanner 3D Faro Focus<\/p>\n<p>&#8211; 1 Bras de mesure Faro<\/p>\n<div id=\"attachment_90\" style=\"width: 310px\" class=\"wp-caption alignnone\"><a href=\"https:\/\/blogs.univ-tlse2.fr\/plateformeterrae\/files\/2013\/02\/Scan.png\"><img loading=\"lazy\" decoding=\"async\" aria-describedby=\"caption-attachment-90\" class=\"size-medium wp-image-90\" src=\"https:\/\/blogs.univ-tlse2.fr\/plateformeterrae\/files\/2013\/02\/Scan-300x200.png\" alt=\"Laboratoire TRACES - UMR 5608 Cr\u00e9dits photo : Florent Hautefeuille\" width=\"300\" height=\"200\" srcset=\"https:\/\/blogs.univ-tlse2.fr\/plateformeterrae\/files\/2013\/02\/Scan-300x200.png 300w, https:\/\/blogs.univ-tlse2.fr\/plateformeterrae\/files\/2013\/02\/Scan.png 394w\" sizes=\"auto, (max-width: 300px) 100vw, 300px\" \/><\/a><p id=\"caption-attachment-90\" class=\"wp-caption-text\">Scan 3D &#8211; Eglise Saint Aureil (Castelnau-Montratier) &#8211; Laboratoire TRACES &#8211; UMR 5608<br \/>Cr\u00e9dits photo : Florent Hautefeuille<\/p><\/div>\n<p>&nbsp;<\/p>\n<p><strong>* Appareillage de prise de vue :<\/strong><\/p>\n<p>&#8211; 1 Canon 400D<\/p>\n<p>&#8211; 1 Panasonic Lumix-LX3<\/p>\n<p>&#8211; 1 Canon 400<\/p>\n<p>&#8211; 1 Canon EOS 300<\/p>\n<p>&#8211; 1 Panasonic Lumix LX7<\/p>\n<p>&#8211; 1 Panasonic TZ10<\/p>\n<p>&#8211; 1 Canon Q1x<\/p>\n<p>&#8211; 1 Sigma DP2Merill<\/p>\n<p>&#8211; 1 Cam\u00e9ra thermique Flir T620<\/p>\n<p>&#8211; 1 Statif photo<\/p>\n<p>&nbsp;<\/p>\n<p><strong>* Vecteur pour prise de vue a\u00e9rienne :\u00a0<\/strong><\/p>\n<p>&#8211; 1 Octorotor<\/p>\n<p>&#8211; 2 Quadrirotor<\/p>\n<p>&#8211; 1 Cerf-volant de 2m<\/p>\n<p>&#8211; 1 Perche-photo de 8m<\/p>\n<p>&#8211; 1 Perche-photo de 10m<\/p>\n<div id=\"attachment_73\" style=\"width: 250px\" class=\"wp-caption alignnone\"><a href=\"https:\/\/blogs.univ-tlse2.fr\/plateformeterrae\/files\/2013\/02\/Laurent-Bruxelles.png\"><img loading=\"lazy\" decoding=\"async\" aria-describedby=\"caption-attachment-73\" class=\" wp-image-73 \" src=\"https:\/\/blogs.univ-tlse2.fr\/plateformeterrae\/files\/2013\/02\/Laurent-Bruxelles-300x224.png\" alt=\"Fouille d'arch\u00e9ologie pr\u00e9ventive Direction : INRAP Prospection thermographique par drone faite dans le cadre du programme Arch\u00e9odrone (laboratoire TRACES - UMR 5608) Cr\u00e9dit photo : Laurent Bruxelles - INRAP\" width=\"240\" height=\"179\" srcset=\"https:\/\/blogs.univ-tlse2.fr\/plateformeterrae\/files\/2013\/02\/Laurent-Bruxelles-300x224.png 300w, https:\/\/blogs.univ-tlse2.fr\/plateformeterrae\/files\/2013\/02\/Laurent-Bruxelles.png 591w\" sizes=\"auto, (max-width: 240px) 100vw, 240px\" \/><\/a><p id=\"caption-attachment-73\" class=\"wp-caption-text\">Fouille d&rsquo;arch\u00e9ologie pr\u00e9ventive<br \/>Direction : INRAP<br \/>Prospection thermographique par drone faite dans le cadre du programme Arch\u00e9odrone (laboratoire TRACES &#8211; UMR 5608)<br \/>Cr\u00e9dit photo : Laurent Bruxelles &#8211; INRAP<\/p><\/div>\n<p>&nbsp;<\/p>\n<p><strong>* Appareillage d&rsquo;inspection du b\u00e2ti :\u00a0<\/strong><\/p>\n<p>&#8211; 1 Vid\u00e9oscope (3m)<\/p>\n<p>&#8211; 1 \u00a0Piqueteuse<\/p>\n<p>&nbsp;<\/p>\n<p><strong>* Appareillage pour \u00e9tude des macro-restes v\u00e9g\u00e9taux :\u00a0<\/strong><\/p>\n<p>&#8211; 1 Loupe binoculaire Euromex (grossissement x7.5-75) avec sortie trinoculaire, cam\u00e9ra num\u00e9rique int\u00e9gr\u00e9e, fibre optique, \u00e9clairage annulaire \u00e0 led. + 1 oculaire microm\u00e8tre, 1 objectif plan 1, 1 objectif plan 0.75<\/p>\n<p>&#8211; 1 Loupe binoculaire Leica (grossissement x8-35) avec appareil photo int\u00e9gr\u00e9<\/p>\n<p>&#8211; 1 Colonne de tamisage (tamis en inox &#8211; 50cm de diam\u00e8tre &#8211; mailles : 2 mm et 0.5 mm)<\/p>\n<p>&nbsp;<\/p>\n<div id=\"attachment_103\" style=\"width: 310px\" class=\"wp-caption alignnone\"><a href=\"https:\/\/blogs.univ-tlse2.fr\/plateformeterrae\/files\/2013\/02\/20130220_151310.jpg\"><img loading=\"lazy\" decoding=\"async\" aria-describedby=\"caption-attachment-103\" class=\"size-medium wp-image-103\" src=\"https:\/\/blogs.univ-tlse2.fr\/plateformeterrae\/files\/2013\/02\/20130220_151310-300x225.jpg\" alt=\"P\u00f4le &quot;Etude des macro-reste v\u00e9g\u00e9taux  Locaux techniques de la plateforme Terrae Cr\u00e9dits photo : Carine Calastrenc\" width=\"300\" height=\"225\" srcset=\"https:\/\/blogs.univ-tlse2.fr\/plateformeterrae\/files\/2013\/02\/20130220_151310-300x225.jpg 300w, https:\/\/blogs.univ-tlse2.fr\/plateformeterrae\/files\/2013\/02\/20130220_151310-1024x768.jpg 1024w\" sizes=\"auto, (max-width: 300px) 100vw, 300px\" \/><\/a><p id=\"caption-attachment-103\" class=\"wp-caption-text\">P\u00f4le \u00ab\u00a0Etude des macro-reste v\u00e9g\u00e9taux<br \/>Locaux techniques de la plateforme Terrae<br \/>Cr\u00e9dits photo : Carine Calastrenc<\/p><\/div>\n<p>&nbsp;<\/p>\n<p><strong>* Appareillage fourniture d&rsquo;\u00e9nergie et \u00e9clairage :\u00a0<\/strong><\/p>\n<p>&#8211; 4 Panneaux solaires + batteries<\/p>\n<p>&#8211; 1 Groupe \u00e9lectrog\u00e8ne<\/p>\n<p>&#8211; 1 Panneau de 1000 leds<\/p>\n<p>&#8211; 2 Projecteurs<\/p>\n<p>&nbsp;<\/p>\n<p><strong>*\u00a0Mat\u00e9riel de fouilles (dont une serre) \u00a0et de camping :\u00a0<\/strong><\/p>\n<p>&nbsp;<\/p>\n<div id=\"attachment_71\" style=\"width: 310px\" class=\"wp-caption alignnone\"><a href=\"https:\/\/blogs.univ-tlse2.fr\/plateformeterrae\/files\/2013\/02\/P1080889.png\"><img loading=\"lazy\" decoding=\"async\" aria-describedby=\"caption-attachment-71\" class=\"size-medium wp-image-71\" src=\"https:\/\/blogs.univ-tlse2.fr\/plateformeterrae\/files\/2013\/02\/P1080889-300x168.png\" alt=\"Fouille extensive programm\u00e9e - Vall\u00e9e d'Ossau - Secteur d'An\u00e9ou Cr\u00e9dit photo : carine Calastrenc\" width=\"300\" height=\"168\" srcset=\"https:\/\/blogs.univ-tlse2.fr\/plateformeterrae\/files\/2013\/02\/P1080889-300x168.png 300w, https:\/\/blogs.univ-tlse2.fr\/plateformeterrae\/files\/2013\/02\/P1080889-1024x576.png 1024w, https:\/\/blogs.univ-tlse2.fr\/plateformeterrae\/files\/2013\/02\/P1080889.png 1772w\" sizes=\"auto, (max-width: 300px) 100vw, 300px\" \/><\/a><p id=\"caption-attachment-71\" class=\"wp-caption-text\">Fouille extensive programm\u00e9e &#8211; Vall\u00e9e d&rsquo;Ossau &#8211; Secteur d&rsquo;An\u00e9ou (FRAMESPA &#8211; UMR 5608)<br \/>Cr\u00e9dit photo : carine Calastrenc<\/p><\/div>\n<p>&nbsp;<\/p>\n<p><strong>* Suites logicielles<\/strong><\/p>\n<p>&#8211; Scene 5.1 &#8211; <a title=\"Faro\" href=\"http:\/\/blog.faro-europe.com\/2012\/11\/scene-5-1-officially-launched-and-now-available\/\" target=\"_blank\">Faro<\/a><\/p>\n<p>&#8211; Qualify &#8211; <a title=\"Geomagic\" href=\"http:\/\/www.geomagic.com\/fr\/products\/qualify\/overview\/\" target=\"_blank\">G\u00e9omagic<\/a><\/p>\n<p>&#8211; LP360 + Classify + Extractor &#8211; <a title=\"Qcoherent\" href=\"http:\/\/www.qcoherent.com\/\" target=\"_blank\">QCoherent<\/a><\/p>\n<p>&#8211; Photoscan &#8211; <a title=\"Agisoft\" href=\"http:\/\/www.agisoft.ru\/\" target=\"_blank\">Agisoft<\/a><\/p>\n<p>&#8211; Tous les logiciels <a title=\"Esri\" href=\"http:\/\/www.esrifrance.fr\/\" target=\"_blank\">Esri<\/a>\u00a0(ArcGIS ArcView, ArcInfo, extensions&#8230;) en illimit\u00e9 gr\u00e2ce \u00e0 l\u2019adh\u00e9sion de la MSH de Toulouse \u00e0 la licence de site ESRI du r\u00e9seau des MSH. cette licence de site est g\u00e9r\u00e9 par le <a title=\"R\u00e9seau ISA\" href=\"http:\/\/isa.univ-tours.fr\/\" target=\"_blank\">R\u00e9seau ISA<\/a>\u00a0\/ MSHE Besan\u00e7on.<\/p>\n<p>&#8211; Pathfinder Office &#8211; <a title=\"Pathfinder Office\" href=\"http:\/\/www.trimble.com\/mappingGIS\/PathfinderOffice.aspx?dtID=applications&amp;\" target=\"_blank\">Trimble<\/a><\/p>\n<p>&#8211; FlirTool &#8211; <a title=\"Flir\" href=\"http:\/\/www.flir.com\/cs\/emea\/fr\/view\/?id=52662\" target=\"_blank\">Flir<\/a><\/p>\n<p>&nbsp;<\/p>\n<p><strong>* Locaux :<\/strong><\/p>\n<p>&#8211; 1 local pour les activit\u00e9s techniques : Maison Gu\u00e9ry &#8211; Campus de Toulouse 2 le Mirail<\/p>\n<p>&#8211; 1 salle de stockage du mat\u00e9riel (hors mat\u00e9riel de fouille et de campement)<\/p>\n<p>&nbsp;<\/p>\n<dl id=\"attachment_107\" class=\"wp-caption alignnone\">\n<dt class=\"wp-caption-dt\"><a href=\"https:\/\/blogs.univ-tlse2.fr\/plateformeterrae\/files\/2013\/02\/20130220_150838.png\"><img loading=\"lazy\" decoding=\"async\" class=\"size-medium wp-image-107\" src=\"https:\/\/blogs.univ-tlse2.fr\/plateformeterrae\/files\/2013\/02\/20130220_150838-300x224.png\" alt=\"Locaux techniques Maison Guery - Campus universit\u00e9 Toulouse 2 le Mirail Cr\u00e9dit photo : Carine Calastrenc\" width=\"300\" height=\"224\" srcset=\"https:\/\/blogs.univ-tlse2.fr\/plateformeterrae\/files\/2013\/02\/20130220_150838-300x224.png 300w, https:\/\/blogs.univ-tlse2.fr\/plateformeterrae\/files\/2013\/02\/20130220_150838-1024x767.png 1024w, https:\/\/blogs.univ-tlse2.fr\/plateformeterrae\/files\/2013\/02\/20130220_150838.png 1134w\" sizes=\"auto, (max-width: 300px) 100vw, 300px\" \/><\/a><\/dt>\n<\/dl>\n<dl id=\"attachment_107\" class=\"wp-caption alignnone\">\n<dd class=\"wp-caption-dd\">Locaux techniques<br \/>\nMaison Guery &#8211; Campus universit\u00e9 Toulouse 2 le Mirail<br \/>\nCr\u00e9dit photo : Carine Calastrenc<\/dd>\n<\/dl>\n<p style=\"text-align: justify\">\n<p style=\"text-align: justify\">\n<p style=\"text-align: justify\"><strong>Responsables de la platefor<\/strong><strong>me technique :\u00a0<\/strong><\/p>\n<p>Responsable scientifique du programmme Feder et Arch\u00e9odrone : Florent Hautefeuille<\/p>\n<p>Responsables scientifiques de la plateforme :Carine Calastrenc, Christine Rendu<\/p>\n<p><strong>Contact<\/strong> :\u00a0<a href=\"m&#97;&#x69;&#x6c;&#x74;o&#58;&#x63;&#x68;&#x72;i&#115;&#x74;&#x69;&#x6e;e&#46;&#x72;&#x65;&#x6e;d&#117;&#x40;&#x75;&#x6e;i&#118;&#x2d;&#x74;&#x6c;s&#101;&#x32;&#x2e;&#x66;r\">&#99;&#x61;r&#x69;n&#x65;&#46;&#99;&#x61;&#108;&#x61;s&#x74;r&#x65;n&#99;&#x40;u&#x6e;i&#x76;-&#x74;&#x6c;&#115;&#x65;2&#x2e;f&#x72;<\/a><\/p>\n<p>&nbsp;<\/p>\n","protected":false},"excerpt":{"rendered":"<p>Sur le blog de la plateforme technique arch\u00e9ologique de l&rsquo;\u00e9quipe Terrae (Coordination de m\u00e9di\u00e9viste des laboratoires TRACES (UMR 5608) et FRAMESPA (UMR 5136) (http:\/\/terrae.univ-tlse2.fr\/). Carte des terrains applicatifs [..]<\/p>\n","protected":false},"author":116,"featured_media":0,"parent":0,"menu_order":0,"comment_status":"open","ping_status":"open","template":"","meta":{"footnotes":""},"class_list":["post-30","page","type-page","status-publish","hentry"],"_links":{"self":[{"href":"https:\/\/blogs.univ-tlse2.fr\/plateformeterrae\/wp-json\/wp\/v2\/pages\/30","targetHints":{"allow":["GET"]}}],"collection":[{"href":"https:\/\/blogs.univ-tlse2.fr\/plateformeterrae\/wp-json\/wp\/v2\/pages"}],"about":[{"href":"https:\/\/blogs.univ-tlse2.fr\/plateformeterrae\/wp-json\/wp\/v2\/types\/page"}],"author":[{"embeddable":true,"href":"https:\/\/blogs.univ-tlse2.fr\/plateformeterrae\/wp-json\/wp\/v2\/users\/116"}],"replies":[{"embeddable":true,"href":"https:\/\/blogs.univ-tlse2.fr\/plateformeterrae\/wp-json\/wp\/v2\/comments?post=30"}],"version-history":[{"count":23,"href":"https:\/\/blogs.univ-tlse2.fr\/plateformeterrae\/wp-json\/wp\/v2\/pages\/30\/revisions"}],"predecessor-version":[{"id":792,"href":"https:\/\/blogs.univ-tlse2.fr\/plateformeterrae\/wp-json\/wp\/v2\/pages\/30\/revisions\/792"}],"wp:attachment":[{"href":"https:\/\/blogs.univ-tlse2.fr\/plateformeterrae\/wp-json\/wp\/v2\/media?parent=30"}],"curies":[{"name":"wp","href":"https:\/\/api.w.org\/{rel}","templated":true}]}}