 {"id":460,"date":"2021-03-22T16:45:18","date_gmt":"2021-03-22T15:45:18","guid":{"rendered":"https:\/\/blogs.univ-tlse2.fr\/prior\/?page_id=460"},"modified":"2023-08-04T15:28:23","modified_gmt":"2023-08-04T13:28:23","slug":"mentions-legales","status":"publish","type":"page","link":"https:\/\/blogs.univ-tlse2.fr\/prior\/mentions-legales\/","title":{"rendered":"Mentions l\u00e9gales"},"content":{"rendered":"\n<p>Vous vous trouvez actuellement sur le site Internet https:\/\/blogs.univ-tlse2.fr\/prior (ci-apr\u00e8s le \u00ab\u00a0Site\u00a0\u00bb) \u00e9dit\u00e9 par :<\/p>\n\n\n\n<p>Le Centre national de la recherche scientifique &#8211; CNRS, 3, rue Michel-Ange, 75794 Paris cedex 16 &#8211; France<\/p>\n\n\n\n<p>T\u00e9l\u00e9phone : +33 1 44 96 40 00<\/p>\n\n\n\n<p><strong>Directeur de la publication&nbsp;: <\/strong>Antoine Petit, pr\u00e9sident-directeur g\u00e9n\u00e9ral du CNRS<\/p>\n\n\n\n<p><strong>Responsable de la r\u00e9daction&nbsp;: <\/strong>C\u00e9cile Fabre, directrice de la MSHS-T<\/p>\n\n\n\n<p><strong>Responsable \u00e9ditorial&nbsp;: <\/strong>Didier Busca, responsable scientifique du programme PRIOR<\/p>\n\n\n\n<p><strong>Contact&nbsp;: <\/strong><a href=\"ma&#105;&#x6c;&#x74;o:p&#114;&#x69;&#x6f;r&#64;u&#110;&#x69;&#x76;-t&#108;&#x73;&#x65;&#x32;&#46;f&#114;\">p&#114;&#x69;&#x6f;r&#64;&#x75;&#x6e;i&#118;&#x2d;&#x74;l&#115;&#x65;&#x32;&#46;&#102;&#x72;<\/a><\/p>\n\n\n\n<p><strong>H\u00e9bergeur<\/strong><\/p>\n\n\n\n<p>L\u2019h\u00e9bergement du site est fourni par la Direction des Syst\u00e8mes d\u2019Information (DSI) de l\u2019Universit\u00e9 Toulouse &#8211; Jean Jaur\u00e8s<\/p>\n\n\n\n<p>UT2J \u2013 DSI, Campus Mirail, 5 all\u00e9es Antonio Machado, 31\u00a0058 Toulouse cedex 9<\/p>\n\n\n\n<p>T\u00e9l\u00e9phone&nbsp;: +33 (0)5 61 50 42 50<\/p>\n\n\n\n<p><strong>Cr\u00e9dits <\/strong>Logo \u00a9Benoit Colas<\/p>\n\n\n\n<p><strong>Donn\u00e9es personnelles<\/strong><\/p>\n\n\n\n<p>Les informations recueillies vous concernant font l\u2019objet d&rsquo;un traitement destin\u00e9 \u00e0 la MSHS-T, situ\u00e9e au 5 all\u00e9e Antonio Machado, F-31&nbsp;058 Toulouse cedex 9,&nbsp;+33 (0)5 61 50 35 28. Des informations peuvent \u00eatre demand\u00e9es \u00e0 la D\u00e9l\u00e9gu\u00e9e \u00e0 la Protection des Donn\u00e9es du CNRS \u2013 d&#x70;d&#46;&#x64;e&#x6d;a&#110;&#x64;e&#x73;&#x40;c&#x6e;r&#115;&#x2e;f&#x72;.<\/p>\n\n\n\n<p>Des donn\u00e9es \u00e0 caract\u00e8re personnel sont collect\u00e9es (nom, pr\u00e9nom, structure de rattachement, laboratoire, CV, mission) afin de pr\u00e9senter les scientifiques qui ont men\u00e9s l\u2019\u00e9tude PRIOR.<\/p>\n\n\n\n<p><strong>Les destinataires des donn\u00e9es<\/strong><\/p>\n\n\n\n<p>Ces donn\u00e9es sont accessibles par<\/p>\n\n\n\n<ul class=\"wp-block-list\">\n<li>Les internautes&nbsp;;<\/li>\n\n\n\n<li>Le webmaster et les administrateurs du blog.<\/li>\n<\/ul>\n\n\n\n<p><strong>Base l\u00e9gale<\/strong><\/p>\n\n\n\n<p>Le traitement est n\u00e9cessaire aux fins des int\u00e9r\u00eats l\u00e9gitimes poursuivis par le responsable du traitement <s>&nbsp;<\/s><\/p>\n\n\n\n<p><strong>Conservation des donn\u00e9es<\/strong><\/p>\n\n\n\n<p>Les donn\u00e9es sont conserv\u00e9es jusqu\u2019\u00e0 la fin de l\u2019\u00e9tude. Aucun transfert des donn\u00e9es hors de l\u2019Union Europ\u00e9enne n\u2019est r\u00e9alis\u00e9.<\/p>\n\n\n\n<p><strong>Droit des personnes<\/strong><\/p>\n\n\n\n<p>Conform\u00e9ment aux dispositions l\u00e9gales et r\u00e8glementaires applicables, en particulier la loi n\u00b0 78-17 du 6 janvier modifi\u00e9e relative \u00e0 l\u2019informatique, aux fichiers et aux libert\u00e9s et le r\u00e8glement europ\u00e9en n\u00b0 2016\/679\/UE du 27 avril 2016 (applicable depuis le 25 mai 2018), vous disposez des droits suivants :<\/p>\n\n\n\n<ul class=\"wp-block-list\">\n<li>Exercer votre droit d\u2019acc\u00e8s, pour conna\u00eetre les donn\u00e9es personnelles qui vous concernent ;<\/li>\n\n\n\n<li>Demander la mise \u00e0 jour de vos donn\u00e9es, si elles sont inexactes ;<\/li>\n\n\n\n<li>Demander la portabilit\u00e9 ou la suppression de vos donn\u00e9es ;<\/li>\n\n\n\n<li>Demander la suppression de votre compte ;<\/li>\n\n\n\n<li>Demander la limitation du traitement de vos donn\u00e9es ;<\/li>\n\n\n\n<li>Vous opposer, pour des motifs l\u00e9gitimes, au traitement de vos donn\u00e9es ;<\/li>\n\n\n\n<li>Retirer votre consentement au traitement de vos donn\u00e9es.<\/li>\n<\/ul>\n\n\n\n<p>Vous pouvez exercer ces droits en vous adressant \u00e0 : <a href=\"ma&#x69;&#x6c;&#x74;o:&#112;&#x72;&#x69;or&#64;&#x75;&#x6e;iv&#45;&#x74;&#x6c;&#x73;e2&#x2e;&#x66;&#x72;\">pri&#111;&#x72;&#x40;&#x75;&#x6e;iv-&#116;&#x6c;&#x73;&#x65;&#x32;&#46;fr<\/a><\/p>\n\n\n\n<p>Vous pouvez contacter \u00e9galement votre DPD \u00e0 l\u2019adresse suivante :<\/p>\n\n\n\n<p>CNRS \u2013 SPD, Site Jean Zay \u2013 B\u00e2t Ariane, 2 rue Jean Zay, 54500 VANDOEUVRE LES NANCY<\/p>\n\n\n\n<p>&#x64;p&#x64;&#46;d&#x65;&#109;a&#x6e;d&#x65;&#x73;&#64;&#x63;&#110;r&#x73;&#46;&#x66;&#x72;<\/p>\n\n\n\n<p>Si vous estimez, apr\u00e8s nous avoir contact\u00e9s, que vos droits Informatique et Libert\u00e9s ne sont pas respect\u00e9s, vous avez la possibilit\u00e9 d\u2019introduire une r\u00e9clamation en ligne aupr\u00e8s de la CNIL ou par courrier postal.<\/p>\n\n\n\n<p><strong>Cookies<\/strong><\/p>\n\n\n\n<p>Ce site utilise des cookies obligatoires et fonctionnels. Ils permettent :<\/p>\n\n\n\n<ul class=\"wp-block-list\">\n<li>D\u2019adapter la pr\u00e9sentation du site aux pr\u00e9f\u00e9rences d\u2019affichage de votre terminal (langue utilis\u00e9e, r\u00e9solution d\u2019affichage, syst\u00e8me d\u2019exploitation utilis\u00e9, etc),<\/li>\n\n\n\n<li>D\u2019\u00e9tablir des statistiques anonymes de fr\u00e9quentation et d\u2019utilisation de divers \u00e9l\u00e9ments composants du site pour permettre \u00e0 son \u00e9diteur d\u2019am\u00e9liorer le site,<\/li>\n\n\n\n<li>De permettre \u00e0 l\u2019\u00e9diteur d\u2019acc\u00e9der \u00e0 des espaces r\u00e9serv\u00e9s pour administrer le site.<\/li>\n<\/ul>\n\n\n\n<p>Pour ces types de cookies qui ne n\u00e9cessitent pas de consentement, le CNRS utilise l\u2019outil Matomo.<\/p>\n\n\n\n<p><strong>Accessibilit\u00e9<\/strong><\/p>\n\n\n\n<p>Le CNRS s\u2019engage \u00e0 rendre son Site accessible conform\u00e9ment \u00e0 <a href=\"https:\/\/www.legifrance.gouv.fr\/loda\/article_lc\/LEGIARTI000037388867\/2021-04-25\">l\u2019art. 47 de la loi n\u00b0 2005-102 du 11 f\u00e9vrier<\/a> <a href=\"https:\/\/www.legifrance.gouv.fr\/loda\/article_lc\/LEGIARTI000037388867\/2021-04-25\">2005 pour l&rsquo;\u00e9galit\u00e9 des droits et des chances, la participation et la citoyennet\u00e9 des personnes handicap\u00e9es<\/a> et au R\u00e9f\u00e9rentiel G\u00e9n\u00e9ral d\u2019Am\u00e9lioration de l\u2019Accessibilit\u00e9 (RGAA).<\/p>\n\n\n\n<p>La d\u00e9claration est en cours de construction. Page mise \u00e0 jour le 05\/07\/2023<\/p>\n\n\n\n<p>Il n\u2019existe aucun r\u00e9sultat d\u2019audit en cours de validit\u00e9 permettant de mesurer le respect des crit\u00e8res ou si moins de 50 % des crit\u00e8res de contr\u00f4le du RGAA sont respect\u00e9s. Le CNRS d\u00e9clare que ce Site n\u2019est pas conforme au RGAA.<\/p>\n\n\n\n<p><strong>Propri\u00e9t\u00e9 intellectuelle<\/strong><\/p>\n\n\n\n<p>Les contenus, les textes, y compris les vid\u00e9os, les marques, les logos et les images qui apparaissent ou sont disponibles sur le Site, sont prot\u00e9g\u00e9s par le droit de la propri\u00e9t\u00e9 intellectuelle.<\/p>\n\n\n\n<p>\u00c0 ce titre, vous vous engagez \u00e0 ne pas utiliser, extraire, copier, traduire, reproduire, vendre, publier, exploiter et diffuser des contenus du Site prot\u00e9g\u00e9s par le droit de la propri\u00e9t\u00e9 intellectuelle, sans autorisation pr\u00e9alable et \u00e9crite du CNRS.<\/p>\n\n\n\n<p>Le sigle \u00ab CNRS \u00bb, la mention \u00ab Centre National de la Recherche Scientifique \u00bb et le logo du CNRS sont d\u00e9pos\u00e9s \u00e0 titre de marque. Dans ce cadre, il est interdit de faire r\u00e9f\u00e9rence aux d\u00e9nominations sociales ou aux marques du CNRS, \u00e0 quelque fin que ce soit, sans autorisation pr\u00e9alable, expresse et \u00e9crite du CNRS.<\/p>\n\n\n\n<p>Dans le m\u00eame sens, il est interdit d\u2019utiliser le nom ou le logo d\u2019un Laboratoire sans l\u2019autorisation pr\u00e9alable et \u00e9crite des cotutelles de ce Laboratoire.<\/p>\n\n\n\n<p><strong>Liens hypertextes<\/strong><\/p>\n\n\n\n<p>La reproduction d\u2019un lien de ce Site vers un site \u00e9dit\u00e9 par un tiers ne constitue en aucun cas une validation de ce site ou de son contenu de la part du CNRS.<\/p>\n\n\n\n<p>Le CNRS ne saurait \u00eatre tenu responsable des contenus produits sur un site \u00e9dit\u00e9 par un tiers vers lesquels des liens sont \u00e9tablis, ou de toute autre information publi\u00e9e sur ce site, ainsi que des cons\u00e9quences de leur utilisation.<\/p>\n\n\n\n<p>La mise en place de liens hypertextes, par des tiers vers des pages ou des documents diffus\u00e9s sur le site du CNRS, est autoris\u00e9e sous r\u00e9serve que les liens ne contreviennent pas aux int\u00e9r\u00eats du CNRS et qu\u2019ils garantissent la possibilit\u00e9 pour l\u2019utilisateur d\u2019identifier l\u2019origine et l\u2019auteur du document. Il est pr\u00e9cis\u00e9 que la mise en place de tels liens hypertextes \u00e0 des fins de promotion commerciale des produits ou services propos\u00e9s par un tiers est interdite.<\/p>\n\n\n\n<p><strong>Responsabilit\u00e9<\/strong><\/p>\n\n\n\n<p>Le CNRS ne saurait \u00eatre tenu responsable des dommages r\u00e9sultant de l\u2019interpr\u00e9tation ou de l\u2019utilisation des contenus disponibles sur ce Site.<\/p>\n","protected":false},"excerpt":{"rendered":"<p>Vous vous trouvez actuellement sur le site Internet https:\/\/blogs.univ-tlse2.fr\/prior (ci-apr\u00e8s le \u00ab\u00a0Site\u00a0\u00bb) \u00e9dit\u00e9 par : Le Centre national de la recherche scientifique &#8211; CNRS, 3, rue Michel-Ange, 75794 Paris cedex 16 &#8211; France T\u00e9l\u00e9phone : +33 1 44 96 40 00 Directeur de la publication&nbsp;: Antoine Petit, pr\u00e9sident-directeur g\u00e9n\u00e9ral du CNRS Responsable de la r\u00e9daction&nbsp;: &hellip; <\/p>\n<p class=\"link-more\"><a href=\"https:\/\/blogs.univ-tlse2.fr\/prior\/mentions-legales\/\" class=\"more-link\">Continuer la lecture<span class=\"screen-reader-text\"> de &laquo;&nbsp;Mentions l\u00e9gales&nbsp;&raquo;<\/span><\/a><\/p>\n","protected":false},"author":882,"featured_media":0,"parent":0,"menu_order":0,"comment_status":"closed","ping_status":"closed","template":"","meta":{"footnotes":""},"class_list":["post-460","page","type-page","status-publish","hentry"],"_links":{"self":[{"href":"https:\/\/blogs.univ-tlse2.fr\/prior\/wp-json\/wp\/v2\/pages\/460","targetHints":{"allow":["GET"]}}],"collection":[{"href":"https:\/\/blogs.univ-tlse2.fr\/prior\/wp-json\/wp\/v2\/pages"}],"about":[{"href":"https:\/\/blogs.univ-tlse2.fr\/prior\/wp-json\/wp\/v2\/types\/page"}],"author":[{"embeddable":true,"href":"https:\/\/blogs.univ-tlse2.fr\/prior\/wp-json\/wp\/v2\/users\/882"}],"replies":[{"embeddable":true,"href":"https:\/\/blogs.univ-tlse2.fr\/prior\/wp-json\/wp\/v2\/comments?post=460"}],"version-history":[{"count":6,"href":"https:\/\/blogs.univ-tlse2.fr\/prior\/wp-json\/wp\/v2\/pages\/460\/revisions"}],"predecessor-version":[{"id":1252,"href":"https:\/\/blogs.univ-tlse2.fr\/prior\/wp-json\/wp\/v2\/pages\/460\/revisions\/1252"}],"wp:attachment":[{"href":"https:\/\/blogs.univ-tlse2.fr\/prior\/wp-json\/wp\/v2\/media?parent=460"}],"curies":[{"name":"wp","href":"https:\/\/api.w.org\/{rel}","templated":true}]}}