 {"id":12,"date":"2019-07-17T13:21:35","date_gmt":"2019-07-17T11:21:35","guid":{"rendered":"https:\/\/blogs.univ-tlse2.fr\/projet-mejic\/?page_id=12"},"modified":"2019-07-17T15:03:14","modified_gmt":"2019-07-17T13:03:14","slug":"accueil","status":"publish","type":"page","link":"https:\/\/blogs.univ-tlse2.fr\/projet-mejic\/accueil\/","title":{"rendered":"Accueil"},"content":{"rendered":"\n<figure class=\"wp-block-image\"><img loading=\"lazy\" decoding=\"async\" width=\"1000\" height=\"460\" src=\"https:\/\/blogs.univ-tlse2.fr\/projet-mejic\/files\/2019\/07\/0-iBLVixcJeIsb_6yG-1.png\" alt=\"\" class=\"wp-image-42\" srcset=\"https:\/\/blogs.univ-tlse2.fr\/projet-mejic\/files\/2019\/07\/0-iBLVixcJeIsb_6yG-1.png 1000w, https:\/\/blogs.univ-tlse2.fr\/projet-mejic\/files\/2019\/07\/0-iBLVixcJeIsb_6yG-1-300x138.png 300w, https:\/\/blogs.univ-tlse2.fr\/projet-mejic\/files\/2019\/07\/0-iBLVixcJeIsb_6yG-1-768x353.png 768w, https:\/\/blogs.univ-tlse2.fr\/projet-mejic\/files\/2019\/07\/0-iBLVixcJeIsb_6yG-1-560x258.png 560w, https:\/\/blogs.univ-tlse2.fr\/projet-mejic\/files\/2019\/07\/0-iBLVixcJeIsb_6yG-1-260x120.png 260w, https:\/\/blogs.univ-tlse2.fr\/projet-mejic\/files\/2019\/07\/0-iBLVixcJeIsb_6yG-1-160x74.png 160w\" sizes=\"auto, (max-width: 1000px) 100vw, 1000px\" \/><\/figure>\n\n\n\n<h2 class=\"wp-block-heading\">M\u00e9moire, Evaluation, Jugement et Ing\u00e9nierie Comportementale &#8211; Mejic<\/h2>\n\n\n\n<hr class=\"wp-block-separator\" \/>\n\n\n\n<p>Les chercheurs impliqu\u00e9s dans le projet Mejic inscrivent leurs travaux  dans une perspective collaborative entre les sous-disciplines de la  psychologie (sociale, d\u00e9veloppementale, cognitive et ergonomique). <\/p>\n\n\n\n<p>Mejic f\u00e9d\u00e8re, autour de projets transdisciplinaires, des recherches  organis\u00e9es autour des processus m\u00e9moriels, \u00e9valuatifs et de jugement. <\/p>\n\n\n\n<p class=\"has-text-color has-very-dark-gray-color\">Les travaux conduits par les membres de Mejic s&rsquo;int\u00e9ressent \u00e0 d\u00e9finir  des propositions d&rsquo;intervention concr\u00e8tes dans des domaines tels que la  justice et la s\u00e9curit\u00e9, la pr\u00e9vention et la sant\u00e9, l&rsquo;\u00e9conomie,  l&rsquo;\u00e9ducation\/formation, et les interactions humain-technologies. <\/p>\n\n\n\n<p>Ces travaux concernent des populations d&rsquo;enfants, adolescents, adultes et personnes \u00e2g\u00e9es. <\/p>\n\n\n\n<p>Nous cherchons \u00e9galement \u00e0 d\u00e9terminer les conditions de modifications et  d&rsquo;adoption de comportements individuels et collectifs. Dans cette  optique, nous sommes particuli\u00e8rement attach\u00e9s au d\u00e9veloppement et \u00e0 la  mise \u00e0 l&rsquo;\u00e9preuve de nouvelles techniques et m\u00e9thodes d&rsquo;investigation. <\/p>\n","protected":false},"excerpt":{"rendered":"<p>M\u00e9moire, Evaluation, Jugement et Ing\u00e9nierie Comportementale &#8211; Mejic Les chercheurs impliqu\u00e9s dans le projet Mejic inscrivent leurs travaux dans une perspective collaborative entre les sous-disciplines de la psychologie (sociale, d\u00e9veloppementale, cognitive et ergonomique). Mejic f\u00e9d\u00e8re, autour de projets transdisciplinaires, des&hellip;<\/p>\n<p class=\"more-link-p\"><a class=\"more-link\" href=\"https:\/\/blogs.univ-tlse2.fr\/projet-mejic\/accueil\/\">Read more &rarr;<\/a><\/p>\n","protected":false},"author":697,"featured_media":0,"parent":0,"menu_order":0,"comment_status":"closed","ping_status":"closed","template":"","meta":{"footnotes":""},"class_list":["post-12","page","type-page","status-publish","hentry"],"_links":{"self":[{"href":"https:\/\/blogs.univ-tlse2.fr\/projet-mejic\/wp-json\/wp\/v2\/pages\/12","targetHints":{"allow":["GET"]}}],"collection":[{"href":"https:\/\/blogs.univ-tlse2.fr\/projet-mejic\/wp-json\/wp\/v2\/pages"}],"about":[{"href":"https:\/\/blogs.univ-tlse2.fr\/projet-mejic\/wp-json\/wp\/v2\/types\/page"}],"author":[{"embeddable":true,"href":"https:\/\/blogs.univ-tlse2.fr\/projet-mejic\/wp-json\/wp\/v2\/users\/697"}],"replies":[{"embeddable":true,"href":"https:\/\/blogs.univ-tlse2.fr\/projet-mejic\/wp-json\/wp\/v2\/comments?post=12"}],"version-history":[{"count":6,"href":"https:\/\/blogs.univ-tlse2.fr\/projet-mejic\/wp-json\/wp\/v2\/pages\/12\/revisions"}],"predecessor-version":[{"id":51,"href":"https:\/\/blogs.univ-tlse2.fr\/projet-mejic\/wp-json\/wp\/v2\/pages\/12\/revisions\/51"}],"wp:attachment":[{"href":"https:\/\/blogs.univ-tlse2.fr\/projet-mejic\/wp-json\/wp\/v2\/media?parent=12"}],"curies":[{"name":"wp","href":"https:\/\/api.w.org\/{rel}","templated":true}]}}