 {"id":217,"date":"2019-10-16T08:48:19","date_gmt":"2019-10-16T06:48:19","guid":{"rendered":"https:\/\/blogs.univ-tlse2.fr\/real2-2020\/?page_id=217"},"modified":"2021-06-16T16:42:37","modified_gmt":"2021-06-16T14:42:37","slug":"lieu-du-colloque","status":"publish","type":"page","link":"https:\/\/blogs.univ-tlse2.fr\/real2-2020\/informations-pratiques\/lieu-du-colloque\/","title":{"rendered":"Lieu du colloque"},"content":{"rendered":"<h6 style=\"text-align: center\"><span style=\"color: #99b5a7\">Le colloque aura lieu \u00e0 l\u2019Universit\u00e9 de Toulouse II \u2013 Jean Jaur\u00e8s, Campus Le Mirail, Maison de la Recherche, Amphi F417 (4\u00e8me \u00e9tage).<\/span><\/h6>\n<h4 style=\"text-align: justify\"><strong>Adresse:<br \/>\n<\/strong><span style=\"color: #99b5a7\">Maison de la Recherche \u2013 F417<\/span><br \/>\n<span style=\"color: #99b5a7\">Universit\u00e9 de Toulouse \u00a0II -Jean Jaur\u00e8s<\/span><br \/>\n<span style=\"color: #99b5a7\">5, all\u00e9es Antonio Machado<\/span><br \/>\n<span style=\"color: #99b5a7\">31058 \u2013 Toulouse Cedex 9<\/span><\/h4>\n<p style=\"text-align: justify\">L\u2019Universit\u00e9 de Toulouse II \u2013 Jean Jaur\u00e8s est \u00e0 environ 15 minutes du centre-ville en m\u00e9tro (ligne A, destination Basso Cambo, arr\u00eat Mirail Universit\u00e9). Si vous utilisez la ligne B du m\u00e9tro, vous devez changer \u00e0 la station \u00ab\u00a0Jean Jaur\u00e8s\u00a0\u00bb, puis prendre la ligne A pour acc\u00e9der au Campus du Mirail. Vous descendez \u00e0 la station \u00ab\u00a0Mirail Universit\u00e9\u00a0\u00bb et la \u00ab\u00a0Maison de la Recherche\u00a0\u00bb \u00a0est \u00e0 \u00a03-5 minutes \u00e0 pied.<\/p>\n<ul style=\"text-align: justify\">\n<li>Plan du campus : <a href=\"https:\/\/blogs.univ-tlse2.fr\/real2-2020\/files\/2021\/06\/Plan-mirail-universite.pdf\">Plan mirail-universit\u00e9<\/a><\/li>\n<li>Moyens d\u2019acc\u00e8s au Campus du Mirail :\u00a0<a href=\"http:\/\/www.univ-tlse2.fr\/accueil\/infos\/pratique\/adresses-et-acces\/moyens-d-acces-au-campus-du-mirail-256988.kjsp?RH=adrloc\">http:\/\/www.univ-tlse2.fr\/accueil\/infos\/pratique\/adresses-et-acces\/moyens-d-acces-au-campus-du-mirail-256988.kjsp?RH=adrloc<\/a><\/li>\n<li>Du m\u00e9tro \u00e0 la maison de la recherche : <a href=\"https:\/\/drive.google.com\/file\/d\/1PrgXdjHUACtLxZH2yMdOBnP2hgCy5YQI\/view?usp=sharing\">vid\u00e9o<\/a><\/li>\n<\/ul>\n<h4 style=\"text-align: justify\"><strong>Transports en commun :<\/strong><\/h4>\n<ul>\n<li style=\"text-align: justify\">Tiss\u00e9o (bus, m\u00e9tro, tram) :\u00a0<a href=\"https:\/\/www.tisseo.fr\/\">https:\/\/www.tisseo.fr\/<\/a><\/li>\n<li style=\"text-align: justify\">Tiss\u00e9o \u2013 Horaires :\u00a0<a href=\"https:\/\/www.tisseo.fr\/se-deplacer\/horaires\">https:\/\/www.tisseo.fr\/se-deplacer\/horaires<\/a><\/li>\n<li style=\"text-align: justify\">Tiss\u00e9o \u2013 Tarifs :\u00a0<a href=\"https:\/\/www.tisseo.fr\/les-tarifs\/la-gamme\">https:\/\/www.tisseo.fr\/les-tarifs\/la-gamme<\/a><\/li>\n<\/ul>\n<h4 style=\"text-align: justify\"><strong>Prendre le v\u00e9lo :<\/strong><\/h4>\n<p>Vous pouvez venir \u00e0 l&rsquo;universit\u00e9 \u00e0 v\u00e9lo en utilisant les v\u00e9los propos\u00e9s par Tiss\u00e9o.<br \/>\nPour plus d&rsquo;informations : <a href=\"https:\/\/www.google.com\/maps\/d\/u\/0\/viewer?hl=fr&amp;ie=UTF8&amp;msa=0&amp;t=h&amp;z=14&amp;mid=1bL6WaOOamQoLGoU-lYJ2Gh-SIjo&amp;ll=43.59042675509265%2C1.4253739999999926\">ici<\/a>\u00a0et <a href=\"http:\/\/www.velo.toulouse.fr\/Magazine\/Actualites\/Info-service-VelOToulouse-vous-informe\">ici (Vel\u00f4toulouse)<\/a><br \/>\nIl existe des pistes cyclables. Selon vos points de d\u00e9parts, les trajets peuvent \u00eatre diff\u00e9rents.<\/p>\n","protected":false},"excerpt":{"rendered":"<p>Le colloque aura lieu \u00e0 l\u2019Universit\u00e9 de Toulouse II \u2013 Jean Jaur\u00e8s, Campus Le Mirail, Maison de la Recherche, Amphi F417 (4\u00e8me \u00e9tage). Adresse: Maison de la Recherche \u2013 F417 Universit\u00e9 de Toulouse \u00a0II -Jean Jaur\u00e8s 5, all\u00e9es Antonio Machado 31058 \u2013 Toulouse Cedex 9 L\u2019Universit\u00e9 de Toulouse II \u2013 Jean Jaur\u00e8s est \u00e0 environ [&hellip;]<\/p>\n","protected":false},"author":716,"featured_media":0,"parent":209,"menu_order":2,"comment_status":"closed","ping_status":"closed","template":"","meta":{"footnotes":""},"class_list":["post-217","page","type-page","status-publish","hentry"],"_links":{"self":[{"href":"https:\/\/blogs.univ-tlse2.fr\/real2-2020\/wp-json\/wp\/v2\/pages\/217","targetHints":{"allow":["GET"]}}],"collection":[{"href":"https:\/\/blogs.univ-tlse2.fr\/real2-2020\/wp-json\/wp\/v2\/pages"}],"about":[{"href":"https:\/\/blogs.univ-tlse2.fr\/real2-2020\/wp-json\/wp\/v2\/types\/page"}],"author":[{"embeddable":true,"href":"https:\/\/blogs.univ-tlse2.fr\/real2-2020\/wp-json\/wp\/v2\/users\/716"}],"replies":[{"embeddable":true,"href":"https:\/\/blogs.univ-tlse2.fr\/real2-2020\/wp-json\/wp\/v2\/comments?post=217"}],"version-history":[{"count":6,"href":"https:\/\/blogs.univ-tlse2.fr\/real2-2020\/wp-json\/wp\/v2\/pages\/217\/revisions"}],"predecessor-version":[{"id":498,"href":"https:\/\/blogs.univ-tlse2.fr\/real2-2020\/wp-json\/wp\/v2\/pages\/217\/revisions\/498"}],"up":[{"embeddable":true,"href":"https:\/\/blogs.univ-tlse2.fr\/real2-2020\/wp-json\/wp\/v2\/pages\/209"}],"wp:attachment":[{"href":"https:\/\/blogs.univ-tlse2.fr\/real2-2020\/wp-json\/wp\/v2\/media?parent=217"}],"curies":[{"name":"wp","href":"https:\/\/api.w.org\/{rel}","templated":true}]}}