 {"id":413,"date":"2021-05-03T08:40:40","date_gmt":"2021-05-03T06:40:40","guid":{"rendered":"https:\/\/blogs.univ-tlse2.fr\/real2-2020\/?page_id=413"},"modified":"2021-06-25T13:49:05","modified_gmt":"2021-06-25T11:49:05","slug":"inscription","status":"publish","type":"page","link":"https:\/\/blogs.univ-tlse2.fr\/real2-2020\/inscription\/","title":{"rendered":"Inscription"},"content":{"rendered":"<h1 style=\"text-align: center\"><span style=\"color: #339966\">Les inscriptions sont ouvertes !<\/span><\/h1>\n<p>Vous pouvez vous inscrire au <span lang=\"FR\">colloque R\u00e9AL2 2021 \u00ab\u00a0Influence translinguistique\u00a0: O\u00f9 en est-on aujourd\u2019hui\u00a0?\u00a0\u00bb <\/span>d\u00e8s aujourd&rsquo;hui.<\/p>\n<p style=\"text-align: justify\"><span style=\"color: #ff0000\"><em>Le paiement par carte bancaire semble impossible par moments. <\/em><\/span><br \/>\n<span style=\"color: #ff0000\"><em>&#8211; Les paiements internationaux par virement bancaire sont d\u00e9sormais possible. <\/em><\/span><br \/>\n<span style=\"color: #ff0000\"><em>&#8211; Pour les paiements nationaux, vous pouvez r\u00e9gler vos frais d&rsquo;inscriptions par virement bancaire ou par ch\u00e8que \u00e0 l&rsquo;ordre de <strong>r\u00e9gisseur du CPRS<\/strong> \u00e0 l&rsquo;adresse suivante :\u00a0Universit\u00e9 Toulouse Jean Jaur\u00e8s &#8211; CPRS &#8211; Maison de la Recherche 5 all\u00e9es Antonio Machado 31058 Toulouse cedex 9.<\/em><\/span><\/p>\n<h6><span style=\"color: #339966\">Dates limites pour s&rsquo;inscrire<\/span><\/h6>\n<ul>\n<li>31 mai 2021 pour les communicants<\/li>\n<li>28 juin 2021 pour les auditeurs<\/li>\n<\/ul>\n<h6><span style=\"color: #339966\">Frais d&rsquo;inscription<\/span><\/h6>\n<ul>\n<li>0\u20ac pour les \u00e9tudiants inscrits en master et en doctorat<\/li>\n<li>20\u20ac pour les enseignants et chercheurs<\/li>\n<\/ul>\n<h6><span style=\"color: #339966\">Suivez ce <a style=\"color: #339966\" href=\"https:\/\/w3.colloquescprs.univ-tlse2.fr\/spip.php?rubrique137&amp;lang=fr\">lien<\/a> pour vous inscrire.<\/span><\/h6>\n<p>&nbsp;<\/p>\n","protected":false},"excerpt":{"rendered":"<p>Les inscriptions sont ouvertes ! Vous pouvez vous inscrire au colloque R\u00e9AL2 2021 \u00ab\u00a0Influence translinguistique\u00a0: O\u00f9 en est-on aujourd\u2019hui\u00a0?\u00a0\u00bb d\u00e8s aujourd&rsquo;hui. Le paiement par carte bancaire semble impossible par moments. &#8211; Les paiements internationaux par virement bancaire sont d\u00e9sormais possible. &#8211; Pour les paiements nationaux, vous pouvez r\u00e9gler vos frais d&rsquo;inscriptions par virement bancaire ou [&hellip;]<\/p>\n","protected":false},"author":716,"featured_media":0,"parent":0,"menu_order":3,"comment_status":"closed","ping_status":"closed","template":"","meta":{"footnotes":""},"class_list":["post-413","page","type-page","status-publish","hentry"],"_links":{"self":[{"href":"https:\/\/blogs.univ-tlse2.fr\/real2-2020\/wp-json\/wp\/v2\/pages\/413","targetHints":{"allow":["GET"]}}],"collection":[{"href":"https:\/\/blogs.univ-tlse2.fr\/real2-2020\/wp-json\/wp\/v2\/pages"}],"about":[{"href":"https:\/\/blogs.univ-tlse2.fr\/real2-2020\/wp-json\/wp\/v2\/types\/page"}],"author":[{"embeddable":true,"href":"https:\/\/blogs.univ-tlse2.fr\/real2-2020\/wp-json\/wp\/v2\/users\/716"}],"replies":[{"embeddable":true,"href":"https:\/\/blogs.univ-tlse2.fr\/real2-2020\/wp-json\/wp\/v2\/comments?post=413"}],"version-history":[{"count":7,"href":"https:\/\/blogs.univ-tlse2.fr\/real2-2020\/wp-json\/wp\/v2\/pages\/413\/revisions"}],"predecessor-version":[{"id":481,"href":"https:\/\/blogs.univ-tlse2.fr\/real2-2020\/wp-json\/wp\/v2\/pages\/413\/revisions\/481"}],"wp:attachment":[{"href":"https:\/\/blogs.univ-tlse2.fr\/real2-2020\/wp-json\/wp\/v2\/media?parent=413"}],"curies":[{"name":"wp","href":"https:\/\/api.w.org\/{rel}","templated":true}]}}