 {"id":455,"date":"2021-06-08T08:42:56","date_gmt":"2021-06-08T06:42:56","guid":{"rendered":"https:\/\/blogs.univ-tlse2.fr\/real2-2020\/?page_id=455"},"modified":"2021-06-08T08:43:27","modified_gmt":"2021-06-08T06:43:27","slug":"colloque-en-presentiel","status":"publish","type":"page","link":"https:\/\/blogs.univ-tlse2.fr\/real2-2020\/informations-sur-les-communications\/colloque-en-presentiel\/","title":{"rendered":"Colloque en pr\u00e9sentiel"},"content":{"rendered":"<p style=\"text-align: justify\"><strong><span style=\"color: #ff0000\">La bonne nouvelle<\/span> <\/strong>est que notre universit\u00e9 permet d\u00e9sormais des rencontres en pr\u00e9sentiel, ce qui fait que nous sommes en mesure de vous proposer un colloque en format hybride. Vous avez d\u00e9sormais la possibilit\u00e9 d\u2019assister au colloque R\u00e9AL2 2021 \u00ab\u00a0Influences translinguistiques\u00a0: O\u00f9 en est-on aujourd\u2019hui\u00a0?\u00a0\u00bb sur place \u00e0 Universit\u00e9 Toulouse \u2013 Jean Jaur\u00e8s.<\/p>\n<p style=\"text-align: justify\">Pour les conf\u00e9renciers qui feront le choix du pr\u00e9sentiel, la distanciation, les gestes barri\u00e8res, le port du masque etc. seront \u00e9videmment \u00e0 respecter.<\/p>\n<p style=\"text-align: justify\">De ce fait, nous avons besoin de conna\u00eetre \u00e0 l\u2019avance le nombre de personnes pr\u00e9sentes sur place \u00e0 Toulouse. Ainsi, <span style=\"color: #ff0000\"><strong>nous demandons aux conf\u00e9renciers qui font le choix de participer en pr\u00e9sentiel de bien vouloir nous en informer par mail<\/strong> (<a style=\"color: #ff0000\" href=\"&#x6d;&#x61;il&#x74;&#x6f;&#58;re&#x61;&#x6c;2-&#x32;&#x30;&#50;0&#64;&#x75;&#x6e;iv&#x2d;&#x74;&#108;se&#x32;&#x2e;&#102;r\">&#114;&#x65;a&#x6c;2&#x2d;2&#48;&#x32;0&#x40;u&#x6e;i&#118;&#x2d;t&#x6c;s&#x65;2&#46;&#x66;r<\/a>) <strong><u>avant le 20 juin<\/u>. <\/strong><\/span><\/p>\n<p style=\"text-align: justify\">Comme nous avons ajust\u00e9 les frais d\u2019inscription \u00e0 un format \u00e0 distance, ces frais n\u2019incluent pas les repas pendant le colloque.<\/p>\n","protected":false},"excerpt":{"rendered":"<p>La bonne nouvelle est que notre universit\u00e9 permet d\u00e9sormais des rencontres en pr\u00e9sentiel, ce qui fait que nous sommes en mesure de vous proposer un colloque en format hybride. Vous avez d\u00e9sormais la possibilit\u00e9 d\u2019assister au colloque R\u00e9AL2 2021 \u00ab\u00a0Influences translinguistiques\u00a0: O\u00f9 en est-on aujourd\u2019hui\u00a0?\u00a0\u00bb sur place \u00e0 Universit\u00e9 Toulouse \u2013 Jean Jaur\u00e8s. Pour les [&hellip;]<\/p>\n","protected":false},"author":716,"featured_media":0,"parent":506,"menu_order":1,"comment_status":"closed","ping_status":"closed","template":"","meta":{"footnotes":""},"class_list":["post-455","page","type-page","status-publish","hentry"],"_links":{"self":[{"href":"https:\/\/blogs.univ-tlse2.fr\/real2-2020\/wp-json\/wp\/v2\/pages\/455","targetHints":{"allow":["GET"]}}],"collection":[{"href":"https:\/\/blogs.univ-tlse2.fr\/real2-2020\/wp-json\/wp\/v2\/pages"}],"about":[{"href":"https:\/\/blogs.univ-tlse2.fr\/real2-2020\/wp-json\/wp\/v2\/types\/page"}],"author":[{"embeddable":true,"href":"https:\/\/blogs.univ-tlse2.fr\/real2-2020\/wp-json\/wp\/v2\/users\/716"}],"replies":[{"embeddable":true,"href":"https:\/\/blogs.univ-tlse2.fr\/real2-2020\/wp-json\/wp\/v2\/comments?post=455"}],"version-history":[{"count":1,"href":"https:\/\/blogs.univ-tlse2.fr\/real2-2020\/wp-json\/wp\/v2\/pages\/455\/revisions"}],"predecessor-version":[{"id":456,"href":"https:\/\/blogs.univ-tlse2.fr\/real2-2020\/wp-json\/wp\/v2\/pages\/455\/revisions\/456"}],"up":[{"embeddable":true,"href":"https:\/\/blogs.univ-tlse2.fr\/real2-2020\/wp-json\/wp\/v2\/pages\/506"}],"wp:attachment":[{"href":"https:\/\/blogs.univ-tlse2.fr\/real2-2020\/wp-json\/wp\/v2\/media?parent=455"}],"curies":[{"name":"wp","href":"https:\/\/api.w.org\/{rel}","templated":true}]}}

Colloque en présentiel

<p style="text-align: justify"><strong><span style="color: #ff0000">La bonne nouvelle</span> </strong>est que notre université permet désormais des rencontres en présentiel, ce qui fait que nous sommes en mesure de vous proposer un colloque en format hybride. Vous avez désormais la possibilité d’assister au colloque RéAL2 2021 « Influences translinguistiques : Où en est-on aujourd’hui ? » sur place à Université Toulouse – Jean Jaurès.</p>
<p style="text-align: justify">Pour les conférenciers qui feront le choix du présentiel, la distanciation, les gestes barrières, le port du masque etc. seront évidemment à respecter.</p>
<p style="text-align: justify">De ce fait, nous avons besoin de connaître à l’avance le nombre de personnes présentes sur place à Toulouse. Ainsi, <span style="color: #ff0000"><strong>nous demandons aux conférenciers qui font le choix de participer en présentiel de bien vouloir nous en informer par mail</strong> (<a style="color: #ff0000" href="&#x6d;&#x61;il&#x74;&#x6f;&#58;re&#x61;&#x6c;2-&#x32;&#x30;&#50;0&#64;&#x75;&#x6e;iv&#x2d;&#x74;&#108;se&#x32;&#x2e;&#102;r">&#114;&#x65;a&#x6c;2&#x2d;2&#48;&#x32;0&#x40;u&#x6e;i&#118;&#x2d;t&#x6c;s&#x65;2&#46;&#x66;r</a>) <strong><u>avant le 20 juin</u>. </strong></span></p>
<p style="text-align: justify">Comme nous avons ajusté les frais d’inscription à un format à distance, ces frais n’incluent pas les repas pendant le colloque.</p>

<p>La bonne nouvelle est que notre université permet désormais des rencontres en présentiel, ce qui fait que nous sommes en mesure de vous proposer un colloque en format hybride. Vous avez désormais la possibilité d’assister au colloque RéAL2 2021 « Influences translinguistiques : Où en est-on aujourd’hui ? » sur place à Université Toulouse – Jean Jaurès. Pour les [&hellip;]</p>
