 {"id":47,"date":"2019-10-01T13:23:13","date_gmt":"2019-10-01T11:23:13","guid":{"rendered":"https:\/\/blogs.univ-tlse2.fr\/real2-2020\/?page_id=47"},"modified":"2021-05-03T08:41:59","modified_gmt":"2021-05-03T06:41:59","slug":"soumission-real2-2020","status":"publish","type":"page","link":"https:\/\/blogs.univ-tlse2.fr\/real2-2020\/informations-sur-les-communications\/soumission-real2-2020\/","title":{"rendered":"Soumissions"},"content":{"rendered":"\r\n<p class=\"has-text-color\" style=\"color: #99b5a7;text-align: justify\"><strong>PROPOSITIONS DE SOUMISSION<br \/><\/strong><span style=\"color: #000000\">Nous accueillerons <span style=\"text-decoration: underline\">deux types<\/span> de propositions : des communications orales ou des communications affich\u00e9es.<br \/><strong>Communications orales :<\/strong> ce sont des pr\u00e9sentations orales de recherches originales non-publi\u00e9es propos\u00e9es par un ou plusieurs auteurs. Elles dureront 20 minutes et seront suivies d\u2019une discussion de 10 minutes.<\/span><br \/><span style=\"color: #000000\"><strong>Communications affich\u00e9es :<\/strong> Plusieurs sessions de posters seront pr\u00e9vues dans le programme de la conf\u00e9rence. Les propositions de communications affich\u00e9es porteront sur des recherches originales et des travaux en cours qui seront discut\u00e9s de mani\u00e8re informelle pendant ces s\u00e9ances.<\/span><\/p>\r\n<p style=\"text-align: justify\">\r\n\r\n<\/p>\r\n<p style=\"text-align: justify\">\r\n\r\n<\/p>\r\n<p style=\"text-align: justify\">\r\n\r\n<\/p>\r\n<p style=\"text-align: justify\">\r\n\r\n<\/p>\r\n<p class=\"has-text-color\" style=\"color: #99b5a7;text-align: justify\"><strong>MODALIT\u00c9S DE SOUMISSION ET D\u2019\u00c9VALUATION<br \/><\/strong><span style=\"color: #000000\">Les langues du colloque seront le fran\u00e7ais et l\u2019anglais. Les propositions de communication doivent \u00eatre r\u00e9dig\u00e9es dans la langue pr\u00e9vue pour la communication.<\/span><br \/><span style=\"color: #000000\">Les propositions de communications affich\u00e9es ou orales ne doivent pas d\u00e9passer <strong>500 mots<\/strong> (Titre et bibliographie compris). Chaque proposition sera \u00e9valu\u00e9e par au moins deux membres du comit\u00e9 scientifique de R\u00e9AL2 2021. Les crit\u00e8res de s\u00e9lection comprendront l\u2019originalit\u00e9 de la proposition, la qualit\u00e9 du contenu et la pertinence th\u00e9matique. Les auteurs ont le droit de soumettre une seule proposition dans laquelle ils figurent comme premier auteur. Ils peuvent aussi soumettre d\u2019autres propositions dans lesquelles ils sont co-auteurs.<\/span><\/p>\r\n<p style=\"text-align: justify\">\r\n\r\n<\/p>\r\n<p style=\"text-align: justify\">\r\n\r\n<\/p>\r\n<p style=\"text-align: justify\">\r\n\r\n<\/p>\r\n<p class=\"has-text-color\" style=\"color: #99b5a7;text-align: justify\"><strong>CALENDRIER<br \/><\/strong><span style=\"color: #000000\">Date d\u2019ouverture de l\u2019appel \u00e0 communications : <strong>20 novembre 2020<\/strong><\/span><br \/><span style=\"color: #000000\">Date limite pour la soumission des propositions : <strong>08 janvier 2021<\/strong><\/span><br \/><span style=\"color: #000000\">Date de notification d\u2019acceptation : <strong>d\u00e9but mars 2021<\/strong><\/span><br \/><span style=\"color: #000000\">Date limite pour confirmer sa pr\u00e9sence \u00e0 la conf\u00e9rence en cas d\u2019acceptation : <strong>31 mars 2021<\/strong><\/span><br \/><span style=\"color: #000000\">Inscription au colloque anticip\u00e9e : <strong>du 15 mars au 15 mai 2021<\/strong><\/span><br \/><span style=\"color: #000000\">Inscription : <strong>\u00e0 partir du 16 mai 2021.<\/strong><\/span><\/p>\r\n<h3>Les soumissions sont cl\u00f4tur\u00e9es.\u00a0<\/h3>\r\n","protected":false},"excerpt":{"rendered":"<p>PROPOSITIONS DE SOUMISSIONNous accueillerons deux types de propositions : des communications orales ou des communications affich\u00e9es.Communications orales : ce sont des pr\u00e9sentations orales de recherches originales non-publi\u00e9es propos\u00e9es par un ou plusieurs auteurs. Elles dureront 20 minutes et seront suivies d\u2019une discussion de 10 minutes.Communications affich\u00e9es : Plusieurs sessions de posters seront pr\u00e9vues dans le [&hellip;]<\/p>\n","protected":false},"author":716,"featured_media":0,"parent":506,"menu_order":2,"comment_status":"closed","ping_status":"closed","template":"","meta":{"footnotes":""},"class_list":["post-47","page","type-page","status-publish","hentry"],"_links":{"self":[{"href":"https:\/\/blogs.univ-tlse2.fr\/real2-2020\/wp-json\/wp\/v2\/pages\/47","targetHints":{"allow":["GET"]}}],"collection":[{"href":"https:\/\/blogs.univ-tlse2.fr\/real2-2020\/wp-json\/wp\/v2\/pages"}],"about":[{"href":"https:\/\/blogs.univ-tlse2.fr\/real2-2020\/wp-json\/wp\/v2\/types\/page"}],"author":[{"embeddable":true,"href":"https:\/\/blogs.univ-tlse2.fr\/real2-2020\/wp-json\/wp\/v2\/users\/716"}],"replies":[{"embeddable":true,"href":"https:\/\/blogs.univ-tlse2.fr\/real2-2020\/wp-json\/wp\/v2\/comments?post=47"}],"version-history":[{"count":13,"href":"https:\/\/blogs.univ-tlse2.fr\/real2-2020\/wp-json\/wp\/v2\/pages\/47\/revisions"}],"predecessor-version":[{"id":415,"href":"https:\/\/blogs.univ-tlse2.fr\/real2-2020\/wp-json\/wp\/v2\/pages\/47\/revisions\/415"}],"up":[{"embeddable":true,"href":"https:\/\/blogs.univ-tlse2.fr\/real2-2020\/wp-json\/wp\/v2\/pages\/506"}],"wp:attachment":[{"href":"https:\/\/blogs.univ-tlse2.fr\/real2-2020\/wp-json\/wp\/v2\/media?parent=47"}],"curies":[{"name":"wp","href":"https:\/\/api.w.org\/{rel}","templated":true}]}}

<p class="has-text-color" style="color: #99b5a7;text-align: justify"><strong>PROPOSITIONS DE SOUMISSION<br /></strong><span style="color: #000000">Nous accueillerons <span style="text-decoration: underline">deux types</span> de propositions : des communications orales ou des communications affichées.<br /><strong>Communications orales :</strong> ce sont des présentations orales de recherches originales non-publiées proposées par un ou plusieurs auteurs. Elles dureront 20 minutes et seront suivies d’une discussion de 10 minutes.</span><br /><span style="color: #000000"><strong>Communications affichées :</strong> Plusieurs sessions de posters seront prévues dans le programme de la conférence. Les propositions de communications affichées porteront sur des recherches originales et des travaux en cours qui seront discutés de manière informelle pendant ces séances.</span></p>
<p style="text-align: justify">

</p>
<p style="text-align: justify">

</p>
<p style="text-align: justify">

</p>
<p style="text-align: justify">

</p>
<p class="has-text-color" style="color: #99b5a7;text-align: justify"><strong>MODALITÉS DE SOUMISSION ET D’ÉVALUATION<br /></strong><span style="color: #000000">Les langues du colloque seront le français et l’anglais. Les propositions de communication doivent être rédigées dans la langue prévue pour la communication.</span><br /><span style="color: #000000">Les propositions de communications affichées ou orales ne doivent pas dépasser <strong>500 mots</strong> (Titre et bibliographie compris). Chaque proposition sera évaluée par au moins deux membres du comité scientifique de RéAL2 2021. Les critères de sélection comprendront l’originalité de la proposition, la qualité du contenu et la pertinence thématique. Les auteurs ont le droit de soumettre une seule proposition dans laquelle ils figurent comme premier auteur. Ils peuvent aussi soumettre d’autres propositions dans lesquelles ils sont co-auteurs.</span></p>
<p style="text-align: justify">

</p>
<p style="text-align: justify">

</p>
<p style="text-align: justify">

</p>
<p class="has-text-color" style="color: #99b5a7;text-align: justify"><strong>CALENDRIER<br /></strong><span style="color: #000000">Date d’ouverture de l’appel à communications : <strong>20 novembre 2020</strong></span><br /><span style="color: #000000">Date limite pour la soumission des propositions : <strong>08 janvier 2021</strong></span><br /><span style="color: #000000">Date de notification d’acceptation : <strong>début mars 2021</strong></span><br /><span style="color: #000000">Date limite pour confirmer sa présence à la conférence en cas d’acceptation : <strong>31 mars 2021</strong></span><br /><span style="color: #000000">Inscription au colloque anticipée : <strong>du 15 mars au 15 mai 2021</strong></span><br /><span style="color: #000000">Inscription : <strong>à partir du 16 mai 2021.</strong></span></p>
<h3>Les soumissions sont clôturées. </h3>

<p>PROPOSITIONS DE SOUMISSIONNous accueillerons deux types de propositions : des communications orales ou des communications affichées.Communications orales : ce sont des présentations orales de recherches originales non-publiées proposées par un ou plusieurs auteurs. Elles dureront 20 minutes et seront suivies d’une discussion de 10 minutes.Communications affichées : Plusieurs sessions de posters seront prévues dans le [&hellip;]</p>
