 {"id":506,"date":"2021-06-25T13:47:22","date_gmt":"2021-06-25T11:47:22","guid":{"rendered":"https:\/\/blogs.univ-tlse2.fr\/real2-2020\/?page_id=506"},"modified":"2021-06-25T14:00:46","modified_gmt":"2021-06-25T12:00:46","slug":"informations-sur-les-communications","status":"publish","type":"page","link":"https:\/\/blogs.univ-tlse2.fr\/real2-2020\/informations-sur-les-communications\/","title":{"rendered":"Format hybride"},"content":{"rendered":"<p style=\"text-align: justify\">La conf\u00e9rence aura lieu en format hybride avec une partie des conf\u00e9renciers pr\u00e9sents \u00e0 Toulouse et une partie des conf\u00e9renciers qui participeront via zoom. Toutes les pr\u00e9sentations pourront \u00eatre suivies via zoom.<\/p>\n<h6 style=\"text-align: justify\">Informations concernant les communications en format hybride<\/h6>\n<p style=\"text-align: justify\">Toutes les communications se feront en temps r\u00e9el, via zoom ou en pr\u00e9sentiel. Les pr\u00e9sentations qui se tiendront sur place seront diffus\u00e9es par zoom et vice versa. <em>Il ne faut donc pas fournir une pr\u00e9sentation enregistr\u00e9e avant le d\u00e9but du colloque.<\/em> Les <span style=\"text-decoration: underline\">communications orales<\/span> doivent correspondre au format standard, 20 minutes de pr\u00e9sentation et 10 minutes de questions (voir l\u2019<a href=\"https:\/\/blogs.univ-tlse2.fr\/real2-2020\/informations-sur-les-communications\/appel-a-communication-real2-2020\/\">Appel \u00e0 communication<\/a>).<\/p>\n<p style=\"text-align: justify\">Les <span style=\"text-decoration: underline\">pr\u00e9sentations posters<\/span> se feront en deux temps et <span style=\"text-decoration: underline\">via zoom uniquement<\/span>\u00a0: 1) une pr\u00e9sentation orale de 5 minutes avec support (le poster int\u00e9gral en .pdf ou quelques diapos). Cette pr\u00e9sentation se fera en s\u00e9ance pl\u00e9ni\u00e8re (cf. <a href=\"https:\/\/blogs.univ-tlse2.fr\/real2-2020\/programme\/\">programme<\/a>). A l&rsquo;issue de ces pr\u00e9sentations, chaque intervenant aura une salle zoom individuelle pour \u00e9changer avec le public (il faudra partager de nouveau le poster comme support pour la discussion).<\/p>\n","protected":false},"excerpt":{"rendered":"<p>La conf\u00e9rence aura lieu en format hybride avec une partie des conf\u00e9renciers pr\u00e9sents \u00e0 Toulouse et une partie des conf\u00e9renciers qui participeront via zoom. Toutes les pr\u00e9sentations pourront \u00eatre suivies via zoom. Informations concernant les communications en format hybride Toutes les communications se feront en temps r\u00e9el, via zoom ou en pr\u00e9sentiel. Les pr\u00e9sentations qui [&hellip;]<\/p>\n","protected":false},"author":716,"featured_media":0,"parent":0,"menu_order":2,"comment_status":"closed","ping_status":"closed","template":"","meta":{"footnotes":""},"class_list":["post-506","page","type-page","status-publish","hentry"],"_links":{"self":[{"href":"https:\/\/blogs.univ-tlse2.fr\/real2-2020\/wp-json\/wp\/v2\/pages\/506","targetHints":{"allow":["GET"]}}],"collection":[{"href":"https:\/\/blogs.univ-tlse2.fr\/real2-2020\/wp-json\/wp\/v2\/pages"}],"about":[{"href":"https:\/\/blogs.univ-tlse2.fr\/real2-2020\/wp-json\/wp\/v2\/types\/page"}],"author":[{"embeddable":true,"href":"https:\/\/blogs.univ-tlse2.fr\/real2-2020\/wp-json\/wp\/v2\/users\/716"}],"replies":[{"embeddable":true,"href":"https:\/\/blogs.univ-tlse2.fr\/real2-2020\/wp-json\/wp\/v2\/comments?post=506"}],"version-history":[{"count":4,"href":"https:\/\/blogs.univ-tlse2.fr\/real2-2020\/wp-json\/wp\/v2\/pages\/506\/revisions"}],"predecessor-version":[{"id":513,"href":"https:\/\/blogs.univ-tlse2.fr\/real2-2020\/wp-json\/wp\/v2\/pages\/506\/revisions\/513"}],"wp:attachment":[{"href":"https:\/\/blogs.univ-tlse2.fr\/real2-2020\/wp-json\/wp\/v2\/media?parent=506"}],"curies":[{"name":"wp","href":"https:\/\/api.w.org\/{rel}","templated":true}]}}

<p style="text-align: justify">La conférence aura lieu en format hybride avec une partie des conférenciers présents à Toulouse et une partie des conférenciers qui participeront via zoom. Toutes les présentations pourront être suivies via zoom.</p>
<h6 style="text-align: justify">Informations concernant les communications en format hybride</h6>
<p style="text-align: justify">Toutes les communications se feront en temps réel, via zoom ou en présentiel. Les présentations qui se tiendront sur place seront diffusées par zoom et vice versa. <em>Il ne faut donc pas fournir une présentation enregistrée avant le début du colloque.</em> Les <span style="text-decoration: underline">communications orales</span> doivent correspondre au format standard, 20 minutes de présentation et 10 minutes de questions (voir l’<a href="https://blogs.univ-tlse2.fr/real2-2020/informations-sur-les-communications/appel-a-communication-real2-2020/">Appel à communication</a>).</p>
<p style="text-align: justify">Les <span style="text-decoration: underline">présentations posters</span> se feront en deux temps et <span style="text-decoration: underline">via zoom uniquement</span> : 1) une présentation orale de 5 minutes avec support (le poster intégral en .pdf ou quelques diapos). Cette présentation se fera en séance plénière (cf. <a href="https://blogs.univ-tlse2.fr/real2-2020/programme/">programme</a>). A l&rsquo;issue de ces présentations, chaque intervenant aura une salle zoom individuelle pour échanger avec le public (il faudra partager de nouveau le poster comme support pour la discussion).</p>

<p>La conférence aura lieu en format hybride avec une partie des conférenciers présents à Toulouse et une partie des conférenciers qui participeront via zoom. Toutes les présentations pourront être suivies via zoom. Informations concernant les communications en format hybride Toutes les communications se feront en temps réel, via zoom ou en présentiel. Les présentations qui [&hellip;]</p>
