 {"id":10,"date":"2021-03-19T15:06:07","date_gmt":"2021-03-19T14:06:07","guid":{"rendered":"https:\/\/blogs.univ-tlse2.fr\/recherchedpi\/?page_id=10"},"modified":"2021-03-19T16:40:13","modified_gmt":"2021-03-19T15:40:13","slug":"a-propos-de-la-recherche","status":"publish","type":"page","link":"https:\/\/blogs.univ-tlse2.fr\/recherchedpi\/a-propos-de-la-recherche\/","title":{"rendered":"A propos de la recherche"},"content":{"rendered":"\n<hr class=\"wp-block-separator\" \/>\n\n\n\n<h2 class=\"has-text-align-left wp-block-heading\">Le diagnostic pr\u00e9implantatoire en France<\/h2>\n\n\n\n<p>Le diagnostic pr\u00e9implantatoire (DPI) d\u00e9signe le \u00ab\u00a0<strong>diagnostic biologique r\u00e9alis\u00e9 \u00e0 partir de cellules pr\u00e9lev\u00e9es sur l&#8217;embryon <em>in vitro<\/em><\/strong>\u00a0\u00bb (Art. L.2131-4, Code de la sant\u00e9 publique), et fait partie des techniques d&rsquo;assistance m\u00e9dicale \u00e0 la procr\u00e9ation (AMP). <\/p>\n\n\n\n<p><\/p>\n\n\n\n<p>En France, son champ d&rsquo;application est limit\u00e9. Il est indiqu\u00e9 uniquement si le couple a \u00ab\u00a0<strong>une forte probabilit\u00e9 de donner naissance \u00e0 un enfant atteint d&rsquo;une maladie d&rsquo;une particuli\u00e8re gravit\u00e9 reconnue comme incurable au moment du diagnostic<\/strong>\u00a0\u00bb (Art. 2131-4, CSP). A l&rsquo;heure de la r\u00e9vision des lois de bio\u00e9thique fran\u00e7aise, la pratique suscite de nombreux d\u00e9bats, sans cesse renouvel\u00e9s par les \u00e9volutions techniques facilitant les analyses g\u00e9n\u00e9tiques et ouvrant un champ d&rsquo;application de plus en plus large. <\/p>\n\n\n\n<p>Cette technique est autoris\u00e9e en France depuis les premi\u00e8res lois de bio\u00e9thique en 1994. Depuis, les demandes de recours ne cessent d&rsquo;augmenter, de m\u00eame que la demande d&rsquo;extension des maladies prises en charge. <strong>Le DPI soul\u00e8ve de nombreuses questions morales et \u00e9thiques, sans cesse renouvel\u00e9es par les transformations techniques<\/strong>. <\/p>\n\n\n\n<hr class=\"wp-block-separator\" \/>\n\n\n\n<h2 class=\"wp-block-heading\">La recherche<\/h2>\n\n\n\n<p>Toutefois, tr\u00e8s peu de travaux portent sur <strong>l&rsquo;exp\u00e9rience des personnes <\/strong>qui sont directement confront\u00e9es \u00e0 ces techniques, patient.es et professionnel.les. L&rsquo;objectif de cette \u00e9tude est d&rsquo;approfondir les connaissances sur ce point. Cette recherche a pour objectif d&rsquo;\u00e9tablir un <strong>\u00e9tat des lieux sur le DPI en France<\/strong> dans une perspective anthropologique (relevant des sciences humaines et sociales). <\/p>\n\n\n\n<p>Elle vise \u00e0 \u00e9clairer l&rsquo;exp\u00e9rience concr\u00e8te des personnes impliqu\u00e9es dans le DPI (patient.es, professionnel.les et institutions de sant\u00e9) et de s&rsquo;interroger sur les prises de d\u00e9cisions in\u00e9dites induites par cette technique dans un contexte o\u00f9 les donn\u00e9es sur cette exp\u00e9rience directe manquent. <\/p>\n\n\n\n<p>L&rsquo;\u00e9tude vise ainsi l&rsquo;am\u00e9lioration de la prise en charge m\u00e9dicale par l&rsquo;identification des difficult\u00e9s qui se posent tant aux professionnel.les qu&rsquo;aux couples concernant le parcours de DPI. <\/p>\n","protected":false},"excerpt":{"rendered":"<p>Le diagnostic pr\u00e9implantatoire en France Le diagnostic pr\u00e9implantatoire (DPI) d\u00e9signe le \u00ab\u00a0diagnostic biologique r\u00e9alis\u00e9 \u00e0 partir de cellules pr\u00e9lev\u00e9es sur l&#8217;embryon in vitro\u00a0\u00bb (Art. L.2131-4, Code de la sant\u00e9 publique), et fait partie des techniques d&rsquo;assistance m\u00e9dicale \u00e0 la procr\u00e9ation (AMP). En France, son champ d&rsquo;application est limit\u00e9. Il est indiqu\u00e9 uniquement si le couple [&hellip;]<\/p>\n","protected":false},"author":965,"featured_media":0,"parent":0,"menu_order":0,"comment_status":"closed","ping_status":"closed","template":"","meta":{"footnotes":""},"class_list":["post-10","page","type-page","status-publish","hentry"],"_links":{"self":[{"href":"https:\/\/blogs.univ-tlse2.fr\/recherchedpi\/wp-json\/wp\/v2\/pages\/10","targetHints":{"allow":["GET"]}}],"collection":[{"href":"https:\/\/blogs.univ-tlse2.fr\/recherchedpi\/wp-json\/wp\/v2\/pages"}],"about":[{"href":"https:\/\/blogs.univ-tlse2.fr\/recherchedpi\/wp-json\/wp\/v2\/types\/page"}],"author":[{"embeddable":true,"href":"https:\/\/blogs.univ-tlse2.fr\/recherchedpi\/wp-json\/wp\/v2\/users\/965"}],"replies":[{"embeddable":true,"href":"https:\/\/blogs.univ-tlse2.fr\/recherchedpi\/wp-json\/wp\/v2\/comments?post=10"}],"version-history":[{"count":2,"href":"https:\/\/blogs.univ-tlse2.fr\/recherchedpi\/wp-json\/wp\/v2\/pages\/10\/revisions"}],"predecessor-version":[{"id":40,"href":"https:\/\/blogs.univ-tlse2.fr\/recherchedpi\/wp-json\/wp\/v2\/pages\/10\/revisions\/40"}],"wp:attachment":[{"href":"https:\/\/blogs.univ-tlse2.fr\/recherchedpi\/wp-json\/wp\/v2\/media?parent=10"}],"curies":[{"name":"wp","href":"https:\/\/api.w.org\/{rel}","templated":true}]}}