 {"id":104,"date":"2020-07-14T16:14:53","date_gmt":"2020-07-14T14:14:53","guid":{"rendered":"https:\/\/blogs.univ-tlse2.fr\/relirejeanboudou\/?page_id=104"},"modified":"2021-10-08T12:11:24","modified_gmt":"2021-10-08T10:11:24","slug":"marie-anne-chateaureynaud","status":"publish","type":"page","link":"https:\/\/blogs.univ-tlse2.fr\/relirejeanboudou\/intervencions-interventions\/marie-anne-chateaureynaud\/","title":{"rendered":"Marie-Anne Ch\u00e2teaureynaud"},"content":{"rendered":"\n<p class=\"has-text-align-center has-accent-color has-text-color\"><strong>Bodon autor e ensenhaire<\/strong><\/p>\n\n\n\n<p>La nosta recerca s\u2019inscriu dens l\u2019encastre d\u2019un tribalh mei globau que menam dab Celine Piot e Yan Lespoux sus l\u2019ensenhament de l\u2019occitan, son ist\u00f2ria, sas especificitats didacticas e tanben las grandas figuras d\u2019ensenhaires. Entre eths, trobam autors&nbsp;: personalitats ahuecadas qu\u2019an desvolopat tan au niv\u00e8u artistic com au niv\u00e8u professionau e pedagogic ua transmission de lor lenga e de lor cultura.. Joan Bodon n\u2019es ua maja. Nos interessaram donc a sa volontat de transm\u00e9ter lenga e cultura dens l\u2019encastre de sas \u00f2bras literarias mes tanben dens l\u2019encastre professionau, de quin biais aqueth gran autor has\u00f3 ua \u00f2bra per <em>far pa\u00eds <\/em>dens lo cont\u00e8xte militant de la segonda mitat deu s\u00e8gle vintau. Tractaram de las relacions entremescladas de son engatjament didactic e artisitic. Enfin veiram tanben, quau es, uei lo dia, la difusion de son \u00f2bra en cont\u00e8xte escolar.<\/p>\n\n\n\n<p><strong><em>Marie-Anne Ch\u00e2teaureynaud <\/em><\/strong><em>a enseign\u00e9 l\u2019espagnol et l\u2019occitan essentiellement dans le second degr\u00e9 mais aussi en maternelle bilingue, en cours pour adultes et a \u00e9t\u00e9 charg\u00e9e de cours \u00e0 l\u2019universit\u00e9 Michel de Montaigne Bordeaux3. Les travaux de recherche de Marie-Anne Ch\u00e2teaureynaud&nbsp;portent principalement&nbsp;sur les&nbsp;langues minoritaires, la didactique, les politiques linguistiques, les langues et l\u2019utilisation des nouvelles technologies.<\/em><\/p>\n","protected":false},"excerpt":{"rendered":"<p>Bodon autor e ensenhaire La nosta recerca s\u2019inscriu dens l\u2019encastre d\u2019un tribalh mei globau que menam dab Celine Piot e Yan Lespoux sus l\u2019ensenhament de l\u2019occitan, son ist\u00f2ria, sas especificitats didacticas e tanben las grandas figuras d\u2019ensenhaires. Entre eths, trobam autors&nbsp;: personalitats ahuecadas qu\u2019an desvolopat tan au niv\u00e8u artistic com au niv\u00e8u professionau e pedagogic [&hellip;]<\/p>\n","protected":false},"author":773,"featured_media":0,"parent":76,"menu_order":6,"comment_status":"closed","ping_status":"closed","template":"","meta":{"footnotes":""},"class_list":["post-104","page","type-page","status-publish","hentry","post-preview"],"_links":{"self":[{"href":"https:\/\/blogs.univ-tlse2.fr\/relirejeanboudou\/wp-json\/wp\/v2\/pages\/104","targetHints":{"allow":["GET"]}}],"collection":[{"href":"https:\/\/blogs.univ-tlse2.fr\/relirejeanboudou\/wp-json\/wp\/v2\/pages"}],"about":[{"href":"https:\/\/blogs.univ-tlse2.fr\/relirejeanboudou\/wp-json\/wp\/v2\/types\/page"}],"author":[{"embeddable":true,"href":"https:\/\/blogs.univ-tlse2.fr\/relirejeanboudou\/wp-json\/wp\/v2\/users\/773"}],"replies":[{"embeddable":true,"href":"https:\/\/blogs.univ-tlse2.fr\/relirejeanboudou\/wp-json\/wp\/v2\/comments?post=104"}],"version-history":[{"count":4,"href":"https:\/\/blogs.univ-tlse2.fr\/relirejeanboudou\/wp-json\/wp\/v2\/pages\/104\/revisions"}],"predecessor-version":[{"id":387,"href":"https:\/\/blogs.univ-tlse2.fr\/relirejeanboudou\/wp-json\/wp\/v2\/pages\/104\/revisions\/387"}],"up":[{"embeddable":true,"href":"https:\/\/blogs.univ-tlse2.fr\/relirejeanboudou\/wp-json\/wp\/v2\/pages\/76"}],"wp:attachment":[{"href":"https:\/\/blogs.univ-tlse2.fr\/relirejeanboudou\/wp-json\/wp\/v2\/media?parent=104"}],"curies":[{"name":"wp","href":"https:\/\/api.w.org\/{rel}","templated":true}]}}