 {"id":146,"date":"2020-07-14T16:33:45","date_gmt":"2020-07-14T14:33:45","guid":{"rendered":"https:\/\/blogs.univ-tlse2.fr\/relirejeanboudou\/?page_id=146"},"modified":"2021-10-08T12:30:41","modified_gmt":"2021-10-08T10:30:41","slug":"yan-lespoux","status":"publish","type":"page","link":"https:\/\/blogs.univ-tlse2.fr\/relirejeanboudou\/intervencions-interventions\/yan-lespoux\/","title":{"rendered":"Yan Lespoux"},"content":{"rendered":"\n<p class=\"has-text-align-center has-accent-color has-text-color\"><strong>La v\u00e9ritable histoire de la Sainte Estelle du centenaire<\/strong><\/p>\n\n\n\n<p>En 1954 le F\u00e9librige entend c\u00e9l\u00e9brer avec faste son centenaire \u00e0 l\u2019occasion de la Sainte Estelle d\u2019Avignon. Mais dans une p\u00e9riode tendue au sein du mouvement d\u2019oc, particuli\u00e8rement entre occitanisme et F\u00e9librige mais aussi, au sein de ce dernier, entre f\u00e9libres autoproclam\u00e9s \u00ab mistraliens \u00bb et f\u00e9libres \u00ab occitans \u00bb, cet anniversaire suscite des controverses et ces tensions apparaissent au grand jour. Que se passe-t-il donc au juste en 1954 ? Et quels \u00e9chos de cette crise trouve-t-on dans le roman de Joan Bodon six ans plus tard ? C\u2019est ce que nous nous proposons d\u2019\u00e9tudier.<\/p>\n\n\n\n<p><strong><em>Yan Lespoux<\/em><\/strong><em>. Titulaire d\u2019un doctorat d\u2019histoire de l\u2019Universit\u00e9 de Pau et des Pays de l\u2019Adour intitul\u00e9e<\/em>&nbsp;<em>Un demi-si\u00e8cle de revendication en faveur de l\u2019enseignement de la langue d\u2019oc (1940-1990) : enjeux, projets et r\u00e9alisations<\/em>,&nbsp;<em>il a particip\u00e9 \u00e0 l\u2019organisation de journ\u00e9es d\u2019\u00e9tudes et de colloques ainsi qu\u2019\u00e0 l\u2019\u00e9laboration d\u2019une banque de biographie des auteurs occitanes avec Philippe Martel, Professeur d\u2019Histoire et Marie-Jeanne Verny, Professeur de litt\u00e9rature occitane. Il poursuit ses recherches historiques sur les mouvements f\u00e9libres et occitanistes du XX<sup>e<\/sup>&nbsp;si\u00e8cle.<\/em><em><\/em><\/p>\n","protected":false},"excerpt":{"rendered":"<p>La v\u00e9ritable histoire de la Sainte Estelle du centenaire En 1954 le F\u00e9librige entend c\u00e9l\u00e9brer avec faste son centenaire \u00e0 l\u2019occasion de la Sainte Estelle d\u2019Avignon. Mais dans une p\u00e9riode tendue au sein du mouvement d\u2019oc, particuli\u00e8rement entre occitanisme et F\u00e9librige mais aussi, au sein de ce dernier, entre f\u00e9libres autoproclam\u00e9s \u00ab mistraliens \u00bb et [&hellip;]<\/p>\n","protected":false},"author":773,"featured_media":0,"parent":76,"menu_order":19,"comment_status":"closed","ping_status":"closed","template":"","meta":{"footnotes":""},"class_list":["post-146","page","type-page","status-publish","hentry","post-preview"],"_links":{"self":[{"href":"https:\/\/blogs.univ-tlse2.fr\/relirejeanboudou\/wp-json\/wp\/v2\/pages\/146","targetHints":{"allow":["GET"]}}],"collection":[{"href":"https:\/\/blogs.univ-tlse2.fr\/relirejeanboudou\/wp-json\/wp\/v2\/pages"}],"about":[{"href":"https:\/\/blogs.univ-tlse2.fr\/relirejeanboudou\/wp-json\/wp\/v2\/types\/page"}],"author":[{"embeddable":true,"href":"https:\/\/blogs.univ-tlse2.fr\/relirejeanboudou\/wp-json\/wp\/v2\/users\/773"}],"replies":[{"embeddable":true,"href":"https:\/\/blogs.univ-tlse2.fr\/relirejeanboudou\/wp-json\/wp\/v2\/comments?post=146"}],"version-history":[{"count":3,"href":"https:\/\/blogs.univ-tlse2.fr\/relirejeanboudou\/wp-json\/wp\/v2\/pages\/146\/revisions"}],"predecessor-version":[{"id":401,"href":"https:\/\/blogs.univ-tlse2.fr\/relirejeanboudou\/wp-json\/wp\/v2\/pages\/146\/revisions\/401"}],"up":[{"embeddable":true,"href":"https:\/\/blogs.univ-tlse2.fr\/relirejeanboudou\/wp-json\/wp\/v2\/pages\/76"}],"wp:attachment":[{"href":"https:\/\/blogs.univ-tlse2.fr\/relirejeanboudou\/wp-json\/wp\/v2\/media?parent=146"}],"curies":[{"name":"wp","href":"https:\/\/api.w.org\/{rel}","templated":true}]}}