 {"id":156,"date":"2020-07-14T16:37:24","date_gmt":"2020-07-14T14:37:24","guid":{"rendered":"https:\/\/blogs.univ-tlse2.fr\/relirejeanboudou\/?page_id=156"},"modified":"2021-10-08T12:40:09","modified_gmt":"2021-10-08T10:40:09","slug":"cecile-noilhan","status":"publish","type":"page","link":"https:\/\/blogs.univ-tlse2.fr\/relirejeanboudou\/intervencions-interventions\/cecile-noilhan\/","title":{"rendered":"C\u00e9cile Noilhan"},"content":{"rendered":"\n<p class=\"has-text-align-center has-accent-color has-text-color\"><strong>Jean Boudou : in\u00e9dits<\/strong><\/p>\n\n\n\n<p>Deux nouvelles, \u00ab\u00a0Equipa 4\u00a0\u00bb et \u00ab\u00a0L&rsquo;est\u00e8rle\u00a0\u00bb de Jean Boudou, publi\u00e9es en 1943 dans la revue <em>Lo Gai Saber<\/em>, m&rsquo;ont amen\u00e9es \u00e0 m&rsquo;int\u00e9resser aux \u00e9crits in\u00e9dits de Boudou publi\u00e9s pendant la Seconde Guerre mondiale. Si l&rsquo;exp\u00e9rience de l&rsquo;auteur aveyronnais au STO est connue de tous gr\u00e2ce \u00e0 <em>La grava sul camin<\/em>, il n&rsquo;en reste pas moins que ses activit\u00e9s aux chantiers de jeunesse dans le Gard, en 1942, sont moins connues. <\/p>\n\n\n\n<p>L&rsquo;\u00e9v\u00e9nement de la Seconde Guerre mondiale  est \u00e9galement relat\u00e9 par Boudou dans un \u00e9crit in\u00e9dit, \u00ab\u00a0N\u00f2stra Dama de Breslau\u00a0\u00bb contenu dans <em>La crotz de Tolosa<\/em>.<\/p>\n\n\n\n<p><strong>C\u00e9cile Noilhan<\/strong>, ma\u00eetre de conf\u00e9rences de langue et litt\u00e9rature contemporaine occitanes \u00e0 l\u2019Universit\u00e9 Toulouse Jean Jaur\u00e8s, elle est titulaire d\u2019une th\u00e8se pr\u00e9sent\u00e9e en 2018 et consacr\u00e9e aux \u00e9crits po\u00e9tiques en langue occitane \u00e9crits pendant la seconde guerre mondiale : \u00a0<em>La Seconde Guerre mondiale dans les revues de langue d&rsquo;Oc (1939-1945). Elle poursuit ses recherches sur les \u00e9crits occitans de cette p\u00e9riode.<\/em><\/p>\n","protected":false},"excerpt":{"rendered":"<p>Jean Boudou : in\u00e9dits Deux nouvelles, \u00ab\u00a0Equipa 4\u00a0\u00bb et \u00ab\u00a0L&rsquo;est\u00e8rle\u00a0\u00bb de Jean Boudou, publi\u00e9es en 1943 dans la revue Lo Gai Saber, m&rsquo;ont amen\u00e9es \u00e0 m&rsquo;int\u00e9resser aux \u00e9crits in\u00e9dits de Boudou publi\u00e9s pendant la Seconde Guerre mondiale. Si l&rsquo;exp\u00e9rience de l&rsquo;auteur aveyronnais au STO est connue de tous gr\u00e2ce \u00e0 La grava sul camin, il [&hellip;]<\/p>\n","protected":false},"author":773,"featured_media":0,"parent":76,"menu_order":22,"comment_status":"closed","ping_status":"closed","template":"","meta":{"footnotes":""},"class_list":["post-156","page","type-page","status-publish","hentry","post-preview"],"_links":{"self":[{"href":"https:\/\/blogs.univ-tlse2.fr\/relirejeanboudou\/wp-json\/wp\/v2\/pages\/156","targetHints":{"allow":["GET"]}}],"collection":[{"href":"https:\/\/blogs.univ-tlse2.fr\/relirejeanboudou\/wp-json\/wp\/v2\/pages"}],"about":[{"href":"https:\/\/blogs.univ-tlse2.fr\/relirejeanboudou\/wp-json\/wp\/v2\/types\/page"}],"author":[{"embeddable":true,"href":"https:\/\/blogs.univ-tlse2.fr\/relirejeanboudou\/wp-json\/wp\/v2\/users\/773"}],"replies":[{"embeddable":true,"href":"https:\/\/blogs.univ-tlse2.fr\/relirejeanboudou\/wp-json\/wp\/v2\/comments?post=156"}],"version-history":[{"count":4,"href":"https:\/\/blogs.univ-tlse2.fr\/relirejeanboudou\/wp-json\/wp\/v2\/pages\/156\/revisions"}],"predecessor-version":[{"id":404,"href":"https:\/\/blogs.univ-tlse2.fr\/relirejeanboudou\/wp-json\/wp\/v2\/pages\/156\/revisions\/404"}],"up":[{"embeddable":true,"href":"https:\/\/blogs.univ-tlse2.fr\/relirejeanboudou\/wp-json\/wp\/v2\/pages\/76"}],"wp:attachment":[{"href":"https:\/\/blogs.univ-tlse2.fr\/relirejeanboudou\/wp-json\/wp\/v2\/media?parent=156"}],"curies":[{"name":"wp","href":"https:\/\/api.w.org\/{rel}","templated":true}]}}