 {"id":174,"date":"2020-07-14T16:46:00","date_gmt":"2020-07-14T14:46:00","guid":{"rendered":"https:\/\/blogs.univ-tlse2.fr\/relirejeanboudou\/?page_id=174"},"modified":"2021-10-08T12:50:43","modified_gmt":"2021-10-08T10:50:43","slug":"marie-jeanne-verny","status":"publish","type":"page","link":"https:\/\/blogs.univ-tlse2.fr\/relirejeanboudou\/intervencions-interventions\/marie-jeanne-verny\/","title":{"rendered":"Marie-Jeanne Verny"},"content":{"rendered":"\n<p class=\"has-text-align-center has-accent-color has-text-color\"><strong>\u00c9chos entre prose et po\u00e9sie dans l\u2019\u0153uvre de Joan Bodon \/ Jean Boudou<\/strong><\/p>\n\n\n\n<p>On reconna\u00eet le grand \u00e9crivain \u00e0 sa \u00ab&nbsp;patte&nbsp;\u00bb qui fait qu\u2019on en reconna\u00eet la marque en lisant n\u2019importe quelle page isol\u00e9e et non r\u00e9f\u00e9renc\u00e9e. C\u2019est le cas de Max Rouquette ou de Roland P\u00e9cout, c\u2019est aussi le cas de Joan Bodon \/ Jean Boudou.<\/p>\n\n\n\n<p>Chacune des \u0153uvres de sa trop courte vie est \u00e0 la fois un travail de cr\u00e9ation original et pourtant elle renvoie, parfois sous forme de citations, parfois sous forme d\u2019\u00e9chos plus diffus, \u00e0 d\u2019autres \u0153uvres de forme ou de date diff\u00e9rentes.<\/p>\n\n\n\n<p>Ce jeu de reflets et d\u2019\u00e9chos de motifs est particuli\u00e8rement sensible entre l\u2019\u0153uvre de prose et l\u2019\u0153uvre po\u00e9tique, encore insuffisamment \u00e9tudi\u00e9e malgr\u00e9 le travail pionnier d\u2019\u00e9dition critique d\u2019\u00c9lodie de Oliveira.<\/p>\n\n\n\n<p>On sait que Bodon avait d\u2019abord \u00e9crit en vers avant de c\u00e9der aux sollicitations de son mentor Enric Molin et de donner \u00e0 la litt\u00e9rature occitane une \u0153uvre en prose inscrite aussit\u00f4t publi\u00e9e parmi les classiques de la litt\u00e9rature occitane contemporaine.<\/p>\n\n\n\n<p>Cette communication s\u2019attachera donc \u00e0 rechercher quelques-uns des motifs r\u00e9currents de l\u2019\u00e9crivain et \u00e0 en confronter le traitement entre l\u2019\u0153uvre po\u00e9tique compl\u00e8te (IEO \u00e9ditions 2010) et l\u2019\u0153uvre de prose (romans et contes).<\/p>\n\n\n\n<p><strong><em>Marie Jeanne Verny<\/em><\/strong><em>, agr\u00e9g\u00e9e de lettres modernes est professeur des universit\u00e9s \u00e9m\u00e9rite depuis le 1<sup>er<\/sup> septembre 2019. Ses domaines de recherche&nbsp;sont en litt\u00e9rature contemporaine, recherches effectu\u00e9es notamment sur les \u00e9crivains occitans du XX<sup>e<\/sup> si\u00e8cle : Roland P\u00e9cout, Robert Allan, Max Rouquette, L\u00e9on Cordes, Louisa Paulin, Yves Rouquette, Max Allier\u2026&nbsp;; en sociolinguistique : l\u2019occitan \u00e0 l\u2019\u00e9cole, la langue et la culture occitane dans les manifestations artistiques contemporaines, l&rsquo;image de la langue dans les manuels&nbsp;; en p\u00e9dagogie et didactique de l\u2019occitan : travail en collaboration avec le CDRP de Montpellier de 1985 \u00e0 2014.<\/em><\/p>\n\n\n\n<p><em>Elle collabore \u00e0 la <\/em>Revue des Langues romanes <em>et \u00e0 la revue<\/em> Lengas <em>et est directrice de la collection<\/em> <em>\u00ab <\/em>Estudis occitans<em> \u00bb aux Presses universitaires de la M\u00e9diterran\u00e9e.<\/em><\/p>\n","protected":false},"excerpt":{"rendered":"<p>\u00c9chos entre prose et po\u00e9sie dans l\u2019\u0153uvre de Joan Bodon \/ Jean Boudou On reconna\u00eet le grand \u00e9crivain \u00e0 sa \u00ab&nbsp;patte&nbsp;\u00bb qui fait qu\u2019on en reconna\u00eet la marque en lisant n\u2019importe quelle page isol\u00e9e et non r\u00e9f\u00e9renc\u00e9e. C\u2019est le cas de Max Rouquette ou de Roland P\u00e9cout, c\u2019est aussi le cas de Joan Bodon \/ [&hellip;]<\/p>\n","protected":false},"author":773,"featured_media":0,"parent":76,"menu_order":29,"comment_status":"closed","ping_status":"closed","template":"","meta":{"footnotes":""},"class_list":["post-174","page","type-page","status-publish","hentry","post-preview"],"_links":{"self":[{"href":"https:\/\/blogs.univ-tlse2.fr\/relirejeanboudou\/wp-json\/wp\/v2\/pages\/174","targetHints":{"allow":["GET"]}}],"collection":[{"href":"https:\/\/blogs.univ-tlse2.fr\/relirejeanboudou\/wp-json\/wp\/v2\/pages"}],"about":[{"href":"https:\/\/blogs.univ-tlse2.fr\/relirejeanboudou\/wp-json\/wp\/v2\/types\/page"}],"author":[{"embeddable":true,"href":"https:\/\/blogs.univ-tlse2.fr\/relirejeanboudou\/wp-json\/wp\/v2\/users\/773"}],"replies":[{"embeddable":true,"href":"https:\/\/blogs.univ-tlse2.fr\/relirejeanboudou\/wp-json\/wp\/v2\/comments?post=174"}],"version-history":[{"count":2,"href":"https:\/\/blogs.univ-tlse2.fr\/relirejeanboudou\/wp-json\/wp\/v2\/pages\/174\/revisions"}],"predecessor-version":[{"id":410,"href":"https:\/\/blogs.univ-tlse2.fr\/relirejeanboudou\/wp-json\/wp\/v2\/pages\/174\/revisions\/410"}],"up":[{"embeddable":true,"href":"https:\/\/blogs.univ-tlse2.fr\/relirejeanboudou\/wp-json\/wp\/v2\/pages\/76"}],"wp:attachment":[{"href":"https:\/\/blogs.univ-tlse2.fr\/relirejeanboudou\/wp-json\/wp\/v2\/media?parent=174"}],"curies":[{"name":"wp","href":"https:\/\/api.w.org\/{rel}","templated":true}]}}