 {"id":279,"date":"2020-11-17T15:42:02","date_gmt":"2020-11-17T14:42:02","guid":{"rendered":"https:\/\/blogs.univ-tlse2.fr\/relirejeanboudou\/?page_id=279"},"modified":"2020-11-26T16:25:55","modified_gmt":"2020-11-26T15:25:55","slug":"lo-libre-dels-grands-jorns-1968","status":"publish","type":"page","link":"https:\/\/blogs.univ-tlse2.fr\/relirejeanboudou\/escotar-bodon\/lo-libre-dels-grands-jorns-1968\/","title":{"rendered":"Lo libre dels grands jorns (1968)"},"content":{"rendered":"\n<figure class=\"wp-block-embed-youtube wp-block-embed is-type-video is-provider-youtube wp-embed-aspect-16-9 wp-has-aspect-ratio\"><div class=\"wp-block-embed__wrapper\">\n<iframe loading=\"lazy\" title=\"Edgardo Dobry, &quot;Clarmont&quot; (\u00a71, I), El libro de los finales (Joan Bodon - 2018)\" width=\"676\" height=\"380\" src=\"https:\/\/www.youtube.com\/embed\/YlllYfqWxjU?feature=oembed\" frameborder=\"0\" allow=\"accelerometer; autoplay; clipboard-write; encrypted-media; gyroscope; picture-in-picture\" allowfullscreen><\/iframe>\n<\/div><figcaption>Edgardo Dobry, \u00ab\u00a0Clarmont\u00a0\u00bb (\u00a71, I), El libro de los finales (2018)<\/figcaption><\/figure>\n\n\n\n<figure class=\"wp-block-embed-youtube wp-block-embed is-type-video is-provider-youtube wp-embed-aspect-16-9 wp-has-aspect-ratio\"><div class=\"wp-block-embed__wrapper\">\n<iframe loading=\"lazy\" title=\"Uta Hahn, &quot;Clarmont&quot; (\u00a71, I), Lo libre dels grands jorns (Joan Bodon - 1968)\" width=\"676\" height=\"380\" src=\"https:\/\/www.youtube.com\/embed\/kfx6WlHZvVc?feature=oembed\" frameborder=\"0\" allow=\"accelerometer; autoplay; clipboard-write; encrypted-media; gyroscope; picture-in-picture\" allowfullscreen><\/iframe>\n<\/div><figcaption>Uta Hahn, \u00ab\u00a0Clarmont\u00a0\u00bb (\u00a71, I) (1968)<\/figcaption><\/figure>\n\n\n\n<figure class=\"wp-block-embed-youtube wp-block-embed is-type-video is-provider-youtube wp-embed-aspect-16-9 wp-has-aspect-ratio\"><div class=\"wp-block-embed__wrapper\">\n<iframe loading=\"lazy\" title=\"Estel Llansana, &quot;Cat\u00f2ia&quot;, El llibre dels finals (Joan Bodon - 2015)\" width=\"676\" height=\"380\" src=\"https:\/\/www.youtube.com\/embed\/BHTkpwxNrCg?feature=oembed\" frameborder=\"0\" allow=\"accelerometer; autoplay; clipboard-write; encrypted-media; gyroscope; picture-in-picture\" allowfullscreen><\/iframe>\n<\/div><figcaption>Estel Llansana, \u00ab\u00a0Cat\u00f2ia\u00a0\u00bb (\u00a71,I), El llibre dels finals (2015)<\/figcaption><\/figure>\n\n\n\n<figure class=\"wp-block-embed-youtube wp-block-embed is-type-video is-provider-youtube wp-embed-aspect-16-9 wp-has-aspect-ratio\"><div class=\"wp-block-embed__wrapper\">\n<iframe loading=\"lazy\" title=\"Joan Ganhaire, &quot;Lo plaser dels Dius&quot;, (\u00a75,1), Lo libre dels grands jorns (Joan Bodon - 1968)\" width=\"676\" height=\"380\" src=\"https:\/\/www.youtube.com\/embed\/zz-ZhajNZkc?feature=oembed\" frameborder=\"0\" allow=\"accelerometer; autoplay; clipboard-write; encrypted-media; gyroscope; picture-in-picture\" allowfullscreen><\/iframe>\n<\/div><figcaption>Joan Ganhaire, \u00ab\u00a0Lo plaser dels Dius\u00a0\u00bb (\u00a75, I) (1968)<\/figcaption><\/figure>\n\n\n\n<figure class=\"wp-block-embed-youtube wp-block-embed is-type-video is-provider-youtube wp-embed-aspect-16-9 wp-has-aspect-ratio\"><div class=\"wp-block-embed__wrapper\">\n<iframe loading=\"lazy\" title=\"Raf\u00e8u Sichel-Bazin , &quot;La f\u00f2r\u00e7a del temps&quot; (1968)\" width=\"676\" height=\"380\" src=\"https:\/\/www.youtube.com\/embed\/SfE5Y-UPGgk?feature=oembed\" frameborder=\"0\" allow=\"accelerometer; autoplay; clipboard-write; encrypted-media; gyroscope; picture-in-picture\" allowfullscreen><\/iframe>\n<\/div><figcaption>Raf\u00e8u Sichel-Bazin, \u00ab\u00a0La f\u00f2r\u00e7a del temps\u00a0\u00bb (\u00a77, I) (1968)<\/figcaption><\/figure>\n\n\n\n<figure class=\"wp-block-embed-youtube wp-block-embed is-type-video is-provider-youtube wp-embed-aspect-16-9 wp-has-aspect-ratio\"><div class=\"wp-block-embed__wrapper\">\n<iframe loading=\"lazy\" title=\"Jo\u00eblle Ginestet, &quot;La f\u00f2r\u00e7a del temps&quot; (VII), Lo libre dels grands jorns (Joan Bodon - 1968)\" width=\"676\" height=\"380\" src=\"https:\/\/www.youtube.com\/embed\/4sSMYx9ADiQ?feature=oembed\" frameborder=\"0\" allow=\"accelerometer; autoplay; clipboard-write; encrypted-media; gyroscope; picture-in-picture\" allowfullscreen><\/iframe>\n<\/div><figcaption>Jo\u00eblle Ginestet, \u00ab\u00a0La f\u00f2r\u00e7a del temps\u00a0\u00bb (\u00a77, I) (1968)<\/figcaption><\/figure>\n\n\n\n<figure class=\"wp-block-embed-youtube wp-block-embed is-type-video is-provider-youtube wp-embed-aspect-16-9 wp-has-aspect-ratio\"><div class=\"wp-block-embed__wrapper\">\n<iframe loading=\"lazy\" title=\"Fabrice Corrons, El llibre dels finals (Joan Bodon - 2015)\" width=\"676\" height=\"380\" src=\"https:\/\/www.youtube.com\/embed\/3I3omxzAoCo?feature=oembed\" frameborder=\"0\" allow=\"accelerometer; autoplay; clipboard-write; encrypted-media; gyroscope; picture-in-picture\" allowfullscreen><\/iframe>\n<\/div><figcaption>Fabrice Corrons, \u00ab\u00a0Al club\u00a0\u00bb (\u00a71, II), <em>El llibre dels finals <\/em>(2015)<\/figcaption><\/figure>\n\n\n\n<p><\/p>\n","protected":false},"excerpt":{"rendered":"","protected":false},"author":773,"featured_media":0,"parent":47,"menu_order":4,"comment_status":"closed","ping_status":"closed","template":"","meta":{"footnotes":""},"class_list":["post-279","page","type-page","status-publish","hentry","post-preview"],"_links":{"self":[{"href":"https:\/\/blogs.univ-tlse2.fr\/relirejeanboudou\/wp-json\/wp\/v2\/pages\/279","targetHints":{"allow":["GET"]}}],"collection":[{"href":"https:\/\/blogs.univ-tlse2.fr\/relirejeanboudou\/wp-json\/wp\/v2\/pages"}],"about":[{"href":"https:\/\/blogs.univ-tlse2.fr\/relirejeanboudou\/wp-json\/wp\/v2\/types\/page"}],"author":[{"embeddable":true,"href":"https:\/\/blogs.univ-tlse2.fr\/relirejeanboudou\/wp-json\/wp\/v2\/users\/773"}],"replies":[{"embeddable":true,"href":"https:\/\/blogs.univ-tlse2.fr\/relirejeanboudou\/wp-json\/wp\/v2\/comments?post=279"}],"version-history":[{"count":12,"href":"https:\/\/blogs.univ-tlse2.fr\/relirejeanboudou\/wp-json\/wp\/v2\/pages\/279\/revisions"}],"predecessor-version":[{"id":364,"href":"https:\/\/blogs.univ-tlse2.fr\/relirejeanboudou\/wp-json\/wp\/v2\/pages\/279\/revisions\/364"}],"up":[{"embeddable":true,"href":"https:\/\/blogs.univ-tlse2.fr\/relirejeanboudou\/wp-json\/wp\/v2\/pages\/47"}],"wp:attachment":[{"href":"https:\/\/blogs.univ-tlse2.fr\/relirejeanboudou\/wp-json\/wp\/v2\/media?parent=279"}],"curies":[{"name":"wp","href":"https:\/\/api.w.org\/{rel}","templated":true}]}}