 {"id":419,"date":"2021-10-08T12:57:50","date_gmt":"2021-10-08T10:57:50","guid":{"rendered":"https:\/\/blogs.univ-tlse2.fr\/relirejeanboudou\/?page_id=419"},"modified":"2021-10-08T12:57:50","modified_gmt":"2021-10-08T10:57:50","slug":"jaume-figueras-i-trull","status":"publish","type":"page","link":"https:\/\/blogs.univ-tlse2.fr\/relirejeanboudou\/intervencions-interventions\/jaume-figueras-i-trull\/","title":{"rendered":"Jaume Figueras i Trull"},"content":{"rendered":"\n<p class=\"has-text-align-center has-accent-color has-text-color\"><strong>Joan Bodon en catalan<\/strong><\/p>\n\n\n\n<p><strong>Jaume Figueras i Trull, <\/strong>est enseignant de langue et culture catalanes. Ses traductions en catalan (\u00e9dit\u00e9es ou encore in\u00e9dites) d\u2019ouvrages occitans sont nombreuses\u00a0: <em>Po\u00e8mes et proses<\/em> de Max Rouquette avec Alex Suzanna, de <em>Verd Parad\u00eds I et II<\/em>du\u00a0 m\u00eame auteur,de <em>La Bestio d\u00f3u Vacar\u00e8s<\/em> de Joseph d\u2019Arbaud, <em>Egl\u00f2gas <\/em>de Pey de Garr\u00f2s, et il a aussi traduit des ouvrages de Jean Boudou\u00a0: <em>Contes dels Balss\u00e0s <\/em>(<em>Contes dels Balss\u00e0, <\/em>Ed. De 1984<em>)<\/em>, <em>La Grava sul Camin<\/em> (<em>Las Pedres del Cam\u00ed<\/em>). <\/p>\n","protected":false},"excerpt":{"rendered":"<p>Joan Bodon en catalan Jaume Figueras i Trull, est enseignant de langue et culture catalanes. Ses traductions en catalan (\u00e9dit\u00e9es ou encore in\u00e9dites) d\u2019ouvrages occitans sont nombreuses\u00a0: Po\u00e8mes et proses de Max Rouquette avec Alex Suzanna, de Verd Parad\u00eds I et IIdu\u00a0 m\u00eame auteur,de La Bestio d\u00f3u Vacar\u00e8s de Joseph d\u2019Arbaud, Egl\u00f2gas de Pey de [&hellip;]<\/p>\n","protected":false},"author":773,"featured_media":0,"parent":76,"menu_order":10,"comment_status":"closed","ping_status":"closed","template":"","meta":{"footnotes":""},"class_list":["post-419","page","type-page","status-publish","hentry","post-preview"],"_links":{"self":[{"href":"https:\/\/blogs.univ-tlse2.fr\/relirejeanboudou\/wp-json\/wp\/v2\/pages\/419","targetHints":{"allow":["GET"]}}],"collection":[{"href":"https:\/\/blogs.univ-tlse2.fr\/relirejeanboudou\/wp-json\/wp\/v2\/pages"}],"about":[{"href":"https:\/\/blogs.univ-tlse2.fr\/relirejeanboudou\/wp-json\/wp\/v2\/types\/page"}],"author":[{"embeddable":true,"href":"https:\/\/blogs.univ-tlse2.fr\/relirejeanboudou\/wp-json\/wp\/v2\/users\/773"}],"replies":[{"embeddable":true,"href":"https:\/\/blogs.univ-tlse2.fr\/relirejeanboudou\/wp-json\/wp\/v2\/comments?post=419"}],"version-history":[{"count":1,"href":"https:\/\/blogs.univ-tlse2.fr\/relirejeanboudou\/wp-json\/wp\/v2\/pages\/419\/revisions"}],"predecessor-version":[{"id":420,"href":"https:\/\/blogs.univ-tlse2.fr\/relirejeanboudou\/wp-json\/wp\/v2\/pages\/419\/revisions\/420"}],"up":[{"embeddable":true,"href":"https:\/\/blogs.univ-tlse2.fr\/relirejeanboudou\/wp-json\/wp\/v2\/pages\/76"}],"wp:attachment":[{"href":"https:\/\/blogs.univ-tlse2.fr\/relirejeanboudou\/wp-json\/wp\/v2\/media?parent=419"}],"curies":[{"name":"wp","href":"https:\/\/api.w.org\/{rel}","templated":true}]}}