 {"id":424,"date":"2021-10-08T13:05:24","date_gmt":"2021-10-08T11:05:24","guid":{"rendered":"https:\/\/blogs.univ-tlse2.fr\/relirejeanboudou\/?page_id=424"},"modified":"2021-10-08T13:05:24","modified_gmt":"2021-10-08T11:05:24","slug":"eric-fraj","status":"publish","type":"page","link":"https:\/\/blogs.univ-tlse2.fr\/relirejeanboudou\/intervencions-interventions\/eric-fraj\/","title":{"rendered":"Eric Fraj"},"content":{"rendered":"\n<p class=\"has-text-align-center has-accent-color has-text-color\"><strong>Lettres de Jean Boudou \u00e0 un jeune\u00a0 occitan<\/strong><\/p>\n\n\n\n<p><strong><em>Eric Fraj. <\/em><\/strong><em>Agr\u00e9g\u00e9 d&rsquo;espagnol et de philosophie, Eric Fraj a commenc\u00e9 sa carri\u00e8re d\u2019enseignant en 1971. Il chante divers po\u00e8tes m\u00e9diterran\u00e9ens dont Jean Boudou et ses propres cr\u00e9ations. Entre 1978 et 2020, de Subrevida a Gao, sa discographie est riche d\u2019au moins huit titres et il s\u2019appr\u00eate \u00e0 c\u00e9l\u00e9brer ses cinquante ans de carri\u00e8re d\u2019artiste de la chanson.<\/em><\/p>\n","protected":false},"excerpt":{"rendered":"<p>Lettres de Jean Boudou \u00e0 un jeune\u00a0 occitan Eric Fraj. Agr\u00e9g\u00e9 d&rsquo;espagnol et de philosophie, Eric Fraj a commenc\u00e9 sa carri\u00e8re d\u2019enseignant en 1971. Il chante divers po\u00e8tes m\u00e9diterran\u00e9ens dont Jean Boudou et ses propres cr\u00e9ations. Entre 1978 et 2020, de Subrevida a Gao, sa discographie est riche d\u2019au moins huit titres et il s\u2019appr\u00eate [&hellip;]<\/p>\n","protected":false},"author":773,"featured_media":0,"parent":76,"menu_order":12,"comment_status":"closed","ping_status":"closed","template":"","meta":{"footnotes":""},"class_list":["post-424","page","type-page","status-publish","hentry","post-preview"],"_links":{"self":[{"href":"https:\/\/blogs.univ-tlse2.fr\/relirejeanboudou\/wp-json\/wp\/v2\/pages\/424","targetHints":{"allow":["GET"]}}],"collection":[{"href":"https:\/\/blogs.univ-tlse2.fr\/relirejeanboudou\/wp-json\/wp\/v2\/pages"}],"about":[{"href":"https:\/\/blogs.univ-tlse2.fr\/relirejeanboudou\/wp-json\/wp\/v2\/types\/page"}],"author":[{"embeddable":true,"href":"https:\/\/blogs.univ-tlse2.fr\/relirejeanboudou\/wp-json\/wp\/v2\/users\/773"}],"replies":[{"embeddable":true,"href":"https:\/\/blogs.univ-tlse2.fr\/relirejeanboudou\/wp-json\/wp\/v2\/comments?post=424"}],"version-history":[{"count":1,"href":"https:\/\/blogs.univ-tlse2.fr\/relirejeanboudou\/wp-json\/wp\/v2\/pages\/424\/revisions"}],"predecessor-version":[{"id":425,"href":"https:\/\/blogs.univ-tlse2.fr\/relirejeanboudou\/wp-json\/wp\/v2\/pages\/424\/revisions\/425"}],"up":[{"embeddable":true,"href":"https:\/\/blogs.univ-tlse2.fr\/relirejeanboudou\/wp-json\/wp\/v2\/pages\/76"}],"wp:attachment":[{"href":"https:\/\/blogs.univ-tlse2.fr\/relirejeanboudou\/wp-json\/wp\/v2\/media?parent=424"}],"curies":[{"name":"wp","href":"https:\/\/api.w.org\/{rel}","templated":true}]}}