 {"id":64,"date":"2026-04-21T21:21:23","date_gmt":"2026-04-21T19:21:23","guid":{"rendered":"https:\/\/blogs.univ-tlse2.fr\/rmpr\/?page_id=64"},"modified":"2026-04-21T22:58:04","modified_gmt":"2026-04-21T20:58:04","slug":"nord-sud-i","status":"publish","type":"page","link":"https:\/\/blogs.univ-tlse2.fr\/rmpr\/rencontres-nord-sud\/nord-sud-i\/","title":{"rendered":"Nord-Sud I"},"content":{"rendered":"\n<p><strong>Lieu :<\/strong> Marseille (13)<br><strong>Date :<\/strong> 23-25 mai 2012<br><strong>Th\u00e8me :<\/strong> M\u00e9thodologie des recherches de terrain sur la Pr\u00e9histoire r\u00e9cente en France, Nouveaux acquis, nouveaux outils, 1987-2012<\/p>\n\n\n\n<figure class=\"wp-block-table\"><table class=\"has-fixed-layout\" style=\"border-style:none;border-width:0px\"><tbody><tr><td><br><img decoding=\"async\" src=\"https:\/\/blogs.univ-tlse2.fr\/rmpr\/files\/2026\/04\/logo_Interneo.jpg\" alt=\"\"><br><\/td><td><img decoding=\"async\" src=\"https:\/\/blogs.univ-tlse2.fr\/rmpr\/files\/2026\/04\/Logo_RMPR_white.jpg\" alt=\"\"><\/td><\/tr><\/tbody><\/table><\/figure>\n\n\n\n<p><img loading=\"lazy\" decoding=\"async\" src=\"\" alt=\"Logo Intern\u00e9o\" width=\"165\" height=\"299\"><img loading=\"lazy\" decoding=\"async\" src=\"\" alt=\"Logo RMPR\" width=\"197\" height=\"93\"><br><a href=\"\/Users\/tperrin\/Downloads\/RMPR\/rmpr.fr\/rencontres-nord-sud\/index.html\">Les Rencontres Nord-Sud de Pr\u00e9histoire r\u00e9cente<\/a><\/p>\n","protected":false},"excerpt":{"rendered":"<p>Lieu : Marseille (13)Date : 23-25 mai 2012Th\u00e8me : M\u00e9thodologie des recherches de terrain sur la Pr\u00e9histoire r\u00e9cente en France, Nouveaux acquis, nouveaux outils, 1987-2012 Les Rencontres Nord-Sud de Pr\u00e9histoire r\u00e9cente<\/p>\n","protected":false},"author":1421,"featured_media":0,"parent":18,"menu_order":0,"comment_status":"closed","ping_status":"closed","template":"","meta":{"footnotes":""},"class_list":["post-64","page","type-page","status-publish","hentry"],"_links":{"self":[{"href":"https:\/\/blogs.univ-tlse2.fr\/rmpr\/wp-json\/wp\/v2\/pages\/64","targetHints":{"allow":["GET"]}}],"collection":[{"href":"https:\/\/blogs.univ-tlse2.fr\/rmpr\/wp-json\/wp\/v2\/pages"}],"about":[{"href":"https:\/\/blogs.univ-tlse2.fr\/rmpr\/wp-json\/wp\/v2\/types\/page"}],"author":[{"embeddable":true,"href":"https:\/\/blogs.univ-tlse2.fr\/rmpr\/wp-json\/wp\/v2\/users\/1421"}],"replies":[{"embeddable":true,"href":"https:\/\/blogs.univ-tlse2.fr\/rmpr\/wp-json\/wp\/v2\/comments?post=64"}],"version-history":[{"count":2,"href":"https:\/\/blogs.univ-tlse2.fr\/rmpr\/wp-json\/wp\/v2\/pages\/64\/revisions"}],"predecessor-version":[{"id":144,"href":"https:\/\/blogs.univ-tlse2.fr\/rmpr\/wp-json\/wp\/v2\/pages\/64\/revisions\/144"}],"up":[{"embeddable":true,"href":"https:\/\/blogs.univ-tlse2.fr\/rmpr\/wp-json\/wp\/v2\/pages\/18"}],"wp:attachment":[{"href":"https:\/\/blogs.univ-tlse2.fr\/rmpr\/wp-json\/wp\/v2\/media?parent=64"}],"curies":[{"name":"wp","href":"https:\/\/api.w.org\/{rel}","templated":true}]}}