 {"id":74,"date":"2026-04-21T21:27:06","date_gmt":"2026-04-21T19:27:06","guid":{"rendered":"https:\/\/blogs.univ-tlse2.fr\/rmpr\/?page_id=74"},"modified":"2026-04-21T23:03:53","modified_gmt":"2026-04-21T21:03:53","slug":"rmpr-2-arles-1996","status":"publish","type":"page","link":"https:\/\/blogs.univ-tlse2.fr\/rmpr\/publications\/rmpr-2-arles-1996\/","title":{"rendered":"RMPR 2 \u2013 Arles 1996"},"content":{"rendered":"\n<figure class=\"wp-block-image size-full is-resized\"><img loading=\"lazy\" decoding=\"async\" width=\"100\" height=\"142\" src=\"https:\/\/blogs.univ-tlse2.fr\/rmpr\/files\/2026\/04\/RMPR_02.jpg\" alt=\"\" class=\"wp-image-121\" style=\"width:100px\" \/><\/figure>\n\n\n\n<h2 class=\"wp-block-heading\">D\u2019ANNA (A.) et BINDER (D.) dir., 1998. Production et identit\u00e9 culturelle. Actualit\u00e9 de la recherche. Rencontres M\u00e9ridionales de Pr\u00e9histoire R\u00e9cente, actes de la deuxi\u00e8me session, Arles (Bouches-du-Rh\u00f4ne), 8 et 9 novembre 1996. \u00c9d. APDCA, Antibes, 479 p.<\/h2>\n\n\n\n<h3 class=\"wp-block-heading\">Sommaire<\/h3>\n\n\n\n<p>BOISSINOT (P.). <em>Que faire de l\u2019identit\u00e9 avec les seules m\u00e9thodes de l\u2019arch\u00e9ologie ?<\/em> p. 17-25.<\/p>\n\n\n\n<p>VIGNE (J.-D.). <em>Faci\u00e8s culturel et sous-syst\u00e8me technique de l\u2019acquisition des ressources animales. Application au N\u00e9olithique ancien m\u00e9diterran\u00e9en<\/em>, p.27-45.<\/p>\n\n\n\n<p>ZAMMIT (J.). <em>Plaidoyer pour de nouveaux marqueurs socioculturels et biologiques des s\u00e9pultures du N\u00e9olithique moyen du sud de la France<\/em>, p.47-54.<\/p>\n\n\n\n<p>FAURA (J.M.), CLOP (X.), CAMPO (M.), FERRER (A.) et MEDINA (E.). <em>Rapports entre architecture m\u00e9galithique et groupes culturels : le cas des \u00ab petites all\u00e9es \u00bb en Catalogne<\/em>, p.55-64.<\/p>\n\n\n\n<p>BARGE (H.), BOURHIS (J.-R.) et ROSTAN (P.). <em>M\u00e9tallurgie pr\u00e9historique et g\u00eetes cuprif\u00e8res dans le sud-est de la France. Premiers r\u00e9sultats<\/em>, p.65-79.<\/p>\n\n\n\n<p>ESPEROU (J.-L.). <em>Les cuivres pr\u00e9historiques dans le sud de la France<\/em>, p.81-96.<\/p>\n\n\n\n<p>THIRAULT (E.). <em>La hache, un marqueur culturel ? L\u2019\u00e9volution des lames polies dans le N\u00e9olithique ancien et moyen de la moyenne vall\u00e9e du Rh\u00f4ne<\/em>, p.97-109.<\/p>\n\n\n\n<p>BINDER (D.). <em>Silex blond et complexit\u00e9 des assemblages lithiques dans le N\u00e9olithique liguro-proven\u00e7al<\/em>, p.111-128.<\/p>\n\n\n\n<p>BRIOIS (F.), , GERNIGON (K.) et VAQUER (J.). <em>Polymorphisme des industries chass\u00e9ennes en silex entre le Rh\u00f4ne et l\u2019Aquitaine<\/em>, p.129-144.<\/p>\n\n\n\n<p>RENAULT (S.). <em>Economie de la mati\u00e8re premi\u00e8re. L\u2019exemple de la production, au N\u00e9olithique final en Provence, des grandes lames en silex zon\u00e9 oligoc\u00e8ne du bassin de Forcalquier (Alpes-de-Haute-Provence)<\/em>, p.145-161.<\/p>\n\n\n\n<p>TRAMONI (P.). <em>Les productions c\u00e9ramiques terriniennes, nouvelle approche de la fin du N\u00e9olithique en Corse<\/em>, p.163-186.<\/p>\n\n\n\n<p>DURRENMATH (G.). <em>Contraintes, typologies, cultures. Abord quantitatif du d\u00e9graissant de c\u00e9ramiques du N\u00e9olithique final de Provence<\/em>, p.187-202.<\/p>\n\n\n\n<p>CONVERTINI (F.). <em>Identification de marqueurs culturels dans la c\u00e9ramique du N\u00e9olithique du sud-est de la France. Apports pour une meilleure compr\u00e9hension du ph\u00e9nom\u00e8ne campaniforme<\/em>, p.203-215.<\/p>\n\n\n\n<p>CLOP (X.) et MOLIST MONTA\u00d1A (M.). <em>Productions campaniformes et groupes culturels. Apports de la technologie des productions c\u00e9ramiques \u00e0 leur d\u00e9finition<\/em>, p.217-224.<\/p>\n\n\n\n<p>BAILLY (M.), BESSE (M.), GISCLON (J.-L.), H\u00c9NON (P.) et V\u00c9ROT-BOURR\u00c9LY (A.). <em>Le site d\u2019habitat campaniforme de \u00ab Derri\u00e8re-le-Ch\u00e2teau \u00bb \u00e0 G\u00e9ovressiat et Montr\u00e9al-la-Cluse (Ain) : premiers r\u00e9sultats<\/em>, p.225-239.<\/p>\n\n\n\n<p>DELQU\u00c9-KOLI (E.), FORMENTI (F.), KOUNITZKY (M.-L.) et OBERLIN (C.). <em>Datation radiocarbone, analyse chimique des r\u00e9sidus carbonis\u00e9s retrouv\u00e9s dans des c\u00e9ramiques<\/em>, p.243-249.<\/p>\n\n\n\n<p>VIGNE (J.-D.), BOURDILLAT (V.), ANDR\u00c9 (J.), BROCHIER (J.-E.), BUI-THI-MA\u00cf, CUISIN (J.) et DAVID (H.). <em>Nouvelles donn\u00e9es sur le Pr\u00e9n\u00e9olithique corse : premiers r\u00e9sultats de la fouille de l\u2019abri du Monte Leone (Bonifacio, Corse)<\/em>, p.251-260.<\/p>\n\n\n\n<p>LORENZI (F.). <em>Premi\u00e8re d\u00e9couverte d\u2019implantations n\u00e9olithiques (N\u00e9olithique ancien et r\u00e9cent) dans le nord du Cap Corse<\/em>, p.261-263.<\/p>\n\n\n\n<p>LANFRANCHI (F. de). La torre de Tusiu (Altag\u00e8ne \/ Altaghj\u00e8). Contribution \u00e0 la connaissance des monuments circulaires de la Corse-du-Sud, p.265-277.<\/p>\n\n\n\n<p>L\u00c9ANDRI (F.). <em>Premiers travaux sur le site m\u00e9galithique du Monte Revincu (Santo-Pietro-di-Tenda, Haute-Corse)<\/em>, p.279-292.<\/p>\n\n\n\n<p>WEISS (M.-C.). <em>Contribution \u00e0 l\u2019\u00e9tude du m\u00e9galithisme de Haute-Corse : la s\u00e9pulture de l\u2019Anghjata (Calenzana) et la statue-menhir de Nuvalella (Santa-Lucia-di-Mercuriu)<\/em>, p.293-300.<\/p>\n\n\n\n<p>GASC\u00d3 (J.). <em>La doline de Roucadour (Th\u00e9mines, Lot) \u00e0 l\u2019\u00c2ge du Bronze ancien. Travaux 1995-1996<\/em>, p.301-309.<\/p>\n\n\n\n<p>FOU\u00c9R\u00c9 (P.). <em>Deux grands b\u00e2timents du N\u00e9olithique final artenacien \u00e0 Douchapt (Dordogne)<\/em>, p.311-328.<\/p>\n\n\n\n<p>BORDREUIL (M.). <em>A propos des faci\u00e8s du N\u00e9olithique final en Languedoc oriental : l\u2019hypoth\u00e8se du groupe des Bruy\u00e8res<\/em>, p.329-341.<\/p>\n\n\n\n<p>PUERTAS (O.). <em>Evolution des indices polliniques d\u2019anthropisation dans le secteur de Lattes (H\u00e9rault) depuis le N\u00e9olithique ancien : m\u00e9thodologie et r\u00e9sultats<\/em>, p.343-357.<\/p>\n\n\n\n<p>LEMERCIER (O.), D\u00dcH (P.), LOIRAT (D.), MELLONY (P.), PELLISSIER (M.), SERIS (D.), TCHEREMISSINOFF (Y.) et BERGER (J.-F.). <em>Les Julli\u00e9ras (Mondragon, Vaucluse). Site d\u2019habitat et fun\u00e9raire du N\u00e9olithique r\u00e9cent, N\u00e9olithique final, Campaniforme-Bronze ancien et Bronze final 2b : premiers r\u00e9sultats<\/em>, p.359-368.<\/p>\n\n\n\n<p>OZANNE (J.-C.), BLAIZOT (F.) et BERGER (J.-F.). <em>Une inhumation du Bronze final IIIb sous tumulus de terre \u00e0 Pont-de-Pierre 2 (Boll\u00e8ne, Vaucluse). R\u00e9sultats pr\u00e9liminaires<\/em>, p.369-375.<\/p>\n\n\n\n<p>BILLAUD (Y.). <em>Laprade : vaste habitat de plaine de l\u2019Age du Bronze final 2b (Lamotte-du-Rh\u00f4ne, Vaucluse, TGV-M\u00e9diterran\u00e9e). R\u00e9sultats pr\u00e9liminaires<\/em>, p.377-391.<\/p>\n\n\n\n<p>BOISSINOT (P.), CORDIER (L.) et MARROU (P.). <em>Un transect dans le vallon du Boullery \u00e0 Lambesc, Bouches-du-Rh\u00f4ne (op\u00e9ration TGV-M\u00e9diterran\u00e9e). Morphogen\u00e8se et habitat pr\u00e9historique<\/em>, p.393-401.<\/p>\n\n\n\n<p>HASLER (A.), CHEVILLOT (P.), COLLET (H.), DURAND (C.), RENAULT (S.) et RICHIER (A.). <em>La n\u00e9cropole tumulaire n\u00e9olithique de Ch\u00e2teau Blanc (Ventabren, Bouches-du-Rh\u00f4ne)<\/em>, p.403-414.<\/p>\n\n\n\n<p>COYE (N.), MAHIEU (E.) et PERRIN (T.). <em>Des occupations du N\u00e9olithique moyen \u00e0 Saint-Antoine (Vitrolles, Hautes-Alpes). R\u00e9sultats pr\u00e9liminaires<\/em>, p.415-425.<\/p>\n\n\n\n<p>S\u00c9N\u00c9PART (I.). <em>Donn\u00e9es r\u00e9centes sur le site cardial du Baratin (Courth\u00e9zon, Vaucluse)<\/em>, p.427-434.<\/p>\n\n\n\n<p>HAMEAU (P.). <em>La haute vall\u00e9e du Carami (Tourves, Mazaugues, Var). Premi\u00e8res hypoth\u00e8ses sur l\u2019organisation spatiale d\u2019un sanctuaire<\/em>, p.435-446.<\/p>\n\n\n\n<p>ROSSI (M.) et GATTIGLIA (A.). <em>La Pr\u00e9histoire r\u00e9cente d\u2019une r\u00e9gion de haute et moyenne montagne : le Brian\u00e7onnais (Hautes-Alpes)<\/em>, p.447-461.<\/p>\n\n\n\n<p>BLAIN (A.). <em>Les parcellaires incis\u00e9s au val Fontanalbe (Mont B\u00e9go)<\/em>, p.463-466.<\/p>\n","protected":false},"excerpt":{"rendered":"<p>D\u2019ANNA (A.) et BINDER (D.) dir., 1998. Production et identit\u00e9 culturelle. Actualit\u00e9 de la recherche. Rencontres M\u00e9ridionales de Pr\u00e9histoire R\u00e9cente, actes de la deuxi\u00e8me session, Arles (Bouches-du-Rh\u00f4ne), 8 et 9 novembre 1996. \u00c9d. APDCA, Antibes, 479 p. Sommaire BOISSINOT (P.). Que faire de l\u2019identit\u00e9 avec les seules m\u00e9thodes de l\u2019arch\u00e9ologie ? p. 17-25. VIGNE (J.-D.). [&hellip;]<\/p>\n","protected":false},"author":1421,"featured_media":0,"parent":20,"menu_order":0,"comment_status":"closed","ping_status":"closed","template":"","meta":{"footnotes":""},"class_list":["post-74","page","type-page","status-publish","hentry"],"_links":{"self":[{"href":"https:\/\/blogs.univ-tlse2.fr\/rmpr\/wp-json\/wp\/v2\/pages\/74","targetHints":{"allow":["GET"]}}],"collection":[{"href":"https:\/\/blogs.univ-tlse2.fr\/rmpr\/wp-json\/wp\/v2\/pages"}],"about":[{"href":"https:\/\/blogs.univ-tlse2.fr\/rmpr\/wp-json\/wp\/v2\/types\/page"}],"author":[{"embeddable":true,"href":"https:\/\/blogs.univ-tlse2.fr\/rmpr\/wp-json\/wp\/v2\/users\/1421"}],"replies":[{"embeddable":true,"href":"https:\/\/blogs.univ-tlse2.fr\/rmpr\/wp-json\/wp\/v2\/comments?post=74"}],"version-history":[{"count":2,"href":"https:\/\/blogs.univ-tlse2.fr\/rmpr\/wp-json\/wp\/v2\/pages\/74\/revisions"}],"predecessor-version":[{"id":148,"href":"https:\/\/blogs.univ-tlse2.fr\/rmpr\/wp-json\/wp\/v2\/pages\/74\/revisions\/148"}],"up":[{"embeddable":true,"href":"https:\/\/blogs.univ-tlse2.fr\/rmpr\/wp-json\/wp\/v2\/pages\/20"}],"wp:attachment":[{"href":"https:\/\/blogs.univ-tlse2.fr\/rmpr\/wp-json\/wp\/v2\/media?parent=74"}],"curies":[{"name":"wp","href":"https:\/\/api.w.org\/{rel}","templated":true}]}}

<figure class="wp-block-image size-full is-resized"><img loading="lazy" decoding="async" width="100" height="142" src="https://blogs.univ-tlse2.fr/rmpr/files/2026/04/RMPR_02.jpg" alt="" class="wp-image-121" style="width:100px" /></figure>



<h2 class="wp-block-heading">D’ANNA (A.) et BINDER (D.) dir., 1998. Production et identité culturelle. Actualité de la recherche. Rencontres Méridionales de Préhistoire Récente, actes de la deuxième session, Arles (Bouches-du-Rhône), 8 et 9 novembre 1996. Éd. APDCA, Antibes, 479 p.</h2>



<h3 class="wp-block-heading">Sommaire</h3>



<p>BOISSINOT (P.). <em>Que faire de l’identité avec les seules méthodes de l’archéologie ?</em> p. 17-25.</p>



<p>VIGNE (J.-D.). <em>Faciès culturel et sous-système technique de l’acquisition des ressources animales. Application au Néolithique ancien méditerranéen</em>, p.27-45.</p>



<p>ZAMMIT (J.). <em>Plaidoyer pour de nouveaux marqueurs socioculturels et biologiques des sépultures du Néolithique moyen du sud de la France</em>, p.47-54.</p>



<p>FAURA (J.M.), CLOP (X.), CAMPO (M.), FERRER (A.) et MEDINA (E.). <em>Rapports entre architecture mégalithique et groupes culturels : le cas des « petites allées » en Catalogne</em>, p.55-64.</p>



<p>BARGE (H.), BOURHIS (J.-R.) et ROSTAN (P.). <em>Métallurgie préhistorique et gîtes cuprifères dans le sud-est de la France. Premiers résultats</em>, p.65-79.</p>



<p>ESPEROU (J.-L.). <em>Les cuivres préhistoriques dans le sud de la France</em>, p.81-96.</p>



<p>THIRAULT (E.). <em>La hache, un marqueur culturel ? L’évolution des lames polies dans le Néolithique ancien et moyen de la moyenne vallée du Rhône</em>, p.97-109.</p>



<p>BINDER (D.). <em>Silex blond et complexité des assemblages lithiques dans le Néolithique liguro-provençal</em>, p.111-128.</p>



<p>BRIOIS (F.), , GERNIGON (K.) et VAQUER (J.). <em>Polymorphisme des industries chasséennes en silex entre le Rhône et l’Aquitaine</em>, p.129-144.</p>



<p>RENAULT (S.). <em>Economie de la matière première. L’exemple de la production, au Néolithique final en Provence, des grandes lames en silex zoné oligocène du bassin de Forcalquier (Alpes-de-Haute-Provence)</em>, p.145-161.</p>



<p>TRAMONI (P.). <em>Les productions céramiques terriniennes, nouvelle approche de la fin du Néolithique en Corse</em>, p.163-186.</p>



<p>DURRENMATH (G.). <em>Contraintes, typologies, cultures. Abord quantitatif du dégraissant de céramiques du Néolithique final de Provence</em>, p.187-202.</p>



<p>CONVERTINI (F.). <em>Identification de marqueurs culturels dans la céramique du Néolithique du sud-est de la France. Apports pour une meilleure compréhension du phénomène campaniforme</em>, p.203-215.</p>



<p>CLOP (X.) et MOLIST MONTAÑA (M.). <em>Productions campaniformes et groupes culturels. Apports de la technologie des productions céramiques à leur définition</em>, p.217-224.</p>



<p>BAILLY (M.), BESSE (M.), GISCLON (J.-L.), HÉNON (P.) et VÉROT-BOURRÉLY (A.). <em>Le site d’habitat campaniforme de « Derrière-le-Château » à Géovressiat et Montréal-la-Cluse (Ain) : premiers résultats</em>, p.225-239.</p>



<p>DELQUÉ-KOLI (E.), FORMENTI (F.), KOUNITZKY (M.-L.) et OBERLIN (C.). <em>Datation radiocarbone, analyse chimique des résidus carbonisés retrouvés dans des céramiques</em>, p.243-249.</p>



<p>VIGNE (J.-D.), BOURDILLAT (V.), ANDRÉ (J.), BROCHIER (J.-E.), BUI-THI-MAÏ, CUISIN (J.) et DAVID (H.). <em>Nouvelles données sur le Prénéolithique corse : premiers résultats de la fouille de l’abri du Monte Leone (Bonifacio, Corse)</em>, p.251-260.</p>



<p>LORENZI (F.). <em>Première découverte d’implantations néolithiques (Néolithique ancien et récent) dans le nord du Cap Corse</em>, p.261-263.</p>



<p>LANFRANCHI (F. de). La torre de Tusiu (Altagène / Altaghjè). Contribution à la connaissance des monuments circulaires de la Corse-du-Sud, p.265-277.</p>



<p>LÉANDRI (F.). <em>Premiers travaux sur le site mégalithique du Monte Revincu (Santo-Pietro-di-Tenda, Haute-Corse)</em>, p.279-292.</p>



<p>WEISS (M.-C.). <em>Contribution à l’étude du mégalithisme de Haute-Corse : la sépulture de l’Anghjata (Calenzana) et la statue-menhir de Nuvalella (Santa-Lucia-di-Mercuriu)</em>, p.293-300.</p>



<p>GASCÓ (J.). <em>La doline de Roucadour (Thémines, Lot) à l’Âge du Bronze ancien. Travaux 1995-1996</em>, p.301-309.</p>



<p>FOUÉRÉ (P.). <em>Deux grands bâtiments du Néolithique final artenacien à Douchapt (Dordogne)</em>, p.311-328.</p>



<p>BORDREUIL (M.). <em>A propos des faciès du Néolithique final en Languedoc oriental : l’hypothèse du groupe des Bruyères</em>, p.329-341.</p>



<p>PUERTAS (O.). <em>Evolution des indices polliniques d’anthropisation dans le secteur de Lattes (Hérault) depuis le Néolithique ancien : méthodologie et résultats</em>, p.343-357.</p>



<p>LEMERCIER (O.), DÜH (P.), LOIRAT (D.), MELLONY (P.), PELLISSIER (M.), SERIS (D.), TCHEREMISSINOFF (Y.) et BERGER (J.-F.). <em>Les Julliéras (Mondragon, Vaucluse). Site d’habitat et funéraire du Néolithique récent, Néolithique final, Campaniforme-Bronze ancien et Bronze final 2b : premiers résultats</em>, p.359-368.</p>



<p>OZANNE (J.-C.), BLAIZOT (F.) et BERGER (J.-F.). <em>Une inhumation du Bronze final IIIb sous tumulus de terre à Pont-de-Pierre 2 (Bollène, Vaucluse). Résultats préliminaires</em>, p.369-375.</p>



<p>BILLAUD (Y.). <em>Laprade : vaste habitat de plaine de l’Age du Bronze final 2b (Lamotte-du-Rhône, Vaucluse, TGV-Méditerranée). Résultats préliminaires</em>, p.377-391.</p>



<p>BOISSINOT (P.), CORDIER (L.) et MARROU (P.). <em>Un transect dans le vallon du Boullery à Lambesc, Bouches-du-Rhône (opération TGV-Méditerranée). Morphogenèse et habitat préhistorique</em>, p.393-401.</p>



<p>HASLER (A.), CHEVILLOT (P.), COLLET (H.), DURAND (C.), RENAULT (S.) et RICHIER (A.). <em>La nécropole tumulaire néolithique de Château Blanc (Ventabren, Bouches-du-Rhône)</em>, p.403-414.</p>



<p>COYE (N.), MAHIEU (E.) et PERRIN (T.). <em>Des occupations du Néolithique moyen à Saint-Antoine (Vitrolles, Hautes-Alpes). Résultats préliminaires</em>, p.415-425.</p>



<p>SÉNÉPART (I.). <em>Données récentes sur le site cardial du Baratin (Courthézon, Vaucluse)</em>, p.427-434.</p>



<p>HAMEAU (P.). <em>La haute vallée du Carami (Tourves, Mazaugues, Var). Premières hypothèses sur l’organisation spatiale d’un sanctuaire</em>, p.435-446.</p>



<p>ROSSI (M.) et GATTIGLIA (A.). <em>La Préhistoire récente d’une région de haute et moyenne montagne : le Briançonnais (Hautes-Alpes)</em>, p.447-461.</p>



<p>BLAIN (A.). <em>Les parcellaires incisés au val Fontanalbe (Mont Bégo)</em>, p.463-466.</p>

<p>D’ANNA (A.) et BINDER (D.) dir., 1998. Production et identité culturelle. Actualité de la recherche. Rencontres Méridionales de Préhistoire Récente, actes de la deuxième session, Arles (Bouches-du-Rhône), 8 et 9 novembre 1996. Éd. APDCA, Antibes, 479 p. Sommaire BOISSINOT (P.). Que faire de l’identité avec les seules méthodes de l’archéologie ? p. 17-25. VIGNE (J.-D.). [&hellip;]</p>
