 {"id":76,"date":"2026-04-21T21:27:48","date_gmt":"2026-04-21T19:27:48","guid":{"rendered":"https:\/\/blogs.univ-tlse2.fr\/rmpr\/?page_id=76"},"modified":"2026-04-21T23:04:17","modified_gmt":"2026-04-21T21:04:17","slug":"rmpr-3-toulouse-1998","status":"publish","type":"page","link":"https:\/\/blogs.univ-tlse2.fr\/rmpr\/publications\/rmpr-3-toulouse-1998\/","title":{"rendered":"RMPR 3 \u2013 Toulouse 1998"},"content":{"rendered":"\n<figure class=\"wp-block-image size-full is-resized\"><img loading=\"lazy\" decoding=\"async\" width=\"100\" height=\"145\" src=\"https:\/\/blogs.univ-tlse2.fr\/rmpr\/files\/2026\/04\/RMPR_03.jpg\" alt=\"\" class=\"wp-image-120\" style=\"width:100px\" \/><\/figure>\n\n\n\n<h2 class=\"wp-block-heading\">LEDUC (M.), VALDEYRON (N.) et VAQUER (J.) dir., 2000. Soci\u00e9t\u00e9s et espaces. Actualit\u00e9 de la recherche. Rencontres M\u00e9ridionales de Pr\u00e9histoire R\u00e9cente, actes de la troisi\u00e8me session, Toulouse (Haute-Garonne), 6 et 7 novembre 1998. \u00c9d. Archives d\u2019\u00c9cologie Pr\u00e9historique, Toulouse, 462 p.<\/h2>\n\n\n\n<p><a href=\"http:\/\/www.archeoaep.fr\/?product=rmpr-3\" target=\"_blank\" rel=\"noreferrer noopener\">En vente sur le site des AEP<\/a><\/p>\n\n\n\n<h3 class=\"wp-block-heading\">Sommaire<\/h3>\n\n\n\n<p>VALDEYRON (N.). <em>G\u00e9ographie culturelle du M\u00e9solithique r\u00e9cent\/final dans le sud-ouest de la France<\/em>, p.23-34.<\/p>\n\n\n\n<p>MANEN (C.). <em>Implantations de faci\u00e8s d\u2019origine italienne au N\u00e9olithique ancien : l\u2019exemple des sites \u00ab liguriens \u00bb du Languedoc<\/em>, p.35-42.<\/p>\n\n\n\n<p>BRIOIS (F.). <em>Variabilit\u00e9 techno-culturelle des industries lithiques du N\u00e9olithique ancien en Languedoc<\/em>, p.43-50.<\/p>\n\n\n\n<p>S\u00c9N\u00c9PART (I.). <em>Gestion de l\u2019espace au N\u00e9olithique ancien dans le midi de la France : l\u2019exemple du Baratin \u00e0 Courth\u00e9zon (Vaucluse)<\/em>, p.51-58.<\/p>\n\n\n\n<p>BEECHING (A.), BERGER (J.-F.), BROCHIER (J.-L.), FERBER (F.), HELMER (D.) et SIDI-MAAMAR (H.). <em>Chass\u00e9ens : agriculteurs ou \u00e9leveurs, s\u00e9dentaires ou nomades ? Quels types de milieux, d\u2019\u00e9conomies et de soci\u00e9t\u00e9s ? p. 59-79.<\/em><\/p>\n\n\n\n<p><em>SERVELLE (C.) et VAQUER (J.). Les haches polies en cin\u00e9rite du Rouergue, des producteurs aux consommateurs, p.91-100.<\/em><em> GALOP (D.). Propagation des activit\u00e9s agro-pastorales sur le versant nord-pyr\u00e9n\u00e9en entre le VIe et le IIIe mill\u00e9naire : l\u2019apport de la palynologie, p.101-108. TRAMONI (P.). Recherches r\u00e9centes sur les habitats n\u00e9olithiques de plein air en Corse : l\u2019exemple de la r\u00e9gion de Porto-Vecchio, p.109-118. GARDES (P.) et RODANES VICENTE (J.M.). Du N\u00e9olithique au deuxi\u00e8me \u00e2ge du Fer dans les pi\u00e9monts pyr\u00e9n\u00e9ens occidentaux : contribution de l\u2019analyse micro-r\u00e9gionale \u00e0 l\u2019\u00e9tude des formes d\u2019appropriation de la nature, p.119-133. HARFOUCHE (R.) et POUPET (P.). L\u2019espace agricole de la Pr\u00e9histoire r\u00e9cente en Moyenne Vistrenque (N\u00eemes, Gard), p.135-146. ZINGATO (E.). Des sites au terroir : pour une analyse int\u00e9gr\u00e9e des donn\u00e9es arch\u00e9ologiques, p.147-155. CAROZZA (L.). Economie et territoire aux d\u00e9buts de la m\u00e9tallurgie dans la moyenne vall\u00e9e de l\u2019H\u00e9rault : \u00e9mergence d\u2019une probl\u00e9matique, p.157-175. LEMERCIER (O.). Espace culturel, territoire et terroir : approches spatiales des groupes campaniformes r\u00e9cents dans le sud-est de la France, p.177-186. GASC\u00d3 (J.). Pays de fronti\u00e8re ou c\u0153ur d\u2019un terroir : que sait-on \u00e0 ce jour du Bronze ancien quercinois ? p. 187-199. BOUBY (L.). Agriculture et cueillette \u00e0 l\u2019\u00e2ge du Bronze ancien dans la vall\u00e9e du Rh\u00f4ne et en basse Auvergne, p.201-210. LANFRANCHI (F. de). L\u2019architecture rurale pr\u00e9historique de la Corse dans son contexte techno-socio-\u00e9conomique, p.211-223. FILY (M.-L.), CRUB\u00c9ZY (E.), LUDES (B.) et BRIOIS (F.). Apports des techniques de biologie mol\u00e9culaire dans le cadre du projet collectif des Grands Causses : l\u2019exemple de la grotte de Sindou, p.225-229. CAROZZA (J.-M.) et CAROZZA (L.). Transformation des paysages et des territoires des soci\u00e9t\u00e9s protohistoriques sur la bordure sud du Massif central : recherches pr\u00e9liminaires, p.231-237. PAOLINI-SAEZ (H.). Exemple d\u2019une d\u00e9marche m\u00e9thodologique en vue d\u2019une \u00e9tude comparative de la c\u00e9ramique de l\u2019aire tyrrh\u00e9nienne, p.241-252. DAVID (H.). La grotte de San Michele (Sisco, Haute-Corse) : une s\u00e9pulture originale de l\u2019\u00e2ge du Bronze corse, p.253-256. WEISS (M.-C.). Nouvelle lecture des peintures rupestres pr\u00e9historiques d\u2019Olmeta-du-Cap et \u00e9tude de deux morceaux r\u00e9cup\u00e9r\u00e9s de la statue-menhir de Renno, p.257-263. MARGARIT (X.) et RENAULT (S.). L\u2019\u00e9tablissement n\u00e9olithique r\u00e9cent du Duc \u00e0 Mondragon (Vaucluse), premiers r\u00e9sultats, p.265-272. GAILLARD (A.). Contribution \u00e0 l\u2019\u00e9tude des outillages osseux chass\u00e9ens du sud-ouest de la France : les exemples de Villeneuve-Tolosane et d\u2019Auriac, p.273-279.<\/em><\/p>\n\n\n\n<p><em>JALLOT (L.), GEORJON (C.), WATTEZ (J.), BLAIZOT (F.), L\u00c9A (V.) et BEUGNIER (V.) et coll.. Principaux r\u00e9sultats de l\u2019\u00e9tude du site chass\u00e9en ancien de Jacques C\u0153ur II (Port-Marianne, Montpellier, H\u00e9rault)<\/em>, p.281-303.<\/p>\n\n\n\n<p>JEDIKIAN (G.). <em>Typologie de la c\u00e9ramique chass\u00e9enne : l\u2019exemple du site d\u2019Auriac (Carcassonne, Aude)<\/em>, p.305-311.<\/p>\n\n\n\n<p>BROSSIER (S.) et MARLI\u00c8RE (P.) et coll.. Le site chass\u00e9en de Villeneuve-Tolosane \/ Cugnaux, Haute-Garonne : une nouvelle op\u00e9ration de sauvetage (1996-1997), p.313-318.<\/p>\n\n\n\n<p>FRAN\u00c7OIS (P.) et VAQUER (J.). <em>Essai de p\u00e9riodisation des productions c\u00e9ramiques du Chass\u00e9en garonnais<\/em>, p.319-327.<\/p>\n\n\n\n<p>GERNIGON (K.). <em>La c\u00e9ramique chass\u00e9enne du Quercy et les stratigraphies r\u00e9gionales<\/em>, p.329-335.<\/p>\n\n\n\n<p>GASC\u00d3 (J.). <em>Note \u00e0 propos d\u2019un b\u00e2timent chass\u00e9en en plein air dans la doline de Roucadour (Th\u00e9mines, Lot)<\/em>, p.337-343.<\/p>\n\n\n\n<p>BOUDARTCHOUK (J.-L.) et VEYSSI\u00c8RE (F.). <em>Le site n\u00e9olithique et protohistorique de La Pouche \u00e0 Duran, Gers<\/em>, p.345-348.<\/p>\n\n\n\n<p>JALLOT (L.) et CHALARD (P.) et coll. Le b\u00e2timent n\u00e9olithique final des Bouriates (Montfaucon, Lot), p.349-364.<\/p>\n\n\n\n<p>LAGASQUIE (J.-P.). <em>L\u2019architecture des dolmens du Quercy : l\u2019exemple des dolmens de La Dev\u00e8ze-Sud \u00e0 Marcilhac-sur-C\u00e9l\u00e9 et des Aguals \u00e0 Gr\u00e9alou-Montbrun<\/em>, p.365-370.<\/p>\n\n\n\n<p>PAJOT (B.). <em>Nouveaux jalons pour l\u2019\u00e9tude du m\u00e9galithisme quercinois<\/em>, p.371-380.<\/p>\n\n\n\n<p>GRUAT (P.), HEROUIN (S.), MARTY (G.) et RAKOTONDRAMASY (T.). <em>Le tumulus chalcolithique n\u00b0 26 des Dev\u00e8zes de Maymac (Berthol\u00e8ne, Aveyron)<\/em>, p.381-386.<\/p>\n\n\n\n<p>JARRY (M.). <em>Les statues-menhirs du groupe rouergat, m\u00e9thode d\u2019\u00e9tude adapt\u00e9e \u00e0 la statuaire m\u00e9galithique<\/em>, p.387-391.<\/p>\n\n\n\n<p>FOU\u00c9R\u00c9 (P.) et CONVERTINI (F.). <em>Un habitat chalcolithique sur le causse du Larzac : La Veyssi\u00e8re, commune de La Bastide-Pradines (Aveyron)<\/em>, p.393-400.<\/p>\n\n\n\n<p>BRAGUIER (S.). <em>Etude de la faune du site chalcolithique de la Vayssi\u00e8re, Aveyron<\/em>, p.401-405.<\/p>\n\n\n\n<p>THAUVIN-BOULESTIN (E.). <em>R\u00f4le et place du Quercy dans les \u00e9changes interr\u00e9gionaux au Bronze ancien et moyen<\/em>, p.407-413.<\/p>\n\n\n\n<p>SURMELY (F.). <em>Le site m\u00e9solithique des Baraquettes (Velzic, Cantal)<\/em>, p.415-427.<\/p>\n\n\n\n<p>FONTANA (L.). <em>Les Baraquettes \u00e9tude arch\u00e9ozoologique<\/em>, p.429-432.<\/p>\n\n\n\n<p>DUMONTIER (P.), COURTAUD (P.) et FERRIER (C.). <em>La grotte d\u2019Apons \u00e0 Sarrance, Pyr\u00e9n\u00e9es-Atlantiques. Les occupations humaines du N\u00e9olithique et de l\u2019\u00e2ge du Bronze<\/em>, p.433-440.<\/p>\n\n\n\n<p>CLERE (J.) et PUECH (P.-F.). <em>Remarques sur les traces d\u2019activit\u00e9s paramasticatoires de dents pr\u00e9historiques fran\u00e7aises du N\u00e9olithique au Bronze final<\/em>, p.441-445.<\/p>\n\n\n\n<p>MARTIN (H.). <em>La squelettochronologie : m\u00e9thodologie et champ d\u2019application en arch\u00e9ologie, bref \u00e9tat de la question<\/em>, p.447-452.<\/p>\n","protected":false},"excerpt":{"rendered":"<p>LEDUC (M.), VALDEYRON (N.) et VAQUER (J.) dir., 2000. Soci\u00e9t\u00e9s et espaces. Actualit\u00e9 de la recherche. Rencontres M\u00e9ridionales de Pr\u00e9histoire R\u00e9cente, actes de la troisi\u00e8me session, Toulouse (Haute-Garonne), 6 et 7 novembre 1998. \u00c9d. Archives d\u2019\u00c9cologie Pr\u00e9historique, Toulouse, 462 p. En vente sur le site des AEP Sommaire VALDEYRON (N.). G\u00e9ographie culturelle du M\u00e9solithique r\u00e9cent\/final [&hellip;]<\/p>\n","protected":false},"author":1421,"featured_media":0,"parent":20,"menu_order":0,"comment_status":"closed","ping_status":"closed","template":"","meta":{"footnotes":""},"class_list":["post-76","page","type-page","status-publish","hentry"],"_links":{"self":[{"href":"https:\/\/blogs.univ-tlse2.fr\/rmpr\/wp-json\/wp\/v2\/pages\/76","targetHints":{"allow":["GET"]}}],"collection":[{"href":"https:\/\/blogs.univ-tlse2.fr\/rmpr\/wp-json\/wp\/v2\/pages"}],"about":[{"href":"https:\/\/blogs.univ-tlse2.fr\/rmpr\/wp-json\/wp\/v2\/types\/page"}],"author":[{"embeddable":true,"href":"https:\/\/blogs.univ-tlse2.fr\/rmpr\/wp-json\/wp\/v2\/users\/1421"}],"replies":[{"embeddable":true,"href":"https:\/\/blogs.univ-tlse2.fr\/rmpr\/wp-json\/wp\/v2\/comments?post=76"}],"version-history":[{"count":2,"href":"https:\/\/blogs.univ-tlse2.fr\/rmpr\/wp-json\/wp\/v2\/pages\/76\/revisions"}],"predecessor-version":[{"id":149,"href":"https:\/\/blogs.univ-tlse2.fr\/rmpr\/wp-json\/wp\/v2\/pages\/76\/revisions\/149"}],"up":[{"embeddable":true,"href":"https:\/\/blogs.univ-tlse2.fr\/rmpr\/wp-json\/wp\/v2\/pages\/20"}],"wp:attachment":[{"href":"https:\/\/blogs.univ-tlse2.fr\/rmpr\/wp-json\/wp\/v2\/media?parent=76"}],"curies":[{"name":"wp","href":"https:\/\/api.w.org\/{rel}","templated":true}]}}