 {"id":80,"date":"2026-04-21T21:29:19","date_gmt":"2026-04-21T19:29:19","guid":{"rendered":"https:\/\/blogs.univ-tlse2.fr\/rmpr\/?page_id=80"},"modified":"2026-04-21T23:05:40","modified_gmt":"2026-04-21T21:05:40","slug":"rmpr-5-clermont-ferrand-2002","status":"publish","type":"page","link":"https:\/\/blogs.univ-tlse2.fr\/rmpr\/publications\/rmpr-5-clermont-ferrand-2002\/","title":{"rendered":"RMPR 5 \u2013 Clermont-Ferrand 2002"},"content":{"rendered":"\n<figure class=\"wp-block-image size-full is-resized\"><img loading=\"lazy\" decoding=\"async\" width=\"100\" height=\"139\" src=\"https:\/\/blogs.univ-tlse2.fr\/rmpr\/files\/2026\/04\/RMPR_05.jpg\" alt=\"\" class=\"wp-image-118\" style=\"width:100px\" \/><\/figure>\n\n\n\n<h2 class=\"wp-block-heading\">DARTEVELLE (H.) dir., 2004. Auvergne et Midi. Actualit\u00e9 de la recherche. Rencontres M\u00e9ridionales de Pr\u00e9histoire R\u00e9cente, actes de la cinqui\u00e8me session, Clermont-Ferrand (Puy-de-D\u00f4me), 8 et 9 novembre 2002. \u00c9d. Pr\u00e9histoire du Sud-Ouest, Cressensac, 592 p.<\/h2>\n\n\n\n<h3 class=\"wp-block-heading\">Sommaire<\/h3>\n\n\n\n<p>VERNET (G.). <em>Les \u00e9ruptions holoc\u00e8nes de la Cha\u00eene des Puys et le peuplement m\u00e9solithique et n\u00e9olithique ancien en Basse Auvergne (Massif Central, France)<\/em>, p.17-24.<\/p>\n\n\n\n<p>ARGANT (J.) et L\u00d3PEZ S\u00c1EZ (J.A.). <em>L\u2019occupation humaine du bassin de Sarli\u00e8ve depuis le N\u00e9olithique d\u2019apr\u00e8s la palynologie et l\u2019\u00e9tude des microfossiles non polliniques<\/em>, p.25-34.<\/p>\n\n\n\n<p>BALLUT (C.) et ARGANT (J.). <em>Les dynamiques g\u00e9omorphologiques et environnementales dans la Limagne humide de Clermont-Ferrand du N\u00e9olithique au d\u00e9but de l\u2019\u00e2ge du Fer<\/em>, p.35-42<\/p>\n\n\n\n<p>SAINTOT (S.) et PASTY (J.-F.) et coll. Taphonomie et fonction des occupations pr\u00e9- et protohistoriques du site Les P\u00e2tureaux \u00e0 Clermont-Ferrand (Puy-de-D\u00f4me), p.43-84.<\/p>\n\n\n\n<p>VERNET (G.). <em>Le N\u00e9olithique ancien (Epicardial) et le N\u00e9olithique moyen \/ ancien sur le site du Br\u00e9zet \u00e0 Clermont-Ferrand (Massif Central, France)<\/em>, p. 85-90.<\/p>\n\n\n\n<p>BILLARD (M.). <em>Pal\u00e9obiologie des populations du N\u00e9olithique moyen auvergnat : r\u00e9sultats de l\u2019\u00e9tude pal\u00e9opathologique de la n\u00e9cropole de Pontcharraud II<\/em>, p.91-98.<\/p>\n\n\n\n<p>DAUGAS (J.-P.), GISCLON (J.-L.), MIALLIER (D.) et VERNET (G.). <em>S\u00e9pultures plurielles du N\u00e9olithique final en auvergne dans leur contexte interr\u00e9gional<\/em>, p.99-106.<\/p>\n\n\n\n<p>GEORJON (C.), JALLET (F.), LAGRUE (A.) et LOISON (G.). <em>Le N\u00e9olithique ancien et moyen en Auvergne : bilan et perspectives \u00e0 la lumi\u00e8re des donn\u00e9es r\u00e9centes<\/em>, p.107-132.<\/p>\n\n\n\n<p>DARTEVELLE (H.), ALIX (P.), BOUBY (L.), FONTANA (L.) et SURMELY (F.). <em>Opme le Cimeti\u00e8re \u00e0 Romagnat (Puy-de-D\u00f4me)<\/em>, p.133-152.<\/p>\n\n\n\n<p>LI\u00c9GARD (S.) et FOURVEL (A.). <em>D\u00e9couvertes campaniformes dans le d\u00e9partement de l\u2019Allier<\/em>, p.153-158.<\/p>\n\n\n\n<p>COMBIER (J.). <em>Sites et cultures n\u00e9olithiques, du Forez au Brionnais : \u00e9tat des lieux et perspectives<\/em>, p.159-176.<\/p>\n\n\n\n<p>SURMELY (F.), BELLOT-GURLET (L.) et SERVELLE (C.). <em>La diffusion des haches en cin\u00e9rite en Auvergne<\/em>, p.177-182.<\/p>\n\n\n\n<p>PIBOULE (M.). <em>D\u00e9couverte d\u2019un ensemble m\u00e9galithique en Allier<\/em>, p.183-184.<\/p>\n\n\n\n<p>LAGASQUIE (J.-P.). <em>Le dolmen de la Pierre Fade, commune de Saint-Etienne-des-Champs (Puy-de-D\u00f4me)<\/em>, p.185-188.<\/p>\n\n\n\n<p>LI\u00c9GARD (S.) et FOURVEL (A.). <em>Les vestiges du N\u00e9olithique et de l\u2019\u00e2ge du Bronze du site des Fendeux \u00e0 Coulanges (Allier)<\/em>, p.191-214.<\/p>\n\n\n\n<p>VIALLET (P.), VITAL (J.) et SIDI-MAAMAR (H.). <em>Deux ensembles de fours \u00e0 pierres chauffantes du VIIIe s. av. J.-C. en Basse-Auvergne : Clermont-Ferrand La Pardieu et Saint-Andr\u00e9-le-Coq Les Nug\u00e9rades (Puy-de-D\u00f4me)<\/em>, p.215-243.<\/p>\n\n\n\n<p>RIALLAND (Y.) et LIABEUF (R.). <em>Le N\u00e9olithique en Auvergne, un rapide tour d\u2019horizon des connaissances<\/em>, p.245-251.<\/p>\n\n\n\n<p>DARTEVELLE (H.), LIABEUF (R.) et RIALLAND (Y.). <em>L\u2019\u00e2ge du Bronze en Auvergne, un rapide tour d\u2019horizon des connaissances<\/em>, p.253-258.<\/p>\n\n\n\n<p>CLERE (J.), BOUALLOU (K.) et RAVY (E.). <em>Arguments sur l\u2019existence de sillons de type \u201ccoupe-fil\u201d sur des dents pr\u00e9historiques, comparaison avec des sillons de dents contemporains<\/em>, p.277-280.<\/p>\n\n\n\n<p>GUILBERT (R.), BERGER (J.-F.) et TH\u00c9RY-PARISOT (I.). <em>Le site de Gramari : une nouvelle approche<\/em>, p.281-294.<\/p>\n\n\n\n<p>MONTJARDIN (R.) et CABLAT (A.). <em>Le gisement N\u00e9olithique ancien des Dunes \u00e0 Frontignan (H\u00e9rault)<\/em>, p.295-312.<\/p>\n\n\n\n<p>BOB\u0152UF (M.). <em>Le \u201cN\u00e9olithique ancien\u201d du Clos de Poujol (Aveyron), premiers \u00e9l\u00e9ments<\/em>, p.313-319.<\/p>\n\n\n\n<p>MANEN (C.), BOUBY (L.), CARR\u00c8RE (I.), COULAROU (J.), DEVILLERS (B.), MULLER (C.), PERRIN (T.), SORDOILLET (D.), VIGNE (J.-D.) et VORUZ (J.-L.). <em>Nouvelles donn\u00e9es sur le N\u00e9olithique ancien gardois : r\u00e9sultats des campagnes de fouille 2001-2002 de la grotte du Ta\u00ef (Remoulins)<\/em>, p.321-336.<\/p>\n\n\n\n<p>GERNIGON (K.) et FOU\u00c9R\u00c9 (P.). <em>R\u00e9vision de la stratigraphie n\u00e9olithique de la Perte-du-Cros (Saillac, Lot)<\/em>, p.337-352.<\/p>\n\n\n\n<p>GASC\u00d3 (J.), GERNIGON (K.), MULLER (C.), BRIOIS (F.), BRUXELLES (L.), LESUR (J.), TRESSET (A.), VIGNE (J.-D.) et WAINWRIGHT (J.). <em>R\u00e9vision de la stratigraphie n\u00e9olithique de Roucadour (le N\u00e9olithique ancien et moyen)<\/em>, p.353-378.<\/p>\n\n\n\n<p>BEECHING (A.), BROCHIER (J.-L.), CORDIER (F.), FERBER (F.), THI\u00c9BAULT (S.) et TREFFORT (J.-M.). <em>Am\u00e9nagements de chenalisations naturelles : un cas original de pr\u00e9sence chass\u00e9enne \u00e0 Nyons (Dr\u00f4me)<\/em>, p.379-394.<\/p>\n\n\n\n<p>L\u00c9A (V.). <em>Les productions sur galets locaux du N\u00e9olithique moyen du Sud de la France<\/em>, p.395-403.<\/p>\n\n\n\n<p>L\u00c9A (V.), GASSIN (B.) et BRIOIS (F.). <em>Fonctionnement des r\u00e9seaux de diffusion des silex b\u00e9douliens du Ve au IVe mill\u00e9naire : questions ouvertes<\/em>, p.405-420.<\/p>\n\n\n\n<p>THIRAULT (E.). <em>Le site n\u00e9olithique de Bessans \/ le-Ch\u00e2teau (Savoie) et la question des armatures per\u00e7antes en roches tenaces polies dans les Alpes occidentales<\/em>, p.421-444.<\/p>\n\n\n\n<p>LEMERCIER (O.), FURESTIER (R.), M\u00dcLLER (A.), CAULIEZ (J.), CONVERTINI (F.), LAZARD (N.) et PROVENZANO (N.) et coll. Le site n\u00e9olithique final de La Fare (Forcalquier, Alpes-de-Haute-Provence) : r\u00e9sultats 1995-1999 et r\u00e9vision chronoculturelle, p.445-455.<\/p>\n\n\n\n<p>HAMEAU (P.). <em>Les peintures sch\u00e9matiques de la combe de Fontjouval (Saint-Saturnin-l\u00e8s-Apt, Vaucluse)<\/em>, p.457-466.<\/p>\n\n\n\n<p>GILABERT (C.), DURRENMATH (G.) et MARGARIT (X.). <em>L\u2019architecture domestique au N\u00e9olithique final en Provence : l\u2019apport des sites couronniens du Collet-Redon et de Ponteau-Gare \u00e0 Martigues (Bouches-du-Rh\u00f4ne)<\/em>, p.467-474.<\/p>\n\n\n\n<p>VAQUER (J.), GANDELIN (M.) et MARSAC (R.). <em>Le site du Roc-d\u2019En-Gabit, Carcassonne (Aude)<\/em>, p. 475-484.<\/p>\n\n\n\n<p>BAILLY (M.) et BESSE (M.). <em>Le complexe campaniforme rhodano-rh\u00e9nan : suite et fin ? p. 485-492.<\/em><\/p>\n\n\n\n<p><em>CONVERTINI (F.), FURESTIER (R.), ASTRUC (L.), FOREST (V.) et JALLOT (L.). Le Mas de Vignole IV \u00e0 N\u00eemes (Gard) : r\u00e9sultats pr\u00e9liminaires des fouilles d\u2019un foss\u00e9 \u00e0 occupation campaniforme, p.493-507.<\/em><em> GILABERT (C.) et L\u00c9ANDRI (F.). Le site m\u00e9galithique de Mamucci sur le plateau de Capo Castinco \u00e0 Santo-Pietro-di-Tenda (Haute-Corse), p.509-522. TRAMONI (P.), D\u2019ANNA (A.), PINET (L.), GUENDON (J.-L.) et ORSINI (J.-B.). La n\u00e9cropole m\u00e9galithique de Vasculacciu (Figari, Corse-du-Sud), p.523-536. MILANINI (J.-L.). L\u2019aven Jacques (Lussas, Ard\u00e8che) : \u00e9l\u00e9ments de taphonomie, p.537-540. BILLAUD (Y.) et TREFFORT (J.-M.). Tresserve \/ Le Saut (Savoie), station Bronze final du lac du Bourget : r\u00e9centes donn\u00e9es de terrain, p.541-553.<\/em><\/p>\n","protected":false},"excerpt":{"rendered":"<p>DARTEVELLE (H.) dir., 2004. Auvergne et Midi. Actualit\u00e9 de la recherche. Rencontres M\u00e9ridionales de Pr\u00e9histoire R\u00e9cente, actes de la cinqui\u00e8me session, Clermont-Ferrand (Puy-de-D\u00f4me), 8 et 9 novembre 2002. \u00c9d. Pr\u00e9histoire du Sud-Ouest, Cressensac, 592 p. Sommaire VERNET (G.). Les \u00e9ruptions holoc\u00e8nes de la Cha\u00eene des Puys et le peuplement m\u00e9solithique et n\u00e9olithique ancien en Basse [&hellip;]<\/p>\n","protected":false},"author":1421,"featured_media":0,"parent":20,"menu_order":0,"comment_status":"closed","ping_status":"closed","template":"","meta":{"footnotes":""},"class_list":["post-80","page","type-page","status-publish","hentry"],"_links":{"self":[{"href":"https:\/\/blogs.univ-tlse2.fr\/rmpr\/wp-json\/wp\/v2\/pages\/80","targetHints":{"allow":["GET"]}}],"collection":[{"href":"https:\/\/blogs.univ-tlse2.fr\/rmpr\/wp-json\/wp\/v2\/pages"}],"about":[{"href":"https:\/\/blogs.univ-tlse2.fr\/rmpr\/wp-json\/wp\/v2\/types\/page"}],"author":[{"embeddable":true,"href":"https:\/\/blogs.univ-tlse2.fr\/rmpr\/wp-json\/wp\/v2\/users\/1421"}],"replies":[{"embeddable":true,"href":"https:\/\/blogs.univ-tlse2.fr\/rmpr\/wp-json\/wp\/v2\/comments?post=80"}],"version-history":[{"count":2,"href":"https:\/\/blogs.univ-tlse2.fr\/rmpr\/wp-json\/wp\/v2\/pages\/80\/revisions"}],"predecessor-version":[{"id":151,"href":"https:\/\/blogs.univ-tlse2.fr\/rmpr\/wp-json\/wp\/v2\/pages\/80\/revisions\/151"}],"up":[{"embeddable":true,"href":"https:\/\/blogs.univ-tlse2.fr\/rmpr\/wp-json\/wp\/v2\/pages\/20"}],"wp:attachment":[{"href":"https:\/\/blogs.univ-tlse2.fr\/rmpr\/wp-json\/wp\/v2\/media?parent=80"}],"curies":[{"name":"wp","href":"https:\/\/api.w.org\/{rel}","templated":true}]}}

<figure class="wp-block-image size-full is-resized"><img loading="lazy" decoding="async" width="100" height="139" src="https://blogs.univ-tlse2.fr/rmpr/files/2026/04/RMPR_05.jpg" alt="" class="wp-image-118" style="width:100px" /></figure>



<h2 class="wp-block-heading">DARTEVELLE (H.) dir., 2004. Auvergne et Midi. Actualité de la recherche. Rencontres Méridionales de Préhistoire Récente, actes de la cinquième session, Clermont-Ferrand (Puy-de-Dôme), 8 et 9 novembre 2002. Éd. Préhistoire du Sud-Ouest, Cressensac, 592 p.</h2>



<h3 class="wp-block-heading">Sommaire</h3>



<p>VERNET (G.). <em>Les éruptions holocènes de la Chaîne des Puys et le peuplement mésolithique et néolithique ancien en Basse Auvergne (Massif Central, France)</em>, p.17-24.</p>



<p>ARGANT (J.) et LÓPEZ SÁEZ (J.A.). <em>L’occupation humaine du bassin de Sarliève depuis le Néolithique d’après la palynologie et l’étude des microfossiles non polliniques</em>, p.25-34.</p>



<p>BALLUT (C.) et ARGANT (J.). <em>Les dynamiques géomorphologiques et environnementales dans la Limagne humide de Clermont-Ferrand du Néolithique au début de l’âge du Fer</em>, p.35-42</p>



<p>SAINTOT (S.) et PASTY (J.-F.) et coll. Taphonomie et fonction des occupations pré- et protohistoriques du site Les Pâtureaux à Clermont-Ferrand (Puy-de-Dôme), p.43-84.</p>



<p>VERNET (G.). <em>Le Néolithique ancien (Epicardial) et le Néolithique moyen / ancien sur le site du Brézet à Clermont-Ferrand (Massif Central, France)</em>, p. 85-90.</p>



<p>BILLARD (M.). <em>Paléobiologie des populations du Néolithique moyen auvergnat : résultats de l’étude paléopathologique de la nécropole de Pontcharraud II</em>, p.91-98.</p>



<p>DAUGAS (J.-P.), GISCLON (J.-L.), MIALLIER (D.) et VERNET (G.). <em>Sépultures plurielles du Néolithique final en auvergne dans leur contexte interrégional</em>, p.99-106.</p>



<p>GEORJON (C.), JALLET (F.), LAGRUE (A.) et LOISON (G.). <em>Le Néolithique ancien et moyen en Auvergne : bilan et perspectives à la lumière des données récentes</em>, p.107-132.</p>



<p>DARTEVELLE (H.), ALIX (P.), BOUBY (L.), FONTANA (L.) et SURMELY (F.). <em>Opme le Cimetière à Romagnat (Puy-de-Dôme)</em>, p.133-152.</p>



<p>LIÉGARD (S.) et FOURVEL (A.). <em>Découvertes campaniformes dans le département de l’Allier</em>, p.153-158.</p>



<p>COMBIER (J.). <em>Sites et cultures néolithiques, du Forez au Brionnais : état des lieux et perspectives</em>, p.159-176.</p>



<p>SURMELY (F.), BELLOT-GURLET (L.) et SERVELLE (C.). <em>La diffusion des haches en cinérite en Auvergne</em>, p.177-182.</p>



<p>PIBOULE (M.). <em>Découverte d’un ensemble mégalithique en Allier</em>, p.183-184.</p>



<p>LAGASQUIE (J.-P.). <em>Le dolmen de la Pierre Fade, commune de Saint-Etienne-des-Champs (Puy-de-Dôme)</em>, p.185-188.</p>



<p>LIÉGARD (S.) et FOURVEL (A.). <em>Les vestiges du Néolithique et de l’âge du Bronze du site des Fendeux à Coulanges (Allier)</em>, p.191-214.</p>



<p>VIALLET (P.), VITAL (J.) et SIDI-MAAMAR (H.). <em>Deux ensembles de fours à pierres chauffantes du VIIIe s. av. J.-C. en Basse-Auvergne : Clermont-Ferrand La Pardieu et Saint-André-le-Coq Les Nugérades (Puy-de-Dôme)</em>, p.215-243.</p>



<p>RIALLAND (Y.) et LIABEUF (R.). <em>Le Néolithique en Auvergne, un rapide tour d’horizon des connaissances</em>, p.245-251.</p>



<p>DARTEVELLE (H.), LIABEUF (R.) et RIALLAND (Y.). <em>L’âge du Bronze en Auvergne, un rapide tour d’horizon des connaissances</em>, p.253-258.</p>



<p>CLERE (J.), BOUALLOU (K.) et RAVY (E.). <em>Arguments sur l’existence de sillons de type “coupe-fil” sur des dents préhistoriques, comparaison avec des sillons de dents contemporains</em>, p.277-280.</p>



<p>GUILBERT (R.), BERGER (J.-F.) et THÉRY-PARISOT (I.). <em>Le site de Gramari : une nouvelle approche</em>, p.281-294.</p>



<p>MONTJARDIN (R.) et CABLAT (A.). <em>Le gisement Néolithique ancien des Dunes à Frontignan (Hérault)</em>, p.295-312.</p>



<p>BOBŒUF (M.). <em>Le “Néolithique ancien” du Clos de Poujol (Aveyron), premiers éléments</em>, p.313-319.</p>



<p>MANEN (C.), BOUBY (L.), CARRÈRE (I.), COULAROU (J.), DEVILLERS (B.), MULLER (C.), PERRIN (T.), SORDOILLET (D.), VIGNE (J.-D.) et VORUZ (J.-L.). <em>Nouvelles données sur le Néolithique ancien gardois : résultats des campagnes de fouille 2001-2002 de la grotte du Taï (Remoulins)</em>, p.321-336.</p>



<p>GERNIGON (K.) et FOUÉRÉ (P.). <em>Révision de la stratigraphie néolithique de la Perte-du-Cros (Saillac, Lot)</em>, p.337-352.</p>



<p>GASCÓ (J.), GERNIGON (K.), MULLER (C.), BRIOIS (F.), BRUXELLES (L.), LESUR (J.), TRESSET (A.), VIGNE (J.-D.) et WAINWRIGHT (J.). <em>Révision de la stratigraphie néolithique de Roucadour (le Néolithique ancien et moyen)</em>, p.353-378.</p>



<p>BEECHING (A.), BROCHIER (J.-L.), CORDIER (F.), FERBER (F.), THIÉBAULT (S.) et TREFFORT (J.-M.). <em>Aménagements de chenalisations naturelles : un cas original de présence chasséenne à Nyons (Drôme)</em>, p.379-394.</p>



<p>LÉA (V.). <em>Les productions sur galets locaux du Néolithique moyen du Sud de la France</em>, p.395-403.</p>



<p>LÉA (V.), GASSIN (B.) et BRIOIS (F.). <em>Fonctionnement des réseaux de diffusion des silex bédouliens du Ve au IVe millénaire : questions ouvertes</em>, p.405-420.</p>



<p>THIRAULT (E.). <em>Le site néolithique de Bessans / le-Château (Savoie) et la question des armatures perçantes en roches tenaces polies dans les Alpes occidentales</em>, p.421-444.</p>



<p>LEMERCIER (O.), FURESTIER (R.), MÜLLER (A.), CAULIEZ (J.), CONVERTINI (F.), LAZARD (N.) et PROVENZANO (N.) et coll. Le site néolithique final de La Fare (Forcalquier, Alpes-de-Haute-Provence) : résultats 1995-1999 et révision chronoculturelle, p.445-455.</p>



<p>HAMEAU (P.). <em>Les peintures schématiques de la combe de Fontjouval (Saint-Saturnin-lès-Apt, Vaucluse)</em>, p.457-466.</p>



<p>GILABERT (C.), DURRENMATH (G.) et MARGARIT (X.). <em>L’architecture domestique au Néolithique final en Provence : l’apport des sites couronniens du Collet-Redon et de Ponteau-Gare à Martigues (Bouches-du-Rhône)</em>, p.467-474.</p>



<p>VAQUER (J.), GANDELIN (M.) et MARSAC (R.). <em>Le site du Roc-d’En-Gabit, Carcassonne (Aude)</em>, p. 475-484.</p>



<p>BAILLY (M.) et BESSE (M.). <em>Le complexe campaniforme rhodano-rhénan : suite et fin ? p. 485-492.</em></p>



<p><em>CONVERTINI (F.), FURESTIER (R.), ASTRUC (L.), FOREST (V.) et JALLOT (L.). Le Mas de Vignole IV à Nîmes (Gard) : résultats préliminaires des fouilles d’un fossé à occupation campaniforme, p.493-507.</em><em> GILABERT (C.) et LÉANDRI (F.). Le site mégalithique de Mamucci sur le plateau de Capo Castinco à Santo-Pietro-di-Tenda (Haute-Corse), p.509-522. TRAMONI (P.), D’ANNA (A.), PINET (L.), GUENDON (J.-L.) et ORSINI (J.-B.). La nécropole mégalithique de Vasculacciu (Figari, Corse-du-Sud), p.523-536. MILANINI (J.-L.). L’aven Jacques (Lussas, Ardèche) : éléments de taphonomie, p.537-540. BILLAUD (Y.) et TREFFORT (J.-M.). Tresserve / Le Saut (Savoie), station Bronze final du lac du Bourget : récentes données de terrain, p.541-553.</em></p>

<p>DARTEVELLE (H.) dir., 2004. Auvergne et Midi. Actualité de la recherche. Rencontres Méridionales de Préhistoire Récente, actes de la cinquième session, Clermont-Ferrand (Puy-de-Dôme), 8 et 9 novembre 2002. Éd. Préhistoire du Sud-Ouest, Cressensac, 592 p. Sommaire VERNET (G.). Les éruptions holocènes de la Chaîne des Puys et le peuplement mésolithique et néolithique ancien en Basse [&hellip;]</p>
