 {"id":84,"date":"2026-04-21T21:30:45","date_gmt":"2026-04-21T19:30:45","guid":{"rendered":"https:\/\/blogs.univ-tlse2.fr\/rmpr\/?page_id=84"},"modified":"2026-04-21T21:30:45","modified_gmt":"2026-04-21T19:30:45","slug":"rmpr-7-lyon-2006","status":"publish","type":"page","link":"https:\/\/blogs.univ-tlse2.fr\/rmpr\/publications\/rmpr-7-lyon-2006\/","title":{"rendered":"RMPR 7 \u2013 Lyon 2006"},"content":{"rendered":"\n<h2 class=\"wp-block-heading\">BEECHING (A.), THIRAULT (\u00c9.) &amp; VITAL (J.) dir., 2010. \u00c9conomie et soci\u00e9t\u00e9 \u00e0 la fin de la Pr\u00e9histoire. Actualit\u00e9 de la recherche. Rencontres M\u00e9ridionales de Pr\u00e9histoire R\u00e9cente, actes de la septi\u00e8me session, Bron (Rh\u00f4ne), 3 et 4 novembre 2006. \u00c9d. Association de liaison pour le patrimoine et l\u2019arch\u00e9ologie en Rh\u00f4ne-Alpes et en Auvergne \/ maison de l\u2019Orient de la M\u00e9diterran\u00e9e \u2013 Jean Pouilloux, Lyon, 372 p.<\/h2>\n\n\n\n<h3 class=\"wp-block-heading\">Sommaire<\/h3>\n\n\n\n<h4 class=\"wp-block-heading\">Communications th\u00e9matiques<\/h4>\n\n\n\n<p>BEECHING (A.). <em>Introduction au th\u00e8me : Economies, territoires et soci\u00e9t\u00e9s : quelques rep\u00e8res pour le N\u00e9olithique du sud-est de la France.<\/em><\/p>\n\n\n\n<p>GASSIN (B.), ASTRUC (L.), BOUBY (L.), BUXO (R.), CLEMENTE CONTE (I.), GIBAJA (J.F.), GONZALEZ URQUIJO (J.), IBANEZ (J.J.), MARINVAL (P.), MARQUEZ (B.), PENA-CHOCARRO (L.), PEREZ (G.), PHILIBERT (S.), RODRIGUEZ (A.) et ZAPATA (L.). <em>Variabilit\u00e9 des techniques de r\u00e9colte et traitement des c\u00e9r\u00e9ales dans l\u2019occident m\u00e9diterran\u00e9en au N\u00e9olithique ancien et moyen : facteurs environnementaux, \u00e9conomiques et sociaux.<\/em><\/p>\n\n\n\n<p>VAQUER (J.) et REMICOURT (M.). <em>Rythmes et modalit\u00e9s d\u2019approvisionnement en silex blond b\u00e9douin dans le Chass\u00e9en du bassin de l\u2019Aude.<\/em><\/p>\n\n\n\n<p>LE BRAS-GOUDE (G.), HERSCHER (E.) et VAQUER (J.). <em>Variabilit\u00e9 isotopique des populations chass\u00e9ennes : implications pal\u00e9oalimentaires.<\/em><\/p>\n\n\n\n<p>NICOD (P.-Y.), PICAVET (R.), ARGANT (J.), BROCHIER (J.-L.), CHAIX (L.), DELHON (C.), MARTIN (L.), MOULIN (B.), SORDOILLET (D.) et THIEBAULT (S.). <em>Pastoralisme au N\u00e9olithique dans le Nord du Vercors : analyse pluridisciplinaire des \u00ab&nbsp;fumiers&nbsp;\u00bb n\u00e9olithiques et protohistoriques de la Grande Rivoire (Sassenage, Is\u00e8re).<\/em><\/p>\n\n\n\n<p>DOPPLER (T.). <em>De nouvelles vues sur l\u2019\u00e9conomie de subsistance d\u2019un village lacustre n\u00e9olithique et les effets positifs sur la recherche.<\/em><\/p>\n\n\n\n<p>GALANT (P.). <em>Economie souterraine et guerre des gangs sur les Grands Causses \u00e0 la fin du N\u00e9olithique.<\/em><\/p>\n\n\n\n<p>MILLEVILLE (A.) et JACCOTTEY (L.). <em>Aux origines de la meule : premiers exemples de carri\u00e8res de moulins de type \u00ab&nbsp;va-et-vient&nbsp;\u00bb. Massif de la Serre, Jura.<\/em><\/p>\n\n\n\n<p>POUPET (P.) et HARFOUCHE (R.). <em>Agriculture en terrasses \u00e0 haute altitude au cours de l\u2019Age du Bronze dans les Pyr\u00e9n\u00e9es orientales (massif du Carlit).<\/em><\/p>\n\n\n\n<p>BEECHING (A.), BROCHIER (J.-L.), RIMBAULT (S.) et VITAL (J.). <em>Les sites \u00e0 fosses du N\u00e9olithique et de l\u2019Age du Bronze en moyenne vall\u00e9e du Rh\u00f4ne : approches typologiques et fonctionnelles, implications \u00e9conomiques et sociales.<\/em><\/p>\n\n\n\n<h4 class=\"wp-block-heading\">Actualit\u00e9 de la recherche<\/h4>\n\n\n\n<p>GUILBERT (R.), CORDIER (F.) et BEECHING (A.). <em>L\u2019industrie lithique du site castelnovien de plein-air d\u2019Espeluche-Lalo (Dr\u00f4me) : sp\u00e9cificit\u00e9s techniques et culturelles.<\/em><\/p>\n\n\n\n<p>SENEPART (I.) et WATTEZ (J.). <em>Syst\u00e8me d\u2019occupation de la colline Saint-Charles \u00e0 Marseille du VIe au Ve mill\u00e9naire. Le site de Bernard du Bois (Marseille, Bouches-du-Rh\u00f4ne).<\/em><\/p>\n\n\n\n<p>ROUSSEAU (J.). <em>Les occupations pr\u00e9historiques de Port-Punay Ch\u00e2telaillon-Plage, Charente-Maritime). La n\u00e9olithisation du Centre-Est de la France.<\/em><\/p>\n\n\n\n<p>BEECHING (A.), BROCHIER (J.-L.), CORDIER (F.), JALLET (F.), TREFFORT (J.-M.). <em>Mont\u00e9limar-Le Gournier : historique des recherches et hypoth\u00e8ses pour un site d\u2019exception en vall\u00e9e du Rh\u00f4ne.<\/em><\/p>\n\n\n\n<p>TREFFORT (J.-M.) et ALIX (P.). <em>Mont\u00e9limar \u2013 Portes de Provence, Zone 5 : un vaste ensemble de foyers \u00e0 pierres chauff\u00e9es dans le secteur du Gournier.<\/em><\/p>\n\n\n\n<p>BORRELLO (M.). <em>Chassey-Cortaillod-Lagozza\u2026<\/em><\/p>\n\n\n\n<p>CONVERTINI (F.), GILABERT (C.), TCHEREMISSINOFF (Y.) et GAILLARD (A.). <em>Le site du Champ du Poste \u00e0 Carcassonne (Aude) : pr\u00e9sentation pr\u00e9liminaire.<\/em><\/p>\n\n\n\n<p>COURTAUD (P.) et DUMONTIER (P.). <em>Am\u00e9nagements et gestes fun\u00e9raires de la grotte s\u00e9pulcrale de l\u2019Homme de Pouey (Laruns, Pyr\u00e9n\u00e9es Atlantiques).<\/em><\/p>\n\n\n\n<p>BILLARD (M.). <em>Evolution des pathoc\u00e9noses du N\u00e9olithique moyen \u00e0 La T\u00e8ne \u00e0 partir des s\u00e9ries ost\u00e9o-arch\u00e9ologiques de Limagne (Auvergne) : l\u2019exemple des traumatismes.<\/em><\/p>\n\n\n\n<p>GAMBARI (F.M.), RUBAT BOREL (F.) et DONNA D\u2019OLDENICO (A.). <em>Nouvelles donn\u00e9es \u00e0 propos du m\u00e9galithisme dans les Alpes du Pi\u00e9mont.<\/em><\/p>\n\n\n\n<p>CORBOUD (P.) et PUJIN (C.). <em>Un nouveau site littoral du N\u00e9olithique final \u00e0 Gen\u00e8ve : quelles relations entre le Nord et le Sud de la vall\u00e9e du Rh\u00f4ne.<\/em><\/p>\n\n\n\n<p>VITAL (J.). <em>Les s\u00e9quences c\u00e9ramiques des Balmes de Solli\u00e8res-Sardi\u00e8res et de la grotte de la Chauve-Souris \u00e0 Donz\u00e8re : implication sur le N\u00e9olithique final transalpin et la s\u00e9riation du Remedello.<\/em><\/p>\n\n\n\n<p>BORDREUIL (M.). <em>R\u00e9vision de quelques \u00e9l\u00e9ments de parure du N\u00e9olithique final et de leur interpr\u00e9tation.<\/em><\/p>\n\n\n\n<h4 class=\"wp-block-heading\">Posters<\/h4>\n\n\n\n<p>CHESNAUX (L.). <em>Approche exp\u00e9rimentale de l\u2019utilisation en tant qu\u2019armatures de projectile des hypermicrolithes sauveterriens des Alpes du Nord.<\/em><\/p>\n\n\n\n<p>ARGANT (T.), LATOUR-ARGANT (C.) et GAILLOT (S.). <em>Premiers indices d\u2019occupations de l\u2019Epipal\u00e9olithique et du N\u00e9olithique moyen sur la rive gauche de la Sa\u00f4ne \u00e0 Lyon- 4\u00e8 (Rh\u00f4ne).<\/em><\/p>\n\n\n\n<p>TCHEREMISSINOFF (Y.) et TREFFORT (J.-M.). <em>Une nouvelle s\u00e9pulture chass\u00e9enne \u00e0 Mont\u00e9limar (Portes de Provence, Lot 5) et un d\u00e9p\u00f4t symbolique annexe ?<\/em><\/p>\n\n\n\n<p>ARGANT (J.) et LATOUR-ARGANT (C.). <em>Abris sous roche et taphonomie pollinique.<\/em><\/p>\n\n\n\n<p>HAMEAU (P.). <em>Nouveaux abris \u00e0 peintures \u00e0 Fontaine-de-Vaucluse.<\/em><\/p>\n\n\n\n<p>CHELIDONIO (G.). <em>Concentrazioni e tracce di officine litiche tardo-preistoriche nei Monti Lessini (Verona-Italia).<\/em><\/p>\n\n\n\n<p>BREUIL (J.-Y.), ESCALLON (G.), HASLER (A.), JALLOT (L.) et NORET (C.). <em>Les structures de stockage au N\u00e9olithique final (3500-2200 av. J.-C.) en Vistrenque (N\u00eemes \u2013 Gard).<\/em><\/p>\n\n\n\n<p>M\u00dcLLER-PELLETIER (C.) et PELLETIER (D.). <em>Une aire de concentration de structures de combustion \u00e0 pierres chauff\u00e9es du N\u00e9olithique moyen : le site n\u00b0 1 des Acilloux (Cournon d\u2019Auvergne, Puy-de-D\u00f4me). Approche m\u00e9thodologique et premiers r\u00e9sultats.<\/em><\/p>\n\n\n\n<p>ROSTAN (P.). <em>L\u2019exploitation des cristaux de quartz hyalin \u00e0 la Pr\u00e9histoire : une production de masse dans les Alpes fran\u00e7aises.<\/em><\/p>\n","protected":false},"excerpt":{"rendered":"<p>BEECHING (A.), THIRAULT (\u00c9.) &amp; VITAL (J.) dir., 2010. \u00c9conomie et soci\u00e9t\u00e9 \u00e0 la fin de la Pr\u00e9histoire. Actualit\u00e9 de la recherche. Rencontres M\u00e9ridionales de Pr\u00e9histoire R\u00e9cente, actes de la septi\u00e8me session, Bron (Rh\u00f4ne), 3 et 4 novembre 2006. \u00c9d. Association de liaison pour le patrimoine et l\u2019arch\u00e9ologie en Rh\u00f4ne-Alpes et en Auvergne \/ maison [&hellip;]<\/p>\n","protected":false},"author":1421,"featured_media":0,"parent":20,"menu_order":0,"comment_status":"closed","ping_status":"closed","template":"","meta":{"footnotes":""},"class_list":["post-84","page","type-page","status-publish","hentry"],"_links":{"self":[{"href":"https:\/\/blogs.univ-tlse2.fr\/rmpr\/wp-json\/wp\/v2\/pages\/84","targetHints":{"allow":["GET"]}}],"collection":[{"href":"https:\/\/blogs.univ-tlse2.fr\/rmpr\/wp-json\/wp\/v2\/pages"}],"about":[{"href":"https:\/\/blogs.univ-tlse2.fr\/rmpr\/wp-json\/wp\/v2\/types\/page"}],"author":[{"embeddable":true,"href":"https:\/\/blogs.univ-tlse2.fr\/rmpr\/wp-json\/wp\/v2\/users\/1421"}],"replies":[{"embeddable":true,"href":"https:\/\/blogs.univ-tlse2.fr\/rmpr\/wp-json\/wp\/v2\/comments?post=84"}],"version-history":[{"count":1,"href":"https:\/\/blogs.univ-tlse2.fr\/rmpr\/wp-json\/wp\/v2\/pages\/84\/revisions"}],"predecessor-version":[{"id":85,"href":"https:\/\/blogs.univ-tlse2.fr\/rmpr\/wp-json\/wp\/v2\/pages\/84\/revisions\/85"}],"up":[{"embeddable":true,"href":"https:\/\/blogs.univ-tlse2.fr\/rmpr\/wp-json\/wp\/v2\/pages\/20"}],"wp:attachment":[{"href":"https:\/\/blogs.univ-tlse2.fr\/rmpr\/wp-json\/wp\/v2\/media?parent=84"}],"curies":[{"name":"wp","href":"https:\/\/api.w.org\/{rel}","templated":true}]}}