 {"id":172,"date":"2023-02-17T22:57:16","date_gmt":"2023-02-17T21:57:16","guid":{"rendered":"https:\/\/blogs.univ-tlse2.fr\/rmtb\/?page_id=172"},"modified":"2023-12-19T00:15:42","modified_gmt":"2023-12-18T23:15:42","slug":"historique","status":"publish","type":"page","link":"https:\/\/blogs.univ-tlse2.fr\/rmtb\/historique\/","title":{"rendered":"Historique"},"content":{"rendered":"\n<p>Le Centre Universitaire de Montauban a \u00e9t\u00e9 cr\u00e9\u00e9 sur le site de l&rsquo;<a href=\"https:\/\/blogs.univ-tlse2.fr\/rmtb\/ecole-normale\/\">Ecole Normale de formation de instituteurs<\/a>.<\/p>\n\n\n\n<p>C&rsquo;est dans les ann\u00e9es 2000 que prend forme le <a href=\"https:\/\/blogs.univ-tlse2.fr\/rmtb\/centre-universitaire\/\">Centre Universitaire de Montauban<\/a> avec l&rsquo;implantation de formations de  l&rsquo;Universit\u00e9 Toulouse 1 Capitole et de l&rsquo;Universit\u00e9 Toulouse 2 Jean Jaur\u00e8s.<\/p>\n\n\n\n<p>Un <a href=\"https:\/\/blogs.univ-tlse2.fr\/rmtb\/restructuration-du-campus\/\">chantier de restructuration d\u2019ensemble<\/a> d\u00e9bute en 2020, visant \u00e0 lancer :<\/p>\n\n\n\n<ul class=\"wp-block-list\">\n<li>la r\u00e9novation de la m\u00e9diath\u00e8que et du b\u00e2timent de l&rsquo;Universit\u00e9 Toulouse 1 Capitole, ainsi que la mise aux normes du restaurant universitaire.<\/li>\n\n\n\n<li>la r\u00e9novation du b\u00e2timent de l\u2019ancienne \u00e9cole normale (visible depuis le boulevard Montauriol).<\/li>\n\n\n\n<li>la construction du b\u00e2timent de l\u2019Institut de Formation aux M\u00e9tiers de la Sant\u00e9.<\/li>\n\n\n\n<li>la construction de la plateforme d\u2019innovation Couleur Design Mati\u00e8re<\/li>\n<\/ul>\n\n\n\n<p>Aujourd\u2019hui le Centre Universitaire de Montauban accueille environ 1200 \u00e9tudiants , mais ne poss\u00e8de toujours pas de statut juridique autonome comme l\u2019Institut National Universitaire Champollion d\u2019Albi ou l\u2019Universit\u00e9 de Pau et des Pays de l&rsquo;Adour.<\/p>\n\n\n\n<h2 class=\"wp-block-heading\">Sources\u00a0et r\u00e9f\u00e9rences cit\u00e9es dans l&rsquo;historique :<\/h2>\n\n\n\n<p>&#8211; Andr\u00e9 Brustel, <em>Histoire des \u00e9coles normales de Tarn-et-Garonne de 1834 \u00e0 1991<\/em>, Centre D\u00e9partemental de Documentation P\u00e9dagogique de Montauban, 1993<\/p>\n\n\n\n<p>&#8211; Jean-Paul Damaggio, <em>P\u00e9quins en 68 \u00e0 l\u2019E.N. de Montauban histoire <\/em><em>et<\/em><em> souvenirs<\/em>, Editions La Brochure, 2011<\/p>\n\n\n\n<p><a href=\"http:\/\/viedelabrochure.canalblog.com\/archives\/2018\/07\/02\/36531663.html\" target=\"_blank\" rel=\"noreferrer noopener\">http:\/\/viedelabrochure.canalblog.com\/archives\/2018\/07\/02\/36531663.html<\/a><\/p>\n\n\n\n<p>&#8211; Sandrine Tomezak, Guy Astoul, <em>Le patrimoine de l&rsquo;IUFM de Montauban<\/em>, mission sauvegarde du patrimoine scientifique et technique contemporain de l\u2019Universit\u00e9 de Toulouse PRES, 2012.<\/p>\n\n\n\n<p><a rel=\"noreferrer noopener\" href=\"https:\/\/www.calameo.com\/books\/00125492532f28ca1d94d\" target=\"_blank\">https:\/\/www.calameo.com\/books\/00125492532f28ca1d94d<\/a><a rel=\"noreferrer noopener\" href=\"https:\/\/www..com\/books\/00125492532f28ca1d94d\" target=\"_blank\">125492532f28ca1d94d<\/a><\/p>\n\n\n\n<p>&#8211; Archives de l&rsquo;Universit\u00e9 Toulouse 1 Capitole :<\/p>\n\n\n\n<p><a href=\"https:\/\/www.ut-capitole.fr\/accueil\/universite\/presentation\/histoire\/le-centre-universitaire-de-montauban\" target=\"_blank\" rel=\"noreferrer noopener\">https:\/\/www.ut-capitole.fr\/accueil\/universite\/presentation\/histoire\/le-centre-universitaire-de-montauban<\/a><\/p>\n\n\n\n<p>&#8211; Articles La D\u00e9p\u00eache<\/p>\n\n\n\n<p><a href=\"https:\/\/www.ladepeche.fr\/article\/2005\/08\/10\/373620-montauban-82-700-repas-par-jour-pour-le-restaurant-universitaire.html\">https:\/\/www.ladepeche.fr\/article\/2005\/08\/10\/373620-montauban-82-700-repas-par-jour-pour-le-restaurant-universitaire.html<\/a><\/p>\n\n\n\n<p><a href=\"https:\/\/www.ladepeche.fr\/article\/2007\/11\/22\/322944-montauban-arts-appliques-l-originalite-du-master-pro.html\" target=\"_blank\" rel=\"noreferrer noopener\">https:\/\/www.ladepeche.fr\/article\/2007\/11\/22\/322944-montauban-arts-appliques-l-originalite-du-master-pro.html<\/a><\/p>\n\n\n\n<p><a rel=\"noreferrer noopener\" href=\"https:\/\/www.ladepeche.fr\/article\/2013\/09\/10\/1705745-montauban-le-centre-universitaire-franchit-encore-un-cap.html\" target=\"_blank\">https:\/\/www.ladepeche.fr\/article\/2013\/09\/10\/1705745-montauban-le-centre-universitaire-franchit-encore-un-cap.html<\/a><\/p>\n\n\n\n<p><a href=\"https:\/\/www.ladepeche.fr\/2022\/05\/30\/le-monument-aux-morts-du-centre-universitaire-fete-son-centenaire-10326237.php\">https:\/\/www.ladepeche.fr\/2022\/05\/30\/le-monument-aux-morts-du-centre-universitaire-fete-son-centenaire-10326237.php<\/a><\/p>\n\n\n\n<p>&#8211; Agence d&rsquo;architecture charg\u00e9e des projets<\/p>\n\n\n\n<p><a href=\"http:\/\/b11architecture.com\/projet\/centre-universitaire-du-tarn-et-garonne-iup-darts-appliques\" target=\"_blank\" rel=\"noreferrer noopener\">http:\/\/b11architecture.com\/projet\/centre-universitaire-du-tarn-et-garonne-iup-darts-appliques<\/a><\/p>\n\n\n\n<p><a rel=\"noreferrer noopener\" href=\"http:\/\/b11architecture.com\/projet\/centre-universitaire-du-tarn-et-garonne-restaurant-universitaire\" target=\"_blank\">http:\/\/b11architecture.com\/projet\/centre-universitaire-du-tarn-et-garonne-restaurant-universitaire<\/a><\/p>\n\n\n\n<p><a rel=\"noreferrer noopener\" href=\"http:\/\/b11architecture.com\/projet\/mediatheque-du-centre-universitaire-de-montauban\" target=\"_blank\">http:\/\/b11architecture.com\/projet\/mediatheque-du-centre-universitaire-de-montauban<\/a><\/p>\n","protected":false},"excerpt":{"rendered":"<p>Le Centre Universitaire de Montauban a \u00e9t\u00e9 cr\u00e9\u00e9 sur le site de l&rsquo;Ecole Normale de formation de instituteurs. C&rsquo;est dans les ann\u00e9es 2000 que prend forme le Centre Universitaire de Montauban avec l&rsquo;implantation de formations de l&rsquo;Universit\u00e9 Toulouse 1 Capitole et de l&rsquo;Universit\u00e9 Toulouse 2 Jean Jaur\u00e8s. Un chantier de restructuration d\u2019ensemble d\u00e9bute en 2020, [&hellip;]<\/p>\n","protected":false},"author":1263,"featured_media":0,"parent":0,"menu_order":0,"comment_status":"closed","ping_status":"closed","template":"template-fullwidth.php","meta":{"footnotes":""},"class_list":["post-172","page","type-page","status-publish","hentry","post-preview"],"_links":{"self":[{"href":"https:\/\/blogs.univ-tlse2.fr\/rmtb\/wp-json\/wp\/v2\/pages\/172","targetHints":{"allow":["GET"]}}],"collection":[{"href":"https:\/\/blogs.univ-tlse2.fr\/rmtb\/wp-json\/wp\/v2\/pages"}],"about":[{"href":"https:\/\/blogs.univ-tlse2.fr\/rmtb\/wp-json\/wp\/v2\/types\/page"}],"author":[{"embeddable":true,"href":"https:\/\/blogs.univ-tlse2.fr\/rmtb\/wp-json\/wp\/v2\/users\/1263"}],"replies":[{"embeddable":true,"href":"https:\/\/blogs.univ-tlse2.fr\/rmtb\/wp-json\/wp\/v2\/comments?post=172"}],"version-history":[{"count":31,"href":"https:\/\/blogs.univ-tlse2.fr\/rmtb\/wp-json\/wp\/v2\/pages\/172\/revisions"}],"predecessor-version":[{"id":537,"href":"https:\/\/blogs.univ-tlse2.fr\/rmtb\/wp-json\/wp\/v2\/pages\/172\/revisions\/537"}],"wp:attachment":[{"href":"https:\/\/blogs.univ-tlse2.fr\/rmtb\/wp-json\/wp\/v2\/media?parent=172"}],"curies":[{"name":"wp","href":"https:\/\/api.w.org\/{rel}","templated":true}]}}