 {"id":14,"date":"2012-02-04T22:05:48","date_gmt":"2012-02-04T21:05:48","guid":{"rendered":"https:\/\/blogs.univ-tlse2.fr\/robert-ruiz\/?page_id=14"},"modified":"2018-02-16T18:33:04","modified_gmt":"2018-02-16T17:33:04","slug":"curriculum-vitae","status":"publish","type":"page","link":"https:\/\/blogs.univ-tlse2.fr\/robert-ruiz\/en\/curriculum-vitae\/","title":{"rendered":"1- Curriculum Vitae"},"content":{"rendered":"<p><a href=\"https:\/\/blogs.univ-tlse2.fr\/robert-ruiz\/files\/2012\/02\/Robert.jpg\"><img loading=\"lazy\" decoding=\"async\" class=\"alignleft size-thumbnail wp-image-154\" src=\"https:\/\/blogs.univ-tlse2.fr\/robert-ruiz\/files\/2012\/02\/Robert-150x150.jpg\" alt=\"\" width=\"150\" height=\"150\" \/><\/a><\/p>\n<p>&nbsp;<\/p>\n<p>&nbsp;<\/p>\n<p>&nbsp;<\/p>\n<p><strong>PhD &#8211; University Toulouse 3, Paul Sabatier &#8211; Acoustics <\/strong> <em>Title:<\/em> &#8220;Contribution \u00e0 l&#8217;\u00e9tude de l&#8217;influence d&#8217;une charge de travail sur les caract\u00e9ristiques acoustiques de la voix&#8221; (1991). <em>&#8220;Workload influence on voice acoustic features&#8221;.<\/em><\/p>\n<p><strong>Ma\u00eetre de Conf\u00e9rences\u00a0 University\u00a0 Toulouse \u2013 Jean Jaur\u00e8s, (1994) &#8211; Acoustics.\u00a0 <\/strong> <em>Teaching: <\/em>Ecole Nationale Sup\u00e9rieure d\u2019Audiovisuel (ENSAV) University Toulouse \u2013 Jean Jaur\u00e8s. <em>Research: <\/em>LAboratoire de Recherche en AudioVisuel (LARA-SEPPIA), University Toulouse \u2013 Jean Jaur\u00e8s.<\/p>\n<p><strong>Habilitation \u00e0 Diriger des Recherches (H.D.R)\u00a0 en Acoustique, (2012) \u00a0 \u00a0\u00a0<\/strong> <em>Tittle : <\/em>Analyse acoustique de la voix pour la d\u00e9tection de perturbations psychophysiologiques &#8211; Application au contexte a\u00e9ronautique. <em>&#8220;Voice acoustic analysis to detect psychophysiological changes &#8211; Application to the aeronautical context&#8221;<\/em>.<\/p>","protected":false},"excerpt":{"rendered":"<p>&nbsp; &nbsp; &nbsp; PhD &#8211; University Toulouse 3, Paul Sabatier &#8211; Acoustics Title: &#8220;Contribution \u00e0 l&#8217;\u00e9tude de l&#8217;influence d&#8217;une charge de travail sur les caract\u00e9ristiques acoustiques de la voix&#8221; (1991). &#8220;Workload influence on voice acoustic features&#8221;. Ma\u00eetre de Conf\u00e9rences\u00a0 University\u00a0 &hellip; <a href=\"https:\/\/blogs.univ-tlse2.fr\/robert-ruiz\/en\/curriculum-vitae\/\">Continue reading <span class=\"meta-nav\">&rarr;<\/span><\/a><\/p>\n","protected":false},"author":104,"featured_media":0,"parent":0,"menu_order":0,"comment_status":"closed","ping_status":"closed","template":"","meta":{"footnotes":""},"class_list":["post-14","page","type-page","status-publish","hentry"],"_links":{"self":[{"href":"https:\/\/blogs.univ-tlse2.fr\/robert-ruiz\/en\/wp-json\/wp\/v2\/pages\/14","targetHints":{"allow":["GET"]}}],"collection":[{"href":"https:\/\/blogs.univ-tlse2.fr\/robert-ruiz\/en\/wp-json\/wp\/v2\/pages"}],"about":[{"href":"https:\/\/blogs.univ-tlse2.fr\/robert-ruiz\/en\/wp-json\/wp\/v2\/types\/page"}],"author":[{"embeddable":true,"href":"https:\/\/blogs.univ-tlse2.fr\/robert-ruiz\/en\/wp-json\/wp\/v2\/users\/104"}],"replies":[{"embeddable":true,"href":"https:\/\/blogs.univ-tlse2.fr\/robert-ruiz\/en\/wp-json\/wp\/v2\/comments?post=14"}],"version-history":[{"count":27,"href":"https:\/\/blogs.univ-tlse2.fr\/robert-ruiz\/en\/wp-json\/wp\/v2\/pages\/14\/revisions"}],"predecessor-version":[{"id":446,"href":"https:\/\/blogs.univ-tlse2.fr\/robert-ruiz\/en\/wp-json\/wp\/v2\/pages\/14\/revisions\/446"}],"wp:attachment":[{"href":"https:\/\/blogs.univ-tlse2.fr\/robert-ruiz\/en\/wp-json\/wp\/v2\/media?parent=14"}],"curies":[{"name":"wp","href":"https:\/\/api.w.org\/{rel}","templated":true}]}}