 {"id":23,"date":"2013-02-12T14:17:58","date_gmt":"2013-02-12T13:17:58","guid":{"rendered":"https:\/\/blogs.univ-tlse2.fr\/ronjat2013\/?page_id=23"},"modified":"2014-02-06T10:44:23","modified_gmt":"2014-02-06T09:44:23","slug":"contact","status":"publish","type":"page","link":"https:\/\/blogs.univ-tlse2.fr\/ronjat2013\/es\/contact\/","title":{"rendered":"Organizaci\u00f3n y Secretar\u00eda de la Conferencia"},"content":{"rendered":"<p>Organizaci\u00f3n y Secretar\u00eda de la Conferencia<\/p>\n<p>&#8211;\u00a0 Pierre ESCUD\u00c9, IUFM-Universit\u00e9 de Toulouse II &#8211; le Mirail (<i>bilinguisme-IC<\/i>) <a href=\"&#x6d;a&#x69;&#x6c;t&#x6f;&#58;p&#x69;&#101;r&#x72;e&#x2e;&#x65;s&#x63;&#117;d&#x65;&#64;u&#x6e;i&#x76;&#x2d;t&#x6c;&#x73;e&#x32;&#46;f&#x72;\">&#x70;i&#x65;r&#x72;&#101;&#46;&#x65;s&#x63;&#117;d&#x65;&#64;&#x75;&#110;i&#x76;-&#x74;l&#x73;&#x65;2&#x2e;f&#x72;<\/a><\/p>\n<p align=\"center\">&#8211;\u00a0\u00a0\u00a0\u00a0 Patrick SAUZET, Universit\u00e9 de Toulouse II &#8211; le Mirail (<i>syntaxe<\/i>) <a href=\"m&#97;&#x69;lt&#x6f;&#x3a;pa&#x74;&#x72;ic&#x6b;&#x2e;s&#97;&#x75;&#x7a;e&#116;&#x40;&#x75;n&#105;&#x76;-t&#108;&#x73;e2&#x2e;&#x66;r\">patrick&#46;&#115;&#97;&#117;&#x7a;&#x65;&#x74;&#x40;&#x75;&#x6e;&#x69;&#x76;&#x2d;tlse2&#46;f&#114;<\/a><\/p>\n<p align=\"center\">&#8211;\u00a0\u00a0\u00a0\u00a0 Beno\u00eet JEUNIER, IUFM-Universit\u00e9 de Toulouse II &#8211; le Mirail <a href=\"&#109;&#x61;i&#x6c;t&#111;&#x3a;b&#x65;n&#111;&#x69;t&#x2e;j&#x65;&#x75;n&#x69;e&#x72;&#64;&#117;&#x6e;i&#x76;-&#116;&#x6c;s&#x65;2&#46;&#x66;r\">b&#101;&#x6e;&#x6f;it&#46;&#x6a;&#x65;u&#110;&#x69;&#x65;r&#64;&#117;&#x6e;&#x69;v&#45;&#x74;&#x6c;se&#50;&#x2e;&#x66;r<\/a><\/p>\n<p align=\"center\">&#8211;\u00a0\u00a0\u00a0\u00a0 Sandrine GAL\u00c9A, IUFM-Universit\u00e9 de Toulouse II &#8211; le Mirail <a href=\"&#x6d;&#97;i&#x6c;&#x74;o:&#x73;&#97;n&#x64;&#x72;in&#x65;&#46;g&#x61;&#x6c;&#101;a&#x40;&#x75;n&#x69;&#x76;&#45;t&#x6c;&#x73;e2&#x2e;&#102;r\">&#115;&#x61;n&#x64;r&#x69;n&#x65;&#46;&#x67;a&#108;&#x65;&#97;&#x40;u&#x6e;i&#x76;-&#x74;l&#x73;e&#50;&#x2e;&#102;&#x72;<\/a><\/p>\n<p align=\"center\">&#8211;\u00a0\u00a0\u00a0\u00a0 Jeff CAMPS, IUFM-Universit\u00e9 de Toulouse II &#8211; le Mirail <a href=\"&#x6d;&#x61;&#x69;&#x6c;&#x74;&#x6f;&#x3a;&#x6a;&#101;&#97;&#110;&#45;francoi&#x73;&#x2e;&#x63;&#x61;&#x6d;&#x70;&#x73;&#x40;&#x75;&#110;&#105;&#118;&#45;tlse2&#46;f&#x72;\">j&#101;&#x61;&#x6e;-f&#x72;&#x61;nc&#111;&#x69;&#x73;&#46;&#99;&#x61;&#x6d;ps&#x40;&#x75;ni&#118;&#x2d;&#x74;l&#115;&#x65;&#x32;&#46;f&#x72;<\/a><\/p>\n<p align=\"center\">&#8211;\u00a0\u00a0\u00a0\u00a0 Jean THOMAS, IUFM-Universit\u00e9 de Toulouse II &#8211; le Mirail <a href=\"ma&#105;&#x6c;&#x74;o:&#106;&#x6f;&#x61;&#x6e;th&#111;&#x6d;&#x61;s&#64;&#99;&#x6c;&#x75;&#x62;-i&#110;&#x74;&#x65;rn&#101;&#x74;&#x2e;&#x66;r\">&#x6a;&#x6f;&#x61;&#x6e;&#x74;&#x68;&#x6f;&#x6d;&#x61;&#x73;&#x40;&#x63;&#x6c;&#x75;&#98;&#45;&#105;&#110;&#116;&#101;rnet&#46;fr<\/a><\/p>\n<p>&#8211;\u00a0\u00a0\u00a0\u00a0 Gauthier COUFFIN, Universit\u00e9 de Toulouse II &#8211; le Mirail <a href=\"&#x6d;&#97;i&#x6c;&#x74;o:&#x67;&#97;u&#x74;&#x68;ie&#x72;&#46;o&#x63;&#x40;&#104;o&#x74;&#x6d;a&#x69;&#x6c;&#46;c&#x6f;&#x6d;\">g&#97;&#x75;&#x74;h&#105;&#x65;&#x72;&#46;&#111;&#x63;&#x40;h&#111;&#x74;&#x6d;a&#105;&#x6c;&#x2e;c&#111;&#x6d;<\/a><\/p>","protected":false},"excerpt":{"rendered":"<p>Organizaci\u00f3n y Secretar\u00eda de la Conferencia &#8211;\u00a0 Pierre ESCUD\u00c9, IUFM-Universit\u00e9 de Toulouse II &#8211; le Mirail (bilinguisme-IC) &#x70;&#x69;&#101;r&#x72;&#x65;&#x2e;&#101;s&#x63;&#x75;&#x64;&#101;&#64;&#x75;&#x6e;&#x69;&#118;-&#x74;&#x6c;&#x73;&#101;2&#x2e;&#x66;&#x72; &#8211;\u00a0\u00a0\u00a0\u00a0 Patrick SAUZET, Universit\u00e9 de Toulouse II &#8211; le Mirail (syntaxe) &#x70;&#97;t&#x72;&#105;c&#x6b;&#x2e;sa&#x75;&#122;e&#x74;&#x40;un&#x69;&#118;-&#x74;&#x6c;se&#x32;&#46;f&#x72; &#8211;\u00a0\u00a0\u00a0\u00a0 Beno\u00eet JEUNIER, IUFM-Universit\u00e9 de Toulouse II &#8211; le Mirail &hellip; <a href=\"https:\/\/blogs.univ-tlse2.fr\/ronjat2013\/es\/contact\/\">Sigue leyendo <span class=\"meta-nav\">&rarr;<\/span><\/a><\/p>\n","protected":false},"author":1,"featured_media":0,"parent":0,"menu_order":0,"comment_status":"closed","ping_status":"open","template":"","meta":{"footnotes":""},"class_list":["post-23","page","type-page","status-publish","hentry"],"_links":{"self":[{"href":"https:\/\/blogs.univ-tlse2.fr\/ronjat2013\/es\/wp-json\/wp\/v2\/pages\/23","targetHints":{"allow":["GET"]}}],"collection":[{"href":"https:\/\/blogs.univ-tlse2.fr\/ronjat2013\/es\/wp-json\/wp\/v2\/pages"}],"about":[{"href":"https:\/\/blogs.univ-tlse2.fr\/ronjat2013\/es\/wp-json\/wp\/v2\/types\/page"}],"author":[{"embeddable":true,"href":"https:\/\/blogs.univ-tlse2.fr\/ronjat2013\/es\/wp-json\/wp\/v2\/users\/1"}],"replies":[{"embeddable":true,"href":"https:\/\/blogs.univ-tlse2.fr\/ronjat2013\/es\/wp-json\/wp\/v2\/comments?post=23"}],"version-history":[{"count":15,"href":"https:\/\/blogs.univ-tlse2.fr\/ronjat2013\/es\/wp-json\/wp\/v2\/pages\/23\/revisions"}],"predecessor-version":[{"id":209,"href":"https:\/\/blogs.univ-tlse2.fr\/ronjat2013\/es\/wp-json\/wp\/v2\/pages\/23\/revisions\/209"}],"wp:attachment":[{"href":"https:\/\/blogs.univ-tlse2.fr\/ronjat2013\/es\/wp-json\/wp\/v2\/media?parent=23"}],"curies":[{"name":"wp","href":"https:\/\/api.w.org\/{rel}","templated":true}]}}

Organización y Secretaría de la Conferencia

<p>Organización y Secretaría de la Conferencia</p>
<p>&#8211;  Pierre ESCUDÉ, IUFM-Université de Toulouse II &#8211; le Mirail (<i>bilinguisme-IC</i>) <a href="&#x6d;a&#x69;&#x6c;t&#x6f;&#58;p&#x69;&#101;r&#x72;e&#x2e;&#x65;s&#x63;&#117;d&#x65;&#64;u&#x6e;i&#x76;&#x2d;t&#x6c;&#x73;e&#x32;&#46;f&#x72;">&#x70;i&#x65;r&#x72;&#101;&#46;&#x65;s&#x63;&#117;d&#x65;&#64;&#x75;&#110;i&#x76;-&#x74;l&#x73;&#x65;2&#x2e;f&#x72;</a></p>
<p align="center">&#8211;     Patrick SAUZET, Université de Toulouse II &#8211; le Mirail (<i>syntaxe</i>) <a href="m&#97;&#x69;lt&#x6f;&#x3a;pa&#x74;&#x72;ic&#x6b;&#x2e;s&#97;&#x75;&#x7a;e&#116;&#x40;&#x75;n&#105;&#x76;-t&#108;&#x73;e2&#x2e;&#x66;r">patrick&#46;&#115;&#97;&#117;&#x7a;&#x65;&#x74;&#x40;&#x75;&#x6e;&#x69;&#x76;&#x2d;tlse2&#46;f&#114;</a></p>
<p align="center">&#8211;     Benoît JEUNIER, IUFM-Université de Toulouse II &#8211; le Mirail <a href="&#109;&#x61;i&#x6c;t&#111;&#x3a;b&#x65;n&#111;&#x69;t&#x2e;j&#x65;&#x75;n&#x69;e&#x72;&#64;&#117;&#x6e;i&#x76;-&#116;&#x6c;s&#x65;2&#46;&#x66;r">b&#101;&#x6e;&#x6f;it&#46;&#x6a;&#x65;u&#110;&#x69;&#x65;r&#64;&#117;&#x6e;&#x69;v&#45;&#x74;&#x6c;se&#50;&#x2e;&#x66;r</a></p>
<p align="center">&#8211;     Sandrine GALÉA, IUFM-Université de Toulouse II &#8211; le Mirail <a href="&#x6d;&#97;i&#x6c;&#x74;o:&#x73;&#97;n&#x64;&#x72;in&#x65;&#46;g&#x61;&#x6c;&#101;a&#x40;&#x75;n&#x69;&#x76;&#45;t&#x6c;&#x73;e2&#x2e;&#102;r">&#115;&#x61;n&#x64;r&#x69;n&#x65;&#46;&#x67;a&#108;&#x65;&#97;&#x40;u&#x6e;i&#x76;-&#x74;l&#x73;e&#50;&#x2e;&#102;&#x72;</a></p>
<p align="center">&#8211;     Jeff CAMPS, IUFM-Université de Toulouse II &#8211; le Mirail <a href="&#x6d;&#x61;&#x69;&#x6c;&#x74;&#x6f;&#x3a;&#x6a;&#101;&#97;&#110;&#45;francoi&#x73;&#x2e;&#x63;&#x61;&#x6d;&#x70;&#x73;&#x40;&#x75;&#110;&#105;&#118;&#45;tlse2&#46;f&#x72;">j&#101;&#x61;&#x6e;-f&#x72;&#x61;nc&#111;&#x69;&#x73;&#46;&#99;&#x61;&#x6d;ps&#x40;&#x75;ni&#118;&#x2d;&#x74;l&#115;&#x65;&#x32;&#46;f&#x72;</a></p>
<p align="center">&#8211;     Jean THOMAS, IUFM-Université de Toulouse II &#8211; le Mirail <a href="ma&#105;&#x6c;&#x74;o:&#106;&#x6f;&#x61;&#x6e;th&#111;&#x6d;&#x61;s&#64;&#99;&#x6c;&#x75;&#x62;-i&#110;&#x74;&#x65;rn&#101;&#x74;&#x2e;&#x66;r">&#x6a;&#x6f;&#x61;&#x6e;&#x74;&#x68;&#x6f;&#x6d;&#x61;&#x73;&#x40;&#x63;&#x6c;&#x75;&#98;&#45;&#105;&#110;&#116;&#101;rnet&#46;fr</a></p>
<p>&#8211;     Gauthier COUFFIN, Université de Toulouse II &#8211; le Mirail <a href="&#x6d;&#97;i&#x6c;&#x74;o:&#x67;&#97;u&#x74;&#x68;ie&#x72;&#46;o&#x63;&#x40;&#104;o&#x74;&#x6d;a&#x69;&#x6c;&#46;c&#x6f;&#x6d;">g&#97;&#x75;&#x74;h&#105;&#x65;&#x72;&#46;&#111;&#x63;&#x40;h&#111;&#x74;&#x6d;a&#105;&#x6c;&#x2e;c&#111;&#x6d;</a></p>

<p>Organización y Secretaría de la Conferencia &#8211;  Pierre ESCUDÉ, IUFM-Université de Toulouse II &#8211; le Mirail (bilinguisme-IC) &#x70;&#x69;&#101;r&#x72;&#x65;&#x2e;&#101;s&#x63;&#x75;&#x64;&#101;&#64;&#x75;&#x6e;&#x69;&#118;-&#x74;&#x6c;&#x73;&#101;2&#x2e;&#x66;&#x72; &#8211;     Patrick SAUZET, Université de Toulouse II &#8211; le Mirail (syntaxe) &#x70;&#97;t&#x72;&#105;c&#x6b;&#x2e;sa&#x75;&#122;e&#x74;&#x40;un&#x69;&#118;-&#x74;&#x6c;se&#x32;&#46;f&#x72; &#8211;     Benoît JEUNIER, IUFM-Université de Toulouse II &#8211; le Mirail &hellip; <a href="https://blogs.univ-tlse2.fr/ronjat2013/es/contact/">Sigue leyendo <span class="meta-nav">&rarr;</span></a></p>
