 {"id":786,"date":"2022-04-20T19:17:59","date_gmt":"2022-04-20T17:17:59","guid":{"rendered":"https:\/\/blogs.univ-tlse2.fr\/scemuto\/?page_id=786"},"modified":"2023-09-14T17:45:42","modified_gmt":"2023-09-14T15:45:42","slug":"analyse-dalie","status":"publish","type":"page","link":"https:\/\/blogs.univ-tlse2.fr\/scemuto\/artistes-et-albums\/cats-on-trees-alie\/analyse-dalie\/","title":{"rendered":"Analyse d\u00e9taill\u00e9e d&rsquo;Alie"},"content":{"rendered":"\n<div class=\"wp-block-columns alignfull is-layout-flex wp-container-core-columns-is-layout-28f84493 wp-block-columns-is-layout-flex\">\n<div class=\"wp-block-column is-layout-flow wp-block-column-is-layout-flow\" style=\"flex-basis:100%\">\n<div class=\"wp-block-group alignfull is-layout-flow wp-block-group-is-layout-flow\">\n<div class=\"wp-block-columns is-layout-flex wp-container-core-columns-is-layout-28f84493 wp-block-columns-is-layout-flex\">\n<div class=\"wp-block-column is-layout-flow wp-block-column-is-layout-flow\" style=\"flex-basis:100%\">\n<figure class=\"wp-block-table alignfull is-style-stripes\" style=\"font-size:14px\"><table><thead><tr><th><strong>Titre<\/strong><\/th><th class=\"has-text-align-center\" data-align=\"center\"><strong><strong>Caract\u00e8re g\u00e9n\u00e9ral<\/strong><\/strong><\/th><th class=\"has-text-align-center\" data-align=\"center\"><strong><strong>Formation<\/strong><\/strong><\/th><th><strong>Dynamique<\/strong><\/th><th><strong><strong>Structure et Paroles<\/strong><\/strong><\/th><th><strong><strong>Harmonie\/language<\/strong><\/strong><\/th><th><strong>Mix<\/strong><\/th><\/tr><\/thead><tbody><tr><td><strong>Please, Please, Please<\/strong><\/td><td class=\"has-text-align-center\" data-align=\"center\">Nostalgique, triste, entra\u00eenant<\/td><td class=\"has-text-align-center\" data-align=\"center\">Contrebasse, voix principale et harmonie, m\u00e9lange batterie \u00e9lectrique et acoustique (avec ballets), cordes, nappes synth\u00e9tiques, synth\u00e9 rythmique, piano<\/td><td>On sent un crescendo tout le long du morceau mais on garde une douceur dans le jeu. Les instruments se rajoutent petit \u00e0 petit<\/td><td>Intro &#8211; couplet &#8211; refrain &#8211; couplet &#8211; refrain &#8211; pont &#8211; refrain<\/td><td>Modal<\/td><td>Volont\u00e9 de m\u00e9langer sons acoustiques et \u00e9lectriques. Voix tr\u00e8s naturelle mais avec une large reverb sur les ch\u0153urs qui appara\u00eet petit \u00e0 petit comme pour renforcer l\u2019impression de r\u00eave (th\u00e8me du morceau)<\/td><\/tr><tr><td><strong>Wake Up<\/strong><\/td><td class=\"has-text-align-center\" data-align=\"center\">Joyeux, dansant, entra\u00eenant<\/td><td class=\"has-text-align-center\" data-align=\"center\">Son fender Rhodes, voix principale et ch\u0153urs, batterie acoustique et \u00e9lectronique, son de clap, tambourin, pas de piano acoustique cette fois<\/td><td>M\u00e9lange de notes courtes est longues pour cr\u00e9er le groove du morceau, rythmique dansante<\/td><td>Intro &#8211; couplet &#8211; pr\u00e9 refrain &#8211; refrain &#8211; couplet &#8211; pr\u00e9 refrain &#8211; refrain<\/td><td>Modal<\/td><td>Basses du Rhodes tr\u00e8s mises en avant et section rythmique aussi<\/td><\/tr><tr><td><strong>Dad On The Moon<\/strong><\/td><td class=\"has-text-align-center\" data-align=\"center\">Contemplatif, dansant, lunaire, planant, mystique<\/td><td class=\"has-text-align-center\" data-align=\"center\">Voix, ch\u0153urs, batterie et boite \u00e0 rythme, plusieurs claviers, violons (post prod), basse, sons \u00e9lectroniques<\/td><td>Accumulation de sons et de nuances forte r\u00e9guli\u00e8re lors de tout le morceau, couplets plut\u00f4t doux et refrains dynamiques<\/td><td><span style=\"text-decoration: underline\">Intro<\/span>: clavier\/basse+sons \u00e9lectroniques<br><span style=\"text-decoration: underline\">Couplet 1 <\/span>: entr\u00e9e voix, batterie<br><span style=\"text-decoration: underline\">Pr\u00e9-refrain 1<\/span>: backs \u00e9lectroniques <br><span style=\"text-decoration: underline\">Couplet 2<\/span>: ajout de sons \u00e9lectroniques<br><span style=\"text-decoration: underline\">Pr\u00e9-refrain 2:<\/span> entr\u00e9e des choeurs<br><span style=\"text-decoration: underline\">Refrain 1<\/span>: effectif entier<br><span style=\"text-decoration: underline\">Couplet 3<\/span>: m\u00eame effectif que le deuxi\u00e8me couplet<br><span style=\"text-decoration: underline\">Pr\u00e9-refrain 3<\/span>: m\u00eame effectif que le pr\u00e9-refrain 2<br><span style=\"text-decoration: underline\">Refrain 2<\/span> <br><span style=\"text-decoration: underline\">Interlude<\/span> dominance des violons <span style=\"text-decoration: underline\">Refrain 3<\/span> <br><span style=\"text-decoration: underline\">Outro<\/span> effectif qui se r\u00e9duit petit \u00e0 petit et fin sur boite \u00e0 rythme\/batterie seule<\/td><td>Modal<br>Fm \/ Ab \/ Eb \/ Bbm \/ Fm \/ Ab \/ Eb \/ Db <br>couplets: m\u00eame encha\u00eenement <br>pr\u00e9-refrains : Fm \/ Ab \/ Eb \/ Bbm \/ Fm \/ Ab \/ Eb \/ Eb refrains : Fm \/ Db \/ Bbm \/ Ab deuxi\u00e8me partie de refrain : Fm \/ Ab \/ Eb \/ Db interlude : Ab \/ Bb \/ Eb \/ Eb <br><\/td><td>Voix au premier plan et ch\u0153urs au deuxi\u00e8me, grande place accord\u00e9e aux violons et claviers, effectif riche<\/td><\/tr><tr><td><strong>Alie<\/strong><\/td><td class=\"has-text-align-center\" data-align=\"center\">Dansant, solaire, nostalgique<\/td><td class=\"has-text-align-center\" data-align=\"center\">Ensemble classique : voix + ch\u0153urs, basse, clavier, batterie et quelques effets ajout\u00e9s en post prod<\/td><td>Couplets entrainants mais doux, refrain dansants<\/td><td><span style=\"text-decoration: underline\">Couplet 1<\/span> voix lead, basse, batterie et clavier <br><span style=\"text-decoration: underline\">Pr\u00e9-refrain 1<\/span> entr\u00e9e de choeurs<br><span style=\"text-decoration: underline\">Refrain 1<\/span> choeurs plus pr\u00e9sents + ajout d\u2019effets post prod psych\u00e9d\u00e9liques<br><span style=\"text-decoration: underline\">Couplet 2<\/span> retour \u00e0 l\u2019effectif du premier couplet<br><span style=\"text-decoration: underline\">Pr\u00e9-refrain 2<br>Refrain 2<\/span><br>Interlude vocalises lointaines \u00e0 la voix, beaucoup d\u2019effets de prod au premier plan <br><span style=\"text-decoration: underline\">Refrain 3<\/span> r\u00e9p\u00e9t\u00e9 d\u00e9but plus calme juste voix et clavier et quelques effets de post prod et choeurs puis explosion et retour de l\u2019effectif entier <br><span style=\"text-decoration: underline\">outro<\/span> reprenant des \u00e9l\u00e9ments du refrain disparates effectif qui s\u2019amenuise pour finir sur le clavier seul<\/td><td>Modal, en C# majeur<br>Couplets : F# \/ G# \/ A#m \/ C# (derni\u00e8re phrase nous restons sur le A#m \u00e0 la place du C#) pr\u00e9-refrains : G# \/ A#m \/ A#m \/ G# \/ A\u00b0 &#8211; F# refrains : C# \/ G# \/ A#m \/ F# \/ C# \/ G# \/ D# \/ D# interlude : C# \/ A#m \/ A\u00b0 \/ F# <br><\/td><td>Voix au premier plan, effets planants sur les instruments, basse pr\u00e9sente et ch\u0153urs au second plan<\/td><\/tr><tr><td><strong>Une Nuit Ou Deux<\/strong><\/td><td class=\"has-text-align-center\" data-align=\"center\">Planant, doux, solaire, nostalgique<\/td><td class=\"has-text-align-center\" data-align=\"center\">piano, batterie, voix, basse, synth\u00e9 et trompette<\/td><td>Couplets doux \/ refrains plus dense \/ Pont assez doux<\/td><td><span style=\"text-decoration: underline\">Intro<\/span>: batterie piano trompette et vibes voix <br><span style=\"text-decoration: underline\">Couplet 1: <\/span> rajout de la voix <br><span style=\"text-decoration: underline\">Refrain<\/span> rajout de sons synth\u00e9tiques + harmonies <br><span style=\"text-decoration: underline\">Interlude<\/span>: comme intro <br><span style=\"text-decoration: underline\">Couplet 2<\/span>: rajout d&rsquo;harmonies <br>Refrain<br><span style=\"text-decoration: underline\">Pont<\/span>: tr\u00e8s ax\u00e9 voix harmonis\u00e9 + synth\u00e9 qui rentrent pour crescendo <br><span style=\"text-decoration: underline\">Refrain x4<\/span>: doux la premi\u00e8re fois,normal comme les autres apr\u00e8s <span style=\"text-decoration: underline\">Fin: <\/span>comme intro<\/td><td>Modal<br>Simple (couplets et Ref diff\u00e9rents).<br><\/td><td>Voix sans effet, brut, peu travaill\u00e9e pour le c\u00f4t\u00e9 \u00ab authentique \u00bb coh\u00e9rent avec le texte<\/td><\/tr><tr><td><strong>Took Took<\/strong><\/td><td class=\"has-text-align-center\" data-align=\"center\">Planant, dance, solaire<\/td><td class=\"has-text-align-center\" data-align=\"center\">beat, synth\u00e9, voix, basse, piano, guitare folk, guitare \u00e9lectrique<\/td><td>Couplets et pr\u00e9 ref assez doux\/ refrains qui p\u00e8tent tr\u00e8s dance<\/td><td><span style=\"text-decoration: underline\">Intro<\/span>: tr\u00e8s \u00e9lectronique avec voix, synth\u00e9 qui est le refrain<br><span style=\"text-decoration: underline\">Couplet 1:<\/span> guitare folk, piano voix, grosse caisse qui marque les temps derri\u00e8re, (synthe derri\u00e8re ?) <br><span style=\"text-decoration: underline\">Pr\u00e9-Refrain<\/span>: refrain mais vraiment doux avec peu d\u2019instru et plut\u00f4t planant avec juste voix piano et synth\u00e9<br><span style=\"text-decoration: underline\">Refrain<\/span>: avec tous les intrus et le c\u00f4t\u00e9 dance\/ interlude instrumental avec un petit riff \u00e0 la guitare <br><span style=\"text-decoration: underline\">Couplet 2<\/span>: avec guitare folk mais elle est plus au premier plan, voix, piano, beat au premier plan et basse (synth\u00e9?) <br><span style=\"text-decoration: underline\">Pr\u00e9-Refrain:<\/span> comme le premier mais avec beat qui marque les temps et plus de synthe <br><span style=\"text-decoration: underline\">Refrain<\/span><br><span style=\"text-decoration: underline\">interlude instrumental<\/span>: avec riff et tes synthe en plus derri\u00e8re <br><span style=\"text-decoration: underline\">Refrain<\/span><\/td><td>Modal<\/td><td>Structure et forme assez basique dans la chanson, elle a un c\u00f4t\u00e9 plus \u00ab commercial \u00bb que celle en fran\u00e7ais, pas vraiment de message dans le texte, la voix est \u00ab travaill\u00e9e \u00bb qui donne un c\u00f4t\u00e9 plus moderne et moins acoustique au morceau, la voix est pas au premier plan dans les refrains, \u00e7a forme un bloc avec la partie instrumentale<\/td><\/tr><tr><td><strong>Nino<\/strong><\/td><td class=\"has-text-align-center\" data-align=\"center\">Nostalgique, narratif, hypnotique<\/td><td class=\"has-text-align-center\" data-align=\"center\">Voix, guitar, batterie, percussions \u00e9lectronique synth\u00e9tiseur,  <\/td><td>Commence avec effectif simple puis l\u2019instrumentation s\u2019agrandi au fur et \u00e0 mesure. Pas beaucoup de variation au niveau des nuances<\/td><td><span style=\"text-decoration: underline\">Intro<\/span> : guitare, riff synth\u00e9, claps, batterie<br><span style=\"text-decoration: underline\">Couplet<\/span> : + voix <br><span style=\"text-decoration: underline\">Break pr\u00e9-refrain <\/span>: Accords synth\u00e9 et nouveau riff sur le contre-temps, percu \u00e9lectronique, claps, basse <br><span style=\"text-decoration: underline\">Refrain <\/span>: plus de voix, guitares, percus \u00e9lectroniques, claps, synth\u00e9, grosse caisse, <br><span style=\"text-decoration: underline\">Couplet<\/span>: plus dans esth\u00e9tique du refrain, riff synth\u00e9 \u00e0 l\u2019octave, percussions \u00e9lectronique, baguettes batterie, basse, <br><span style=\"text-decoration: underline\">Pr\u00e9-refrain<\/span> : guitare acoustique rythmique, accords synth\u00e9, baguettes batterie, batterie <br><span style=\"text-decoration: underline\">Refrain <\/span>: plus de voix, guitares, percu \u00e9lectronique,claps, synth\u00e9, batterie<br><span style=\"text-decoration: underline\">Ponts <\/span>: voix, guitare \u00e9lectrique, percu \u00e9lectrique, synth\u00e9 et de la prod a la voix qui est utiliser comme source d\u2019harmonie <br><span style=\"text-decoration: underline\">Refrain\/outro <\/span>: continuation des samples voix en arri\u00e8re plan + instrumentation du <span style=\"text-decoration: underline\">Refrain<\/span> : guitares, percu \u00e9lectronique, claps, synth\u00e9, batterie<\/td><td>modal<br>Gm &#8211; F &#8211; Cm &#8211; G &#8211; F &#8211; Eb \/ Gm &#8211; Cm &#8211; Bb &#8211; D &#8211; Eb &#8211; Gm &#8211; Cm &#8211; Bb \/ Eb &#8211; Gm &#8211; Cm &#8211; Bb <\/td><td>Voix mise en valeur pendant tout la chanson, accompagnement simple<\/td><\/tr><tr><td><strong>Old Friends<\/strong><\/td><td class=\"has-text-align-center\" data-align=\"center\">Planant, doux<\/td><td class=\"has-text-align-center\" data-align=\"center\">Voix, piano, percussions \u00e9lectronique, synth\u00e9tiseur, guitar<\/td><td>Commence doux puis progresse en ajoutant au fur et \u00e0 mesure plus d&rsquo;instruments pour finir avec voix seule<\/td><td><span style=\"text-decoration: underline\">Intro :<\/span> piano en arp\u00e8ges avec un peu de reverb et synth\u00e9<br><span style=\"text-decoration: underline\">Couplet 1<\/span> : ajout de la voix avec reverb et d\u2019un beat <span style=\"text-decoration: underline\">Couplet 2 :<\/span><br><span style=\"text-decoration: underline\">Refrain : <\/span>backing vocals, synth\u00e9, percussions, guitare rythmique, piano <br><span style=\"text-decoration: underline\">Couplet :<\/span> batterie plus mise en valeur <br><span style=\"text-decoration: underline\">Refrain : <\/span>percussions, guitare rythmique, backing vocals, piano, synth\u00e9 <br><span style=\"text-decoration: underline\">Pont :<\/span> Riff, backing vocals, guitare accoustique<br><span style=\"text-decoration: underline\">Refrain :<\/span> + claps, avec continuation des backing vocals du pont <br><span style=\"text-decoration: underline\">Outro<\/span> (Refrain+Pont) : m\u00e9lange de tous les \u00e9l\u00e9ments \u2192 espace sonore tr\u00e8s rempli puis chute de dynamique \u00e0 la fin : <br><span style=\"text-decoration: underline\">Fin<\/span>: Voix seule<\/td><td>Modal<br>Harmonisation et harmonies vocals simples<\/td><td>Voix mise en valeur<\/td><\/tr><tr><td><strong>Lost Found Love<\/strong><\/td><td class=\"has-text-align-center\" data-align=\"center\">Nostalgique, envo\u00fbtant\/entra\u00eenant et mystique<\/td><td class=\"has-text-align-center\" data-align=\"center\">Voix principale, guitare, cajon, plusieurs synth\u00e9s, ch\u0153urs, voix masculine tr\u00e8s l\u00e9g\u00e8re, piano, basse<\/td><td>Accumulation d\u2019instruments et jeux sur contrastes d\u2019effectifs. Intensit\u00e9 progressive<\/td><td><span style=\"text-decoration: underline\">Intro<\/span>: guitare, cajon, piano\/basse <br><span style=\"text-decoration: underline\">Couplet 1<\/span>: entr\u00e9e de la voix<br><span style=\"text-decoration: underline\">Pr\u00e9-Refrain 1<\/span>: entr\u00e9e d\u2019un synth\u00e9 <br><span style=\"text-decoration: underline\">Refrain<\/span>: arriv\u00e9e de ch\u0153urs <br><span style=\"text-decoration: underline\">Partie Instrumentale<\/span><br><span style=\"text-decoration: underline\">Couplet 2 <\/span><br><span style=\"text-decoration: underline\">Pr\u00e9-Refrain 2<\/span>: entr\u00e9e synth\u00e9 2 double la voix<br><span style=\"text-decoration: underline\">Refrain 2 <\/span>synth\u00e9 3<br><span style=\"text-decoration: underline\">Bridge<\/span>: voix, ch\u0153urs, piano, cajon, moins d\u2019instruments <br><span style=\"text-decoration: underline\">Refrain 3<\/span>: tous les instruments + voix<br><span style=\"text-decoration: underline\">Outro<\/span>: ouh voix a cappella<\/td><td>Gm \/ Gm base D \/ EB \/ Bb \/ F &#8211; gamme de sol mineur harmonique, une gamme assez rare dans les musiques actuelles. Le fa di\u00e8se donne une couleur nouvelle et originale : cela accentue le caract\u00e8re mystique et envo\u00fbtant. Ce fa di\u00e8se appara\u00eet dans la phrase \u00ab I walk In the Desert \u00bb, il peut \u00eatre vu comme un figuralisme pour souligner le d\u00e9sert et son caract\u00e8re oriental. En effet, la gamme mineure harmonique par sa seconde augment\u00e9e peut souvent para\u00eetre \u00ab orientale \u00bb ou \u00ab arabisante<\/td><td>Voix et guitare mis en avant (premier plan). Cajon et ch\u0153urs second plan. Synth\u00e9s troisi\u00e8me plan<\/td><\/tr><tr><td><strong>She Was A Girl<\/strong><\/td><td class=\"has-text-align-center\" data-align=\"center\">P\u00e9tillant, entra\u00eenant, doux et dansant<\/td><td class=\"has-text-align-center\" data-align=\"center\">Voix principale, batterie, beaucoup de synth\u00e9s, ch\u0153urs, voix electro, violon<\/td><td>Accumulation d\u2019instruments, contraste couplets entrainants et refrains tr\u00e8s dansants<\/td><td><span style=\"text-decoration: underline\">Intro:<\/span> motif pizz + basse et snare<br><span style=\"text-decoration: underline\">Couplet 1<\/span>: entr\u00e9e voix et backs <br>Pr\u00e9-Refrain 1: entr\u00e9e ch\u0153urs <br><span style=\"text-decoration: underline\">Refrain:<\/span> Synth\u00e9s arrivent, aspect rythmique et dansant<br><span style=\"text-decoration: underline\">Partie Instrumentale<\/span>: Solo Synth\u00e9<br><span style=\"text-decoration: underline\">Couplet 2<\/span><br><span style=\"text-decoration: underline\">Pr\u00e9-Refrain 2<\/span>: apparition d\u2019un piano et d\u2019un violon<br><span style=\"text-decoration: underline\">Refrain 2<\/span><br><span style=\"text-decoration: underline\">Bridge:<\/span> moins d\u2019instrus, dialogue ch\u0153urs, piano<br><span style=\"text-decoration: underline\">Refrain 3<\/span><br><span style=\"text-decoration: underline\">Mini Outro: <\/span>ressemble au refrain, variation m\u00e9lodie, synth\u00e9 ponctue voix<\/td><td>Tonal<br>Couplet : Abm &#8211; Gb<br>Pr\u00e9-Refrain : E &#8211; Ebm &#8211; Abm B <br>Refrain : E &#8211; B &#8211; Dbm<\/td><td><span style=\"text-decoration: underline\">Couplet et PR :<\/span> Voix, pizzs, snare premier plan \/ Basse et ch\u0153urs second plan <br><span style=\"text-decoration: underline\">Refrain :<\/span> Voix premier plan qui se m\u00e9lange avec pleins de synth\u00e9s qui se superposent : synth\u00e9s m\u00e9lodiques et synth\u00e9s rythmiques<\/td><\/tr><tr><td><strong>Tendresse<\/strong><\/td><td class=\"has-text-align-center\" data-align=\"center\">Enjou\u00e9, lin\u00e9aire et intime<\/td><td class=\"has-text-align-center\" data-align=\"center\">Piano, batterie, guitare percussions, synth\u00e9tiseurs, ch\u0153urs<\/td><td>Rythme des percussions impulse le morceau et prend plus de place jusqu\u2019\u00e0 la fin du morceau, qui le conclut de fa\u00e7on un peu brutale<\/td><td>couplet &#8211; refrain &#8211; couplet &#8211; refrain<br>A 1,30 min, il y a une rupture dans le rythme o\u00f9 Nina change d\u2019interpr\u00e9tation, son couplet est plus rapide et saccad\u00e9. A 1,50 elle reprend le premier couplet a capella pour repartir sur le refrain, qu\u2019elle r\u00e9p\u00e8te en canon avec ch\u0153urs, puis le morceau se termine par les percussions qui le cl\u00f4turent de fa\u00e7on tr\u00e8s nette<\/td><td>Modal<br>Eb &#8211; Gmin <br>Gmin\/F# &#8211; Fmin &#8211; Bb <br>Cmin &#8211; Ab &#8211; Bb <br><\/td><td>L\u2019introduction est tr\u00e8s courte avec le piano et la voix encha\u00eene tr\u00e8s vite la cadence du morceau. Ensuite arrivent les percussions qui dominent jusqu\u2019\u00e0 la fin. Les voix prennent plus de place vers la fin du morceau pour augmenter l\u2019aspect enjou\u00e9, et faire monter crescendo le rythme<\/td><\/tr><tr><td><strong>Nobody<\/strong><\/td><td class=\"has-text-align-center\" data-align=\"center\">Raffin\u00e9, sensuel, lin\u00e9aire et introspectif<\/td><td class=\"has-text-align-center\" data-align=\"center\">Piano, violons, batterie, guitare, ch\u0153urs, voix principale<\/td><td>Ajout d&rsquo;instruments au fur et \u00e0 mesure pour monter la dynamique jusqu&rsquo;au refrain. Puis baisse d&rsquo;intensit\u00e9<\/td><td>couplet &#8211; refrain -couplet &#8211; refrain &#8211; outro<\/td><td>Modal<br>Tonalit\u00e9 de G majeur<\/td><td>Au d\u00e9but du morceau le piano domine mais au fur et \u00e0 mesure, le morceau \u00e9volue crescendo, et la batterie s\u2019impose comme pour impulser l\u2019intention du morceau<\/td><\/tr><\/tbody><\/table><figcaption class=\"wp-element-caption\">R\u00e9alis\u00e9 par <em>David Cosenza<\/em>, <em>Robin Ives<\/em>, <em>Emmy Jourde<\/em>, <em>Rebecca Lane<\/em>, Jeanne Richard <em>&amp;<\/em> \u00c9lie Serre-An\u00e9  <\/figcaption><\/figure>\n<\/div>\n<\/div>\n<\/div>\n<\/div>\n<\/div>\n","protected":false},"excerpt":{"rendered":"<p>Titre Caract\u00e8re g\u00e9n\u00e9ral Formation Dynamique Structure et Paroles Harmonie\/language Mix Please, Please, Please Nostalgique, triste, entra\u00eenant Contrebasse, voix principale et harmonie, m\u00e9lange batterie \u00e9lectrique et acoustique (avec ballets), cordes, nappes synth\u00e9tiques, synth\u00e9 rythmique, piano On sent un crescendo tout le long du morceau mais on garde une douceur dans le jeu. Les instruments se rajoutent [&hellip;]<\/p>\n","protected":false},"author":1130,"featured_media":0,"parent":56,"menu_order":0,"comment_status":"closed","ping_status":"closed","template":"","meta":{"footnotes":""},"class_list":["post-786","page","type-page","status-publish","hentry"],"_links":{"self":[{"href":"https:\/\/blogs.univ-tlse2.fr\/scemuto\/wp-json\/wp\/v2\/pages\/786","targetHints":{"allow":["GET"]}}],"collection":[{"href":"https:\/\/blogs.univ-tlse2.fr\/scemuto\/wp-json\/wp\/v2\/pages"}],"about":[{"href":"https:\/\/blogs.univ-tlse2.fr\/scemuto\/wp-json\/wp\/v2\/types\/page"}],"author":[{"embeddable":true,"href":"https:\/\/blogs.univ-tlse2.fr\/scemuto\/wp-json\/wp\/v2\/users\/1130"}],"replies":[{"embeddable":true,"href":"https:\/\/blogs.univ-tlse2.fr\/scemuto\/wp-json\/wp\/v2\/comments?post=786"}],"version-history":[{"count":33,"href":"https:\/\/blogs.univ-tlse2.fr\/scemuto\/wp-json\/wp\/v2\/pages\/786\/revisions"}],"predecessor-version":[{"id":1986,"href":"https:\/\/blogs.univ-tlse2.fr\/scemuto\/wp-json\/wp\/v2\/pages\/786\/revisions\/1986"}],"up":[{"embeddable":true,"href":"https:\/\/blogs.univ-tlse2.fr\/scemuto\/wp-json\/wp\/v2\/pages\/56"}],"wp:attachment":[{"href":"https:\/\/blogs.univ-tlse2.fr\/scemuto\/wp-json\/wp\/v2\/media?parent=786"}],"curies":[{"name":"wp","href":"https:\/\/api.w.org\/{rel}","templated":true}]}}