 {"id":208,"date":"2019-01-22T16:27:28","date_gmt":"2019-01-22T15:27:28","guid":{"rendered":"http:\/\/dev25-adim.univ-tlse2.fr\/slavica-boutique\/?page_id=208"},"modified":"2022-10-14T11:04:29","modified_gmt":"2022-10-14T09:04:29","slug":"librairies-courtiers","status":"publish","type":"page","link":"https:\/\/blogs.univ-tlse2.fr\/slavica-boutique\/librairies-courtiers\/","title":{"rendered":"Libraires &amp; courtiers"},"content":{"rendered":"<p>Si vous \u00eates libraire et que vous d\u00e9sirez passer commande, nous vous invitons \u00e0 nous contacter directement : slavica.occitania[alt]orange.fr<\/p>\n","protected":false},"excerpt":{"rendered":"<p>Si vous \u00eates libraire et que vous d\u00e9sirez passer commande, nous vous invitons \u00e0 nous contacter directement : slavica.occitania[alt]orange.fr<\/p>\n","protected":false},"author":1,"featured_media":0,"parent":0,"menu_order":0,"comment_status":"closed","ping_status":"closed","template":"","meta":{"footnotes":""},"class_list":["post-208","page","type-page","status-publish","hentry"],"_links":{"self":[{"href":"https:\/\/blogs.univ-tlse2.fr\/slavica-boutique\/wp-json\/wp\/v2\/pages\/208","targetHints":{"allow":["GET"]}}],"collection":[{"href":"https:\/\/blogs.univ-tlse2.fr\/slavica-boutique\/wp-json\/wp\/v2\/pages"}],"about":[{"href":"https:\/\/blogs.univ-tlse2.fr\/slavica-boutique\/wp-json\/wp\/v2\/types\/page"}],"author":[{"embeddable":true,"href":"https:\/\/blogs.univ-tlse2.fr\/slavica-boutique\/wp-json\/wp\/v2\/users\/1"}],"replies":[{"embeddable":true,"href":"https:\/\/blogs.univ-tlse2.fr\/slavica-boutique\/wp-json\/wp\/v2\/comments?post=208"}],"version-history":[{"count":1,"href":"https:\/\/blogs.univ-tlse2.fr\/slavica-boutique\/wp-json\/wp\/v2\/pages\/208\/revisions"}],"predecessor-version":[{"id":600,"href":"https:\/\/blogs.univ-tlse2.fr\/slavica-boutique\/wp-json\/wp\/v2\/pages\/208\/revisions\/600"}],"wp:attachment":[{"href":"https:\/\/blogs.univ-tlse2.fr\/slavica-boutique\/wp-json\/wp\/v2\/media?parent=208"}],"curies":[{"name":"wp","href":"https:\/\/api.w.org\/{rel}","templated":true}]}}