 {"id":108,"date":"2018-12-03T11:22:47","date_gmt":"2018-12-03T10:22:47","guid":{"rendered":"http:\/\/dev25-adim.univ-tlse2.fr\/slavica-boutique\/?post_type=product&#038;p=108"},"modified":"2021-12-23T12:09:28","modified_gmt":"2021-12-23T11:09:28","slug":"revue-n19-la-mise-en-images-de-la-russie","status":"publish","type":"product","link":"https:\/\/blogs.univ-tlse2.fr\/slavica-boutique\/produit\/revue-n19-la-mise-en-images-de-la-russie\/","title":{"rendered":"Revue n\u00b019 &#8211; La mise en images de la Russie"},"content":{"rendered":"<h2>Sommaire<\/h2>\n<h3>Images fixes<\/h3>\n<p>St\u00e9phane LOJKINE &#8211; La Russie de Leprince vue par Diderot<\/p>\n<p>Jean-Pierre ZUBIATE &#8211; Nikola\u00ef Shin, peintre de l&rsquo;ombre et de la m\u00e9moire<\/p>\n<p>Laurie VIALA &#8211; Vers la perte du sens de l&rsquo;Art et des identit\u00e9s nationales, un projet russe<\/p>\n<p>Philippe ORTEL &#8211; Photographie humanitaire ou nouvel humanisme ? Autour de <em>Winterreise<\/em> de Luc Delahaye<\/p>\n<p>Muriel PLANA &#8211; \u00ab\u00a0Repr\u00e9senter\u00a0\u00bb la Russie : les Pito\u00ebff et la France de l&rsquo;entre-deux-guerres<\/p>\n<p>Gilles WOLF &#8211; L&rsquo;image du Russe pendant la Grande Guerre : rempart de la civilisation ou symbole de l&rsquo;oppression ?<\/p>\n<h3>Images mobiles<\/h3>\n<p>Fran\u00e7ois-Charles GAUDARD &#8211; <em>Le joueur<\/em> de Dosto\u00efevski vu par Claude Autant-Lara : le dilemme de l&rsquo;int\u00e9rieur\/ext\u00e9rieur, du c\u00f4t\u00e9 cour et du c\u00f4t\u00e9 jardin<\/p>\n<p>Fr\u00e9d\u00e9ric SOUNAC &#8211; Filmer les ic\u00f4nes : Richter, O\u00efstrakh<\/p>\n<h3>Litt\u00e9rature et images<\/h3>\n<p>Tatiana VICTOROFF &#8211; Adam Olearius, <em>\u00ab\u00a0Spectateur &amp; t\u00e9moin oculaire\u00a0\u00bb<\/em> : la Moscovie mise en image<\/p>\n<p>Marianne GOURG &#8211; La Russie et les Russes de Tissot<\/p>\n<p>B\u00e9n\u00e9dicte LE RU &#8211; L&rsquo;image de la Russie dans la litt\u00e9rature de jeunesse fran\u00e7aise<\/p>\n<p>Bernadette REY-MIMOSO-RUIZ &#8211; La Russie de la comtesse de S\u00e9gur : Dourakine ou le barbare repenti<\/p>\n<p>Pierre-Yves BOISSAU &#8211; Bouddha, Staline et le chameau : images d&rsquo;une rencontre entre Russie et Asie centrale (Vs. Ivanov &#8211; Andre\u00ef Platonov)<\/p>\n<h3>Notes de lecture<\/h3>\n<p>Roger COMTET &#8211; W. Zidaric (\u00e9d.), <em>Saint-P\u00e9tersbourg : 1702-2003<\/em>, Nantes, 2004<\/p>\n<p>Dany SAVELLI &#8211; L. Milne, <em>Zoshchenko and the Ilf-Petrov Partnership : How they laughed<\/em>, Birmingham, Birmingham Slavonic Monographs n\u00b035, 2003, XIV &#8211; 296 p<\/p>\n<p>Sylvie MARTIN &#8211; N. Laurent (\u00e9d.), <em>Le Cin\u00e9ma \u00ab stalinien \u00bb, questions d\u00b9histoire<\/em>, Toulouse, Presses universitaires du Mirail, La cin\u00e9math\u00e8que de Toulouse, 2003, 240 p<\/p>\n","protected":false},"excerpt":{"rendered":"<p><strong>\u00c9diteur scientifique :<\/strong><\/p>\n<p>Pierre-Yves Boissau<\/p>\n<p>259 pages<\/p>\n","protected":false},"featured_media":269,"template":"","meta":[],"product_brand":[],"product_cat":[],"product_tag":[],"class_list":{"0":"post-108","1":"product","2":"type-product","3":"status-publish","4":"has-post-thumbnail","7":"first","8":"instock","9":"purchasable","10":"product-type-simple"},"_links":{"self":[{"href":"https:\/\/blogs.univ-tlse2.fr\/slavica-boutique\/wp-json\/wp\/v2\/product\/108","targetHints":{"allow":["GET"]}}],"collection":[{"href":"https:\/\/blogs.univ-tlse2.fr\/slavica-boutique\/wp-json\/wp\/v2\/product"}],"about":[{"href":"https:\/\/blogs.univ-tlse2.fr\/slavica-boutique\/wp-json\/wp\/v2\/types\/product"}],"wp:featuredmedia":[{"embeddable":true,"href":"https:\/\/blogs.univ-tlse2.fr\/slavica-boutique\/wp-json\/wp\/v2\/media\/269"}],"wp:attachment":[{"href":"https:\/\/blogs.univ-tlse2.fr\/slavica-boutique\/wp-json\/wp\/v2\/media?parent=108"}],"wp:term":[{"taxonomy":"product_brand","embeddable":true,"href":"https:\/\/blogs.univ-tlse2.fr\/slavica-boutique\/wp-json\/wp\/v2\/product_brand?post=108"},{"taxonomy":"product_cat","embeddable":true,"href":"https:\/\/blogs.univ-tlse2.fr\/slavica-boutique\/wp-json\/wp\/v2\/product_cat?post=108"},{"taxonomy":"product_tag","embeddable":true,"href":"https:\/\/blogs.univ-tlse2.fr\/slavica-boutique\/wp-json\/wp\/v2\/product_tag?post=108"}],"curies":[{"name":"wp","href":"https:\/\/api.w.org\/{rel}","templated":true}]}}