 {"id":120,"date":"2018-12-04T10:05:02","date_gmt":"2018-12-04T09:05:02","guid":{"rendered":"http:\/\/dev25-adim.univ-tlse2.fr\/slavica-boutique\/?post_type=product&#038;p=120"},"modified":"2020-08-09T22:54:13","modified_gmt":"2020-08-09T20:54:13","slug":"revue-n25-bakhtine-volochinov-et-medvedev-dans-les-contextes-europeen-et-russe","status":"publish","type":"product","link":"https:\/\/blogs.univ-tlse2.fr\/slavica-boutique\/produit\/revue-n25-bakhtine-volochinov-et-medvedev-dans-les-contextes-europeen-et-russe\/","title":{"rendered":"Revue n\u00b025 &#8211; Bakhtine, Volochinov et Medvedev dans les contextes europ\u00e9en et russe"},"content":{"rendered":"<h2>Sommaire<\/h2>\n<h3>Pr\u00e9face<\/h3>\n<p>B\u00e9n\u00e9dicte VAUTHIER &#8211; Pr\u00e9face<\/p>\n<h3>I &#8211; Philosophie et sciences humaines<\/h3>\n<p>Tatiana BUBNOVA &#8211; \u00catre sans alibi. Pour un autre itin\u00e9raire bakhtinien<\/p>\n<p>Michael E. GARDINER &#8211; Le d\u00e9fi dialogique de Bakhtine aux sciences sociales<\/p>\n<p>Patrick SERIOT &#8211; Volochinov, la sociologie et les Lumi\u00e8res<\/p>\n<p>Alexander HAARDT &#8211; R\u00e9pondre de quelque chose, c\u2019est r\u00e9pondre \u00e0 quelqu\u2019un : un dialogue imaginaire entre Bakhtine et L\u00e9vinas<\/p>\n<p>Galin TIHANOV &#8211; Micha et Kolia : penser le fr\u00e8re en tant qu\u2019autre<\/p>\n<p>Michel AUCOUTURIER &#8211; Le cercle de Bakhtine et la psychanalyse<\/p>\n<p>Serge\u00ef TCHOUGOUNNIKOV &#8211; Quelques sources allemandes de la \u00ab linguistique sociologique \u00bb (Volochinov) et de la \u00ab psychologie mat\u00e9rialiste \u00bb (Vygotski)<\/p>\n<p>Augusto PONZIO &#8211; Dialogue, intertextualit\u00e9 et intercorpor\u00e9it\u00e9 dans l\u2019\u0153uvre de Bakhtine et du Cercle<\/p>\n<h3>II &#8211; Esth\u00e9tique de l&rsquo;art verbal et po\u00e9tique<\/h3>\n<p>Roger COMTET &#8211; Viktor Maksimovitch Jirmounski (1891-1971) et le formalisme russe<\/p>\n<p>Viktor JIRMOUNSKI &#8211; Les probl\u00e8mes formels dans la science russe de la litt\u00e9rature. (Traduction in\u00e9dite par Roger Comtet)<\/p>\n<p>Matthias AUM\u00dcLLER &#8211; Le Cercle de Bakhtine et la m\u00e9thodologie en science de la litt\u00e9rature dans les ann\u00e9es 1920<\/p>\n<p>Luis BELTRAN ALMERIA &#8211; Bakhtine et Dosto\u00efevski<\/p>\n<p>Tom\u00e1s ALBALADEJO &#8211; La pluralit\u00e9 communicative comme \u00e9l\u00e9ment constituant de l\u2019\u0153uvre litt\u00e9raire narrative : l\u2019actualit\u00e9 de Mikha\u00efl Bakhtine<\/p>\n<h3>III &#8211; Linguistiques et m\u00e9ta-linguistiques<\/h3>\n<p>Irina POPOVA &#8211; Le \u00ab carnaval lexical \u00bb de Fran\u00e7ois Rabelais. Le livre de M.M. Bakhtine dans le contexte des discussions m\u00e9thodologiques franco-allemandes des ann\u00e9es 1910-1920<\/p>\n<p>Vladimir ALPATOV &#8211; Saussure, Volochinov et Bakhtine<\/p>\n<p>Ekaterina VELMEZOVA &#8211; V.N. Volochinov et N.Ya. Marr sur les origines du langage<\/p>\n<p>Catherine DEPRETTO &#8211; Alexandre Romm (1898-1943), lecteur du Marxisme et la philosophie du langage (1929)<\/p>\n<p>Marie-C\u00e9cile BERTAU &#8211; Le v\u00e9cu de la langue dans la forme et la voix. Une approche avec Iakoubinski et Volochinov<\/p>\n<p>Jacques BRES, Laurence ROSIER &#8211; R\u00e9fractions : polyphonie et dialogisme : deux exemples de reconfigurations th\u00e9oriques dans les sciences du langage francophones<\/p>\n<h3>Notes de lecture<\/h3>\n<p>Boris CZERNY &#8211; Zsuzsa Het\u00e9nyi (\u00e9d.), <em>Russica Hungarica, Issledovania po russkoj literature i kul\u2019ture. Rusistika v Budape\u0161tskom universitete<\/em> , Budapest-Moskva, Vodolej Publishers, 2005, 247 p<\/p>\n<p>B\u00e9n\u00e9dicte VAUTHIER &#8211; Matthias Aum\u00fcller, <em>Innere Form und Poetizit\u00e4t. Die Theorie Potebnjas in ihrem begriffsgeschichtlichem Kontext<\/em>, Frankfurt am Main, Peter Lang, 2005, 283 p.<\/p>\n<p>Dany SAVELLI &#8211; Aldo Ferrari, <em>La foresta e la steppa. Il mito dell\u2019Eurasia nella cultura russa<\/em>, Milano, Libri Scheiwiller, 2003, 338 p.<\/p>\n<p>Roger COMTET &#8211; Jean Chappe d\u2019Auteroche, abb\u00e9, <em>Voyage en Sib\u00e9rie, fait par ordre du roi en 1761<\/em>, introd. et notes de Michel Mervaud, Oxford, Voltaire Foundation (Studies on Voltaire and the Eigteenth Century, 2004, 2 vol., XVI-624 p., ill., bibliogr., index.<\/p>\n<p>St\u00e9phane VIELLARD &#8211; Z.K. Tarlanov, <em>Izbrannye raboty po jazykoznaniju i filologii<\/em>, Petrozavodsk, PetrGU, 2005, 783 p.<\/p>\n","protected":false},"excerpt":{"rendered":"<p><strong>\u00c9diteur scientifique :<\/strong><\/p>\n<p>B\u00e9n\u00e9dicte Vauthier<\/p>\n<p><strong>ISBN : <\/strong>978-2-9532020-0-7<\/p>\n<p>517 pages<\/p>\n","protected":false},"featured_media":263,"template":"","meta":[],"product_brand":[],"product_cat":[],"product_tag":[],"class_list":{"0":"post-120","1":"product","2":"type-product","3":"status-publish","4":"has-post-thumbnail","7":"first","8":"instock","9":"purchasable","10":"product-type-simple"},"_links":{"self":[{"href":"https:\/\/blogs.univ-tlse2.fr\/slavica-boutique\/wp-json\/wp\/v2\/product\/120","targetHints":{"allow":["GET"]}}],"collection":[{"href":"https:\/\/blogs.univ-tlse2.fr\/slavica-boutique\/wp-json\/wp\/v2\/product"}],"about":[{"href":"https:\/\/blogs.univ-tlse2.fr\/slavica-boutique\/wp-json\/wp\/v2\/types\/product"}],"wp:featuredmedia":[{"embeddable":true,"href":"https:\/\/blogs.univ-tlse2.fr\/slavica-boutique\/wp-json\/wp\/v2\/media\/263"}],"wp:attachment":[{"href":"https:\/\/blogs.univ-tlse2.fr\/slavica-boutique\/wp-json\/wp\/v2\/media?parent=120"}],"wp:term":[{"taxonomy":"product_brand","embeddable":true,"href":"https:\/\/blogs.univ-tlse2.fr\/slavica-boutique\/wp-json\/wp\/v2\/product_brand?post=120"},{"taxonomy":"product_cat","embeddable":true,"href":"https:\/\/blogs.univ-tlse2.fr\/slavica-boutique\/wp-json\/wp\/v2\/product_cat?post=120"},{"taxonomy":"product_tag","embeddable":true,"href":"https:\/\/blogs.univ-tlse2.fr\/slavica-boutique\/wp-json\/wp\/v2\/product_tag?post=120"}],"curies":[{"name":"wp","href":"https:\/\/api.w.org\/{rel}","templated":true}]}}