 {"id":15,"date":"2018-06-27T13:36:01","date_gmt":"2018-06-27T11:36:01","guid":{"rendered":"http:\/\/dev25-adim.univ-tlse2.fr\/slavica-boutique\/?post_type=product&#038;p=8"},"modified":"2020-11-16T11:45:34","modified_gmt":"2020-11-16T10:45:34","slug":"revue-n1","status":"publish","type":"product","link":"https:\/\/blogs.univ-tlse2.fr\/slavica-boutique\/produit\/revue-n1\/","title":{"rendered":"Revue n\u00b001 &#8211; Miscellanea"},"content":{"rendered":"<h2>Sommaire<\/h2>\n<p>Paul CASTAING &#8211; La formation du vocabulaire de l&rsquo;architecture religieuse en Russie<span style=\"font-family: Times New Roman, serif\"><span style=\"font-size: medium\"><\/span><\/span><\/p>\n<p>Roger COMTET &#8211; La tradition russe des dictionnaires des mots \u00e9trangers<\/p>\n<p>Sylvie MARTIN &#8211; Un exemple de litt\u00e9rature de propagande : les \u00c9tats-Unis dans l\u2019\u0153uvre de Konstantin Simonov<\/p>\n<p>Christiane ROUQUET &#8211; L&rsquo;image de Moli\u00e8re dans la pi\u00e8ce de M. Boulgakov La Cabale des d\u00e9vots<\/p>\n","protected":false},"excerpt":{"rendered":"<p>Ouvrage collectif<\/p>\n<p>84 pages<\/p>\n","protected":false},"featured_media":287,"template":"","meta":[],"product_brand":[],"product_cat":[],"product_tag":[],"class_list":{"0":"post-15","1":"product","2":"type-product","3":"status-publish","4":"has-post-thumbnail","7":"first","8":"instock","9":"purchasable","10":"product-type-simple"},"_links":{"self":[{"href":"https:\/\/blogs.univ-tlse2.fr\/slavica-boutique\/wp-json\/wp\/v2\/product\/15","targetHints":{"allow":["GET"]}}],"collection":[{"href":"https:\/\/blogs.univ-tlse2.fr\/slavica-boutique\/wp-json\/wp\/v2\/product"}],"about":[{"href":"https:\/\/blogs.univ-tlse2.fr\/slavica-boutique\/wp-json\/wp\/v2\/types\/product"}],"wp:featuredmedia":[{"embeddable":true,"href":"https:\/\/blogs.univ-tlse2.fr\/slavica-boutique\/wp-json\/wp\/v2\/media\/287"}],"wp:attachment":[{"href":"https:\/\/blogs.univ-tlse2.fr\/slavica-boutique\/wp-json\/wp\/v2\/media?parent=15"}],"wp:term":[{"taxonomy":"product_brand","embeddable":true,"href":"https:\/\/blogs.univ-tlse2.fr\/slavica-boutique\/wp-json\/wp\/v2\/product_brand?post=15"},{"taxonomy":"product_cat","embeddable":true,"href":"https:\/\/blogs.univ-tlse2.fr\/slavica-boutique\/wp-json\/wp\/v2\/product_cat?post=15"},{"taxonomy":"product_tag","embeddable":true,"href":"https:\/\/blogs.univ-tlse2.fr\/slavica-boutique\/wp-json\/wp\/v2\/product_tag?post=15"}],"curies":[{"name":"wp","href":"https:\/\/api.w.org\/{rel}","templated":true}]}}