 {"id":587,"date":"2022-10-03T16:32:02","date_gmt":"2022-10-03T14:32:02","guid":{"rendered":"https:\/\/blogs.univ-tlse2.fr\/slavica-boutique\/?post_type=product&#038;p=587"},"modified":"2022-10-03T16:32:02","modified_gmt":"2022-10-03T14:32:02","slug":"revue-n-54-zinaida-guippius-et-dmitri-merejkovski-deux-intellectuels-russes-face-a-leurope","status":"publish","type":"product","link":"https:\/\/blogs.univ-tlse2.fr\/slavica-boutique\/produit\/revue-n-54-zinaida-guippius-et-dmitri-merejkovski-deux-intellectuels-russes-face-a-leurope\/","title":{"rendered":"Revue N\u00b0 54 &#8211; Zina\u00efda Guippius et Dmitri M\u00e9rejkovski, deux intellectuels russes face \u00e0 l\u2019Europe"},"content":{"rendered":"<h3>Avant-Propos &#8211; Au sujet de la guerre russo-ukrainienne<\/h3>\n<h3>Avertissement<\/h3>\n<h3>Introduction<\/h3>\n<p><em>Olga Blinova, Victoire Feuillebois &amp; Daria Sinichkina &#8211; <\/em>Introduction<\/p>\n<h3>I. L\u2019inspiration europ\u00e9enne des \u0153uvres de Zina\u00efda Guippius et de Dmitri Merejkovski<\/h3>\n<p><em>Olga Blinova &#8211;\u00a0<\/em><em>S\u00e9raph\u00eeta<\/em> d\u2019Honor\u00e9 de Balzac et le concept d\u2019union \u00e0 trois de Zina\u00efda Guippius et Dmitri M\u00e9rejkovski\u00a0: enqu\u00eate sur une des voies d\u2019influence possibles<\/p>\n<p><em>\u00a0<\/em><em>Tatiana Victoroff &#8211;\u00a0<\/em>\u00ab\u00a0L\u2019Europe-Sodome\u00a0\u00bb\u00a0? Le dialogue des M\u00e9rejkovski avec Marcel Proust dans <em>Atlantide-Europe\u00a0: Le myst\u00e8re de l\u2019Occident<\/em><\/p>\n<p><em>Florence Corrado-Kazanski &#8211; <\/em>Les M\u00e9rejkovski et la petite Th\u00e9r\u00e8se<\/p>\n<p>Annexe\u00a0: traduction des po\u00e8mes de Zina\u00efda Guippius consacr\u00e9s \u00e0 la petite Th\u00e9r\u00e8se<\/p>\n<p><em>Iouri Orlitski &#8211;\u00a0<\/em>L\u2019influence europ\u00e9enne dans le vers de Zina\u00efda Guippius<\/p>\n<h3>II. Le modernisme russe et\/ou europ\u00e9en : le cas Dmitri M\u00e9rejkovski<\/h3>\n<p><em>Leonid Livak\u00a0 &#8211; <\/em>Dmitri M\u00e9rejkovski et la communaut\u00e9 culturelle moderniste<\/p>\n<p><em>Elena Androuchtchenko &#8211;\u00a0 <\/em>Remy de Gourmont en Russie\u00a0: \u00ab\u00a0le cas\u00a0\u00bb Dmitri M\u00e9rejkovski<\/p>\n<p><em>Vadim Polonski &#8211;\u00a0 <\/em>L\u2019\u0153uvre biographique de Dmitri M\u00e9rejkovski dans le contexte des traditions ouest-europ\u00e9enne et russe du genre de la biographie litt\u00e9raire<\/p>\n<p><em>Daria Kuntsevich &#8211;\u00a0<\/em>Dmitri M\u00e9rejkovski et Nikola\u00ef Minski, deux voix religieuses au <em>Mercure de France<\/em><\/p>\n<h3>III. La r\u00e9ception et la post\u00e9rit\u00e9 de l\u2019\u0153uvre de Dmitri M\u00e9rejkovski en Europe<\/h3>\n<p><em>Claire Delaunay &#8211;\u00a0<\/em>Les premiers temps de la r\u00e9ception fran\u00e7aise du <em>Tolsto\u00ef et Dosto\u00efevski<\/em> de Dmitri M\u00e9rejkovski<\/p>\n<p><em>Victoire Feuillebois &#8211;\u00a0<\/em>L\u2019influence du <em>L.\u00a0Tolsto\u00ef et Dosto\u00efevski<\/em> de Dmitri\u00a0M\u00e9rejkovski sur <em>Goethe et Tolsto\u00ef<\/em> (1925) de Thomas Mann<\/p>\n<p><em>Michel Niqueux &#8211;\u00a0<\/em>Les mises en garde de M\u00e9rejkovski et de Solj\u00e9nitsyne \u00e0 l\u2019Occident<\/p>\n<p>&nbsp;<\/p>\n<h3>IV. De nouveaux \u00e9l\u00e9ments pour une biographie europ\u00e9enne de Zina\u00efda Guippius et Dmitri M\u00e9rejkovski<\/h3>\n<p><em>Maria Turgieva &#8211;\u00a0<\/em>Le r\u00f4le du cercle de la Lampe verte dans la vie de l\u2019\u00e9migration russe<\/p>\n<p><em>Margarita Pavlova &#8211;\u00a0<\/em>Nouveaux \u00e9l\u00e9ments pour une biographie d\u2019Anna Guippius\u00a0: premi\u00e8res ann\u00e9es d\u2019\u00e9migration (1920-1924)<\/p>\n<p><em>Alexandre Stroev &#8211;\u00a0<\/em>Chronique de la vie de Dmitri M\u00e9rejkovski sous l\u2019occupation allemande d\u2019apr\u00e8s la presse fran\u00e7aise\u00a0: mat\u00e9riaux pour une biographie<\/p>\n<h3>Index onomastique<\/h3>\n<h3>Index des \u0153uvres cit\u00e9es<\/h3>\n<h3>\u00a0 \u00a0 \u00a0de Zina\u00efda Guippius<\/h3>\n<h3>\u00a0 \u00a0 \u00a0de Dmitri M\u00e9rejkovski<\/h3>\n<h3>R\u00e9sum\u00e9s des articles<\/h3>\n<h3>Abstracts<\/h3>\n<h3>Notices sur les auteurs<\/h3>\n<h3>Remerciements<\/h3>\n<h3>Notes de lecture<\/h3>\n<p><em>Roger Comtet<\/em> &#8211; Aleksandar Stefanovic, <em>Les Num\u00e9raux en bosniaque croate mont\u00e9n\u00e9grin serbe<\/em> (2019)<\/p>\n<p><em>Antoine Nivi\u00e8re<\/em> &#8211; Rodolphe Baudin &amp; Alexandra Veselova (\u00e9d.), <em>Louis Henri de Nicolay. Un intellectuel strasbourgeois dans la Russie des Lumi\u00e8res<\/em> (2020)<\/p>\n<p><em>Ewa M. Wierzbowska<\/em> &#8211; Corinne Fournier Kiss, <em>Germaine de Sta\u00ebl et George Sand en dialogue avec leurs cons\u0153urs polonaises<\/em> (2020)<\/p>\n<p><em>Jean Boutan<\/em> &#8211; Eszter Bal\u00e1zs &amp; Clara Royer (\u00e9d.), <em>Le Culte des h\u00e9ros en Europe centrale 1880-1945<\/em> (2019)<\/p>\n<p>Alice S. Leg\u00e9 &#8211; Boris Czerny (\u00e9d.), Salomon Reinach, <em>Correspondance 1888-1932. Un polygraphe sous le signe d\u2019Amalth\u00e9e<\/em> (2020)<\/p>\n","protected":false},"excerpt":{"rendered":"<div data-marker=\"__QUOTED_TEXT__\"><b><span>Editeurs scientifiques :<\/span><\/b> Olga Blinova, Victoire Feuillebois &amp; Daria Sinichkina<\/div>\n<div data-marker=\"__QUOTED_TEXT__\"><strong>ISBN : <\/strong>979-10-93090-12-2<\/div>\n<div data-marker=\"__QUOTED_TEXT__\">490 p.<\/div>\n","protected":false},"featured_media":588,"template":"","meta":[],"product_brand":[],"product_cat":[],"product_tag":[],"class_list":{"0":"post-587","1":"product","2":"type-product","3":"status-publish","4":"has-post-thumbnail","7":"first","8":"instock","9":"shipping-taxable","10":"purchasable","11":"product-type-simple"},"_links":{"self":[{"href":"https:\/\/blogs.univ-tlse2.fr\/slavica-boutique\/wp-json\/wp\/v2\/product\/587","targetHints":{"allow":["GET"]}}],"collection":[{"href":"https:\/\/blogs.univ-tlse2.fr\/slavica-boutique\/wp-json\/wp\/v2\/product"}],"about":[{"href":"https:\/\/blogs.univ-tlse2.fr\/slavica-boutique\/wp-json\/wp\/v2\/types\/product"}],"wp:featuredmedia":[{"embeddable":true,"href":"https:\/\/blogs.univ-tlse2.fr\/slavica-boutique\/wp-json\/wp\/v2\/media\/588"}],"wp:attachment":[{"href":"https:\/\/blogs.univ-tlse2.fr\/slavica-boutique\/wp-json\/wp\/v2\/media?parent=587"}],"wp:term":[{"taxonomy":"product_brand","embeddable":true,"href":"https:\/\/blogs.univ-tlse2.fr\/slavica-boutique\/wp-json\/wp\/v2\/product_brand?post=587"},{"taxonomy":"product_cat","embeddable":true,"href":"https:\/\/blogs.univ-tlse2.fr\/slavica-boutique\/wp-json\/wp\/v2\/product_cat?post=587"},{"taxonomy":"product_tag","embeddable":true,"href":"https:\/\/blogs.univ-tlse2.fr\/slavica-boutique\/wp-json\/wp\/v2\/product_tag?post=587"}],"curies":[{"name":"wp","href":"https:\/\/api.w.org\/{rel}","templated":true}]}}

Revue N° 54 &#8211; Zinaïda Guippius et Dmitri Mérejkovski, deux intellectuels russes face à l’Europe

<h3>Avant-Propos &#8211; Au sujet de la guerre russo-ukrainienne</h3>
<h3>Avertissement</h3>
<h3>Introduction</h3>
<p><em>Olga Blinova, Victoire Feuillebois &amp; Daria Sinichkina &#8211; </em>Introduction</p>
<h3>I. L’inspiration européenne des œuvres de Zinaïda Guippius et de Dmitri Merejkovski</h3>
<p><em>Olga Blinova &#8211; </em><em>Séraphîta</em> d’Honoré de Balzac et le concept d’union à trois de Zinaïda Guippius et Dmitri Mérejkovski : enquête sur une des voies d’influence possibles</p>
<p><em> </em><em>Tatiana Victoroff &#8211; </em>« L’Europe-Sodome » ? Le dialogue des Mérejkovski avec Marcel Proust dans <em>Atlantide-Europe : Le mystère de l’Occident</em></p>
<p><em>Florence Corrado-Kazanski &#8211; </em>Les Mérejkovski et la petite Thérèse</p>
<p>Annexe : traduction des poèmes de Zinaïda Guippius consacrés à la petite Thérèse</p>
<p><em>Iouri Orlitski &#8211; </em>L’influence européenne dans le vers de Zinaïda Guippius</p>
<h3>II. Le modernisme russe et/ou européen : le cas Dmitri Mérejkovski</h3>
<p><em>Leonid Livak  &#8211; </em>Dmitri Mérejkovski et la communauté culturelle moderniste</p>
<p><em>Elena Androuchtchenko &#8211;  </em>Remy de Gourmont en Russie : « le cas » Dmitri Mérejkovski</p>
<p><em>Vadim Polonski &#8211;  </em>L’œuvre biographique de Dmitri Mérejkovski dans le contexte des traditions ouest-européenne et russe du genre de la biographie littéraire</p>
<p><em>Daria Kuntsevich &#8211; </em>Dmitri Mérejkovski et Nikolaï Minski, deux voix religieuses au <em>Mercure de France</em></p>
<h3>III. La réception et la postérité de l’œuvre de Dmitri Mérejkovski en Europe</h3>
<p><em>Claire Delaunay &#8211; </em>Les premiers temps de la réception française du <em>Tolstoï et Dostoïevski</em> de Dmitri Mérejkovski</p>
<p><em>Victoire Feuillebois &#8211; </em>L’influence du <em>L. Tolstoï et Dostoïevski</em> de Dmitri Mérejkovski sur <em>Goethe et Tolstoï</em> (1925) de Thomas Mann</p>
<p><em>Michel Niqueux &#8211; </em>Les mises en garde de Mérejkovski et de Soljénitsyne à l’Occident</p>
<p>&nbsp;</p>
<h3>IV. De nouveaux éléments pour une biographie européenne de Zinaïda Guippius et Dmitri Mérejkovski</h3>
<p><em>Maria Turgieva &#8211; </em>Le rôle du cercle de la Lampe verte dans la vie de l’émigration russe</p>
<p><em>Margarita Pavlova &#8211; </em>Nouveaux éléments pour une biographie d’Anna Guippius : premières années d’émigration (1920-1924)</p>
<p><em>Alexandre Stroev &#8211; </em>Chronique de la vie de Dmitri Mérejkovski sous l’occupation allemande d’après la presse française : matériaux pour une biographie</p>
<h3>Index onomastique</h3>
<h3>Index des œuvres citées</h3>
<h3>     de Zinaïda Guippius</h3>
<h3>     de Dmitri Mérejkovski</h3>
<h3>Résumés des articles</h3>
<h3>Abstracts</h3>
<h3>Notices sur les auteurs</h3>
<h3>Remerciements</h3>
<h3>Notes de lecture</h3>
<p><em>Roger Comtet</em> &#8211; Aleksandar Stefanovic, <em>Les Numéraux en bosniaque croate monténégrin serbe</em> (2019)</p>
<p><em>Antoine Nivière</em> &#8211; Rodolphe Baudin &amp; Alexandra Veselova (éd.), <em>Louis Henri de Nicolay. Un intellectuel strasbourgeois dans la Russie des Lumières</em> (2020)</p>
<p><em>Ewa M. Wierzbowska</em> &#8211; Corinne Fournier Kiss, <em>Germaine de Staël et George Sand en dialogue avec leurs consœurs polonaises</em> (2020)</p>
<p><em>Jean Boutan</em> &#8211; Eszter Balázs &amp; Clara Royer (éd.), <em>Le Culte des héros en Europe centrale 1880-1945</em> (2019)</p>
<p>Alice S. Legé &#8211; Boris Czerny (éd.), Salomon Reinach, <em>Correspondance 1888-1932. Un polygraphe sous le signe d’Amalthée</em> (2020)</p>
