 {"id":605,"date":"2022-12-13T16:18:04","date_gmt":"2022-12-13T15:18:04","guid":{"rendered":"https:\/\/blogs.univ-tlse2.fr\/slavica-boutique\/?post_type=product&#038;p=605"},"modified":"2022-12-13T16:18:04","modified_gmt":"2022-12-13T15:18:04","slug":"revue-n-55-les-arts-russes-et-sovietiques-en-france-au-xxe-siecle-exporter-limage-de-soi","status":"publish","type":"product","link":"https:\/\/blogs.univ-tlse2.fr\/slavica-boutique\/produit\/revue-n-55-les-arts-russes-et-sovietiques-en-france-au-xxe-siecle-exporter-limage-de-soi\/","title":{"rendered":"Revue N\u00b0 55 &#8211; Les arts russes et sovi\u00e9tiques en France au XXe si\u00e8cle :  exporter l\u2019image de soi"},"content":{"rendered":"<h3>Introduction<\/h3>\n<p><em>Jasmine Jacq &amp; Tatiana Trankvillitska\u00efa &#8211;\u00a0<\/em>Les arts russes et sovi\u00e9tiques en France au xx<sup>e<\/sup> si\u00e8cle : exporter l\u2019image de soi<\/p>\n<h3>I. Pr\u00e9sence et r\u00e9ception de la musique, du th\u00e9\u00e2tre et de l\u2019op\u00e9ra sovi\u00e9tiques en France des ann\u00e9es 1920 \u00e0 la fin de la guerre froide<\/h3>\n<p><em>Pascal L\u00e9croart &#8211;\u00a0<\/em>La musique de la Russie sovi\u00e9tique vue par <em>Le M\u00e9nestrel <\/em>(1920-1940)<\/p>\n<p><em>Sylvie Mamy &#8211;\u00a0<\/em>L\u2019exil de Fiodor Chaliapine \u00e0 Paris, d\u2019apr\u00e8s <em>Le Masque et l\u2019\u00e2me<\/em><br \/>\n(1932)<\/p>\n<p><em>Marie-Christine Autant-Mathieu &#8211;\u00a0<\/em>Les tourn\u00e9es du th\u00e9\u00e2tre sovi\u00e9tique \u00e0 Paris dans l\u2019entre-deux-<br \/>\nguerres ou l\u2019impossible exportation de \u00ab l\u2019Octobre th\u00e9\u00e2tral \u00bb<\/p>\n<p><em>Thomas Thisselin &#8211;\u00a0<\/em>La r\u00e9ception d\u2019Igor Stravinsky entre 1945 et 1956\u00a0:<br \/>\nexamen de la presse communiste fran\u00e7aise<\/p>\n<p><em>Maud Caillat &#8211;\u00a0<\/em>La participation des candidats sovi\u00e9tiques au concours<br \/>\nMarguerite Long de 1953 \u00e0 1979 et son impact en France<\/p>\n<h3>II. Le cin\u00e9ma russe et sovi\u00e9tique en France : pr\u00e9sence,\u00a0influences, \u00e9chos<\/h3>\n<p><em>Jasmine Jacq &#8211;\u00a0<\/em>Les \u00ab\u00a0groupes Medvedkine\u00a0\u00bb (1967-1974), transfert tardif<br \/>\nde la culture d\u2019agit-prop sovi\u00e9tique ?<\/p>\n<p><em>Entretien avec Jo\u00ebl Chapron par Jasmine Jacq &#8211;\u00a0<\/em>Exportation et promotion internationale du cin\u00e9ma russe&#8230; ou de films russes ? (1908-2020)<\/p>\n<h3>III. \u00c9changes culturels franco-sovi\u00e9tiques\u00a0: rouages<br \/>\norganisationnels et r\u00f4le des acteurs<\/h3>\n<p><em>Marija Podzorova &#8211;\u00a0<\/em>\u00ab Il faut se pr\u00e9parer s\u00e9rieusement \u00bb : circulations de l\u2019art sovi\u00e9tique en France dans une perspective internationale dans l\u2019entre-deux-guerres<em><\/em><\/p>\n<p><em>Tatiana Trankvillitska\u00efa &#8211;\u00a0<\/em>Pierre Vorms et les autorit\u00e9s sovi\u00e9tiques : les liens d\u2019int\u00e9r\u00eat dans l\u2019entre-deux-guerres (d\u2019apr\u00e8s les archives russes)<\/p>\n<p><em>Natacha Milovzorova &#8211; <\/em>La r\u00e9ception de <em>Paris-Moscou\u00a0<\/em>(1979) : un ch\u0153ur discordant<\/p>\n<p><em>Dimitri Filimonov &#8211;\u00a0 <\/em>Inviter les artistes sovi\u00e9tiques en France entre 1953 et 1955\u00a0:<br \/>\nambition politique, action culturelle ou affaire commerciale ?<\/p>\n<h3>IV. Courants et contre-courants : impact et r\u00e9ception de la cr\u00e9ation sovi\u00e9tique en France (arts plastiques et architecture)<\/h3>\n<p><em>Samuel D\u00e9gardin &#8211;\u00a0<\/em>Influence des arts graphiques russes en France pendant l\u2019entre-deux-guerres<\/p>\n<p><em>Fabien Bellat &#8211;\u00a0<\/em>Les revues fran\u00e7aises d\u2019architecture face \u00e0 la reconstruction sovi\u00e9tique<\/p>\n<h3>Liste des sigles et acronymes<\/h3>\n<h3>Remerciements<\/h3>\n<h3>R\u00e9sum\u00e9s des articles<\/h3>\n<h3>Abstracts<\/h3>\n<h3>Notices sur les auteurs<\/h3>\n<h3>R\u00e9sum\u00e9s de th\u00e8se<\/h3>\n<p><em>Tatiana Nikitina &#8211;\u00a0<\/em>Le \u00ab ballet russe \u00bb de Marius Petipa : un exemple d\u2019hybridation culturelle<\/p>\n<p><em>Sylvia Chassaing &#8211;\u00a0 <\/em>Parcours critiques de l\u2019art contemporain \u00e0 la litt\u00e9rature : \u00e9crits d\u2019artistes en France, aux \u00c9tats-Unis et en Russie \u00e0 partir des ann\u00e9es 1990 (le cas d\u2019Aleksandr Brener)<\/p>\n","protected":false},"excerpt":{"rendered":"<div data-marker=\"__QUOTED_TEXT__\"><b><span>Editeurs scientifiques : <\/span><\/b><em>Jasmine Jacq &amp;\u00a0Tatiana Trankvillitska\u00efa<\/em><\/div>\n<div data-marker=\"__QUOTED_TEXT__\"><strong>ISBN : <\/strong>979-10-93090-13-9<\/div>\n<div data-marker=\"__QUOTED_TEXT__\">370 p.<\/div>\n","protected":false},"featured_media":606,"template":"","meta":[],"product_brand":[],"product_cat":[],"product_tag":[],"class_list":{"0":"post-605","1":"product","2":"type-product","3":"status-publish","4":"has-post-thumbnail","7":"first","8":"instock","9":"shipping-taxable","10":"purchasable","11":"product-type-simple"},"_links":{"self":[{"href":"https:\/\/blogs.univ-tlse2.fr\/slavica-boutique\/wp-json\/wp\/v2\/product\/605","targetHints":{"allow":["GET"]}}],"collection":[{"href":"https:\/\/blogs.univ-tlse2.fr\/slavica-boutique\/wp-json\/wp\/v2\/product"}],"about":[{"href":"https:\/\/blogs.univ-tlse2.fr\/slavica-boutique\/wp-json\/wp\/v2\/types\/product"}],"wp:featuredmedia":[{"embeddable":true,"href":"https:\/\/blogs.univ-tlse2.fr\/slavica-boutique\/wp-json\/wp\/v2\/media\/606"}],"wp:attachment":[{"href":"https:\/\/blogs.univ-tlse2.fr\/slavica-boutique\/wp-json\/wp\/v2\/media?parent=605"}],"wp:term":[{"taxonomy":"product_brand","embeddable":true,"href":"https:\/\/blogs.univ-tlse2.fr\/slavica-boutique\/wp-json\/wp\/v2\/product_brand?post=605"},{"taxonomy":"product_cat","embeddable":true,"href":"https:\/\/blogs.univ-tlse2.fr\/slavica-boutique\/wp-json\/wp\/v2\/product_cat?post=605"},{"taxonomy":"product_tag","embeddable":true,"href":"https:\/\/blogs.univ-tlse2.fr\/slavica-boutique\/wp-json\/wp\/v2\/product_tag?post=605"}],"curies":[{"name":"wp","href":"https:\/\/api.w.org\/{rel}","templated":true}]}}