 {"id":644,"date":"2023-09-10T22:23:29","date_gmt":"2023-09-10T20:23:29","guid":{"rendered":"https:\/\/blogs.univ-tlse2.fr\/slavica-boutique\/?post_type=product&#038;p=644"},"modified":"2023-09-10T22:23:29","modified_gmt":"2023-09-10T20:23:29","slug":"revue-n-57-lart-dagit-prop-revolution-et-ideologie-au-theatre-et-au-cinema","status":"publish","type":"product","link":"https:\/\/blogs.univ-tlse2.fr\/slavica-boutique\/produit\/revue-n-57-lart-dagit-prop-revolution-et-ideologie-au-theatre-et-au-cinema\/","title":{"rendered":"Revue n\u00b0 57 \u2013 L&rsquo;art d\u2019agit-prop : r\u00e9volution et id\u00e9ologie au th\u00e9\u00e2tre et au cin\u00e9ma"},"content":{"rendered":"<h3>Introduction<\/h3>\n<p><em>H\u00e9l\u00e8ne Beauchamp &amp; Sylvain Dreyer<\/em> &#8211; Introduction<\/p>\n<h3>I. Origines : l\u2019agit-prop sovi\u00e9tique<\/h3>\n<p><em>Lucie Kempf<\/em> &#8211; Le th\u00e9\u00e2tre d&rsquo;agit-prop en URSS (1918-1930)<\/p>\n<p><em>Victor Barbat<\/em> &#8211; Faire l\u2019actualit\u00e9 en Union sovi\u00e9tique. Les r\u00e9dactions mobiles \u00e0 l\u2019heure du Grand tournant, 1931-1933<\/p>\n<p><em>Marion Poirson-Dechonne <\/em>&#8211; Les d\u00e9buts du cin\u00e9ma d\u2019animation en URSS, entre propagande et d\u00e9marche artistique<\/p>\n<p><em>Delphine Rumeau <\/em>&#8211; Agit-prop whitmanienne \u00e0 Petrograd<\/p>\n<h3>II. Exportations : l\u2019agit-prop \u00e0 l\u2019\u00e9tranger<\/h3>\n<p><em>L\u00e9onor Delaunay <\/em>&#8211; Correspondances ouvri\u00e8res sur sc\u00e8ne. Reportages et spectacles du monde industriel au th\u00e9\u00e2tre dans les ann\u00e9es 1920-1930.<\/p>\n<p><em>H\u00e9l\u00e8ne Beauchamp <\/em>&#8211; Un groupe d\u2019agit-prop pendant la guerre d\u2019Espagne. Les exp\u00e9rimentations \u00e9clectiques d\u2019Altavoz del frente<\/p>\n<p><em>Anne Pellus<\/em> &#8211; Entre deux feux. Modernisme et activisme du New Dance Group aux \u00c9tats-Unis<\/p>\n<h3>III. R\u00e9activations : l\u2019agit-prop en 1968 et apr\u00e8s<\/h3>\n<p><em>Joaquin Manzi<\/em> &#8211; Trois formes d&rsquo;agit-prop cin\u00e9matographique dans les Am\u00e9riques de 1968<\/p>\n<p><em>Sylvain Dreyer<\/em> &#8211; Vertov, Godard, Mao. R\u00e9activations du cin\u00e9ma d\u2019agit-prop en France apr\u00e8s Mai 68<\/p>\n<p><em>Federico Lancialonga &#8211; <\/em>Th\u00e9\u00e2tre et cin\u00e9ma <em>di strada<\/em> dans l\u2019Italie de l\u2019apr\u00e8s-1968 : l\u2019agit-prop de Gian Maria Volont\u00e9<\/p>\n<p><em>David Faroult<\/em> &#8211; <em>Touche pas \u00e0 la femme blanche<\/em> (Marco Ferreri, 1974) : entre western \u00ab gauchiste \u00bb et farce d\u2019agit-prop<\/p>\n<h3>IV. Aujourd\u2019hui : actualit\u00e9 de l\u2019agit-prop<\/h3>\n<p><em>Eliane Beaufils<\/em> &#8211; Performances agitatives en lutte contre le r\u00e9chauffement climatique<\/p>\n<p><em>Muriel Plana &amp; Karine Saroh<\/em> &#8211; R\u00e9actualisation ambivalente de l&rsquo;agit-prop dans la cr\u00e9ation f\u00e9ministe contemporaine : <em>Contra<\/em> de Laura Murphy et <em>Les Petits Bonnets<\/em> de Pascaline Herveet<\/p>\n<p><em>S\u00e9bastien Layerle<\/em> &#8211; \u00ab Enrichir les formes de luttes par l\u2019imaginaire \u00bb. L\u2019activisme participatif des Scotcheuses \u00e0 Notre-Dame-des-Landes<\/p>\n<h3>R\u00c9SUM\u00c9S DES ARTICLES<\/h3>\n<h3>ABSTRACTS<\/h3>\n<h3>NOTICES SUR LES AUTEURS<\/h3>\n<h3>NOTES DE LECTURES<\/h3>\n<p><em>Emmanuel Waegemans &#8211; <\/em>Nikola\u00ef Karamzine, <em>Lettres d\u2019un voyageur russe<\/em>, introduction, traduction, notes et commentaires de Rodolphe Baudin (2022)<\/p>\n<p><em>Roger Comtet <\/em> &#8211; Alexandre Potebnja, <em>La pens\u00e9e et le langage<\/em>, traduit du russe par Patrick S\u00e9riot et Margarita Sch\u00f6nenberger, pr\u00e9face de Patrick S\u00e9riot (2022)<\/p>\n<p><em>Fran\u00e7ois Bompaire<\/em> &#8211; C\u00e9cile Vargafitg, <em>En URSS avec Gide. Mon journal<\/em> (2021)<br \/>\nAndr\u00e9 Gide, <em>Retour de l\u2019URSS suivi de Retouches \u00e0 mon \u00ab Retour de l\u2019URSS\u00bb<\/em>, pr\u00e9f. de Sophie Coeur\u00e9 (2022)<\/p>\n<p><em>Katja Doose<\/em> &#8211; Thane Gustafson, <em>Klimat. Russia in the Age of Climate Change<\/em> (2021)<\/p>\n<p><em>Irina Kantarbaeva-Bill<\/em> &#8211; Svetlana Gorshenina, Sergei Abashin, Bruno De Cordier &amp; Tatiana Saburova (\u00e9d.), <em>Photographing Central Asia: From the Periphery of the Russian Empire to Global Presence<\/em> (2022)<\/p>\n<p><em>Philippe Rochard<\/em> &#8211; Ekaterina Gloriozova, <em>Le football en Russie. Anatomie d\u2019une passion politique<\/em> (2021)<\/p>\n","protected":false},"excerpt":{"rendered":"<div data-marker=\"__QUOTED_TEXT__\"><b><span>Editeurs scientifiques : <\/span><\/b><em>H\u00e9l\u00e8ne Beauchamp &amp;\u00a0Sylvain Dreyer<\/em><\/div>\n<div data-marker=\"__QUOTED_TEXT__\"><strong>ISBN : <\/strong>979-10-93090-15-3<\/div>\n<div data-marker=\"__QUOTED_TEXT__\">353 p.<\/div>\n","protected":false},"featured_media":646,"template":"","meta":[],"product_brand":[],"product_cat":[],"product_tag":[],"class_list":{"0":"post-644","1":"product","2":"type-product","3":"status-publish","4":"has-post-thumbnail","7":"first","8":"instock","9":"shipping-taxable","10":"purchasable","11":"product-type-simple"},"_links":{"self":[{"href":"https:\/\/blogs.univ-tlse2.fr\/slavica-boutique\/wp-json\/wp\/v2\/product\/644","targetHints":{"allow":["GET"]}}],"collection":[{"href":"https:\/\/blogs.univ-tlse2.fr\/slavica-boutique\/wp-json\/wp\/v2\/product"}],"about":[{"href":"https:\/\/blogs.univ-tlse2.fr\/slavica-boutique\/wp-json\/wp\/v2\/types\/product"}],"wp:featuredmedia":[{"embeddable":true,"href":"https:\/\/blogs.univ-tlse2.fr\/slavica-boutique\/wp-json\/wp\/v2\/media\/646"}],"wp:attachment":[{"href":"https:\/\/blogs.univ-tlse2.fr\/slavica-boutique\/wp-json\/wp\/v2\/media?parent=644"}],"wp:term":[{"taxonomy":"product_brand","embeddable":true,"href":"https:\/\/blogs.univ-tlse2.fr\/slavica-boutique\/wp-json\/wp\/v2\/product_brand?post=644"},{"taxonomy":"product_cat","embeddable":true,"href":"https:\/\/blogs.univ-tlse2.fr\/slavica-boutique\/wp-json\/wp\/v2\/product_cat?post=644"},{"taxonomy":"product_tag","embeddable":true,"href":"https:\/\/blogs.univ-tlse2.fr\/slavica-boutique\/wp-json\/wp\/v2\/product_tag?post=644"}],"curies":[{"name":"wp","href":"https:\/\/api.w.org\/{rel}","templated":true}]}}